CRAN Package Check Results for Package batman

Last updated on 2020-12-04 00:48:16 CET.

Flavor Version Tinstall Tcheck Ttotal Status Flags
r-devel-linux-x86_64-debian-clang 0.1.0 26.86 27.97 54.83 OK
r-devel-linux-x86_64-debian-gcc 0.1.0 14.63 23.35 37.98 OK
r-devel-linux-x86_64-fedora-clang 0.1.0 77.64 NOTE
r-devel-linux-x86_64-fedora-gcc 0.1.0 60.98 NOTE
r-devel-windows-ix86+x86_64 0.1.0 59.00 67.00 126.00 OK
r-patched-linux-x86_64 0.1.0 18.18 27.53 45.71 OK
r-patched-solaris-x86 0.1.0 72.40 NOTE
r-release-linux-x86_64 0.1.0 17.69 26.87 44.56 OK
r-release-macos-x86_64 0.1.0 NOTE
r-release-windows-ix86+x86_64 0.1.0 47.00 56.00 103.00 OK
r-oldrel-macos-x86_64 0.1.0 NOTE
r-oldrel-windows-ix86+x86_64 0.1.0 42.00 64.00 106.00 OK

Check Details

Version: 0.1.0
Check: data for non-ASCII characters
Result: NOTE
     Note: found 19 marked UTF-8 strings
Flavors: r-devel-linux-x86_64-fedora-clang, r-devel-linux-x86_64-fedora-gcc, r-patched-solaris-x86, r-release-macos-x86_64, r-oldrel-macos-x86_64

Version: 0.1.0
Check: compiled code
Result: NOTE
    File ‘batman/libs/batman.so’:
     Found no calls to: ‘R_registerRoutines’, ‘R_useDynamicSymbols’
    
    It is good practice to register native routines and to disable symbol
    search.
    
    See ‘Writing portable packages’ in the ‘Writing R Extensions’ manual.
Flavors: r-devel-linux-x86_64-fedora-clang, r-devel-linux-x86_64-fedora-gcc