CRAN Package Check Results for Package batade

Last updated on 2020-12-04 00:48:16 CET.

Flavor Version Tinstall Tcheck Ttotal Status Flags
r-devel-linux-x86_64-debian-clang 0.1 2.41 20.00 22.41 NOTE
r-devel-linux-x86_64-debian-gcc 0.1 2.14 18.03 20.17 NOTE
r-devel-linux-x86_64-fedora-clang 0.1 33.47 NOTE
r-devel-linux-x86_64-fedora-gcc 0.1 23.69 NOTE
r-devel-windows-ix86+x86_64 0.1 4.00 33.00 37.00 NOTE
r-patched-linux-x86_64 0.1 2.23 20.48 22.71 NOTE
r-patched-solaris-x86 0.1 38.00 NOTE
r-release-linux-x86_64 0.1 2.19 19.86 22.05 NOTE
r-release-macos-x86_64 0.1 NOTE
r-release-windows-ix86+x86_64 0.1 3.00 33.00 36.00 NOTE
r-oldrel-macos-x86_64 0.1 NOTE
r-oldrel-windows-ix86+x86_64 0.1 3.00 37.00 40.00 NOTE

Check Details

Version: 0.1
Check: dependencies in R code
Result: NOTE
    'library' or 'require' call to 'hwriter' which was already attached by Depends.
     Please remove these calls from your code.
Flavors: r-devel-linux-x86_64-debian-clang, r-devel-linux-x86_64-debian-gcc, r-devel-linux-x86_64-fedora-clang, r-devel-linux-x86_64-fedora-gcc, r-devel-windows-ix86+x86_64, r-patched-linux-x86_64, r-patched-solaris-x86, r-release-linux-x86_64, r-release-macos-x86_64, r-release-windows-ix86+x86_64, r-oldrel-macos-x86_64, r-oldrel-windows-ix86+x86_64

Version: 0.1
Check: Rd files
Result: NOTE
    prepare_Rd: mkhtml.Rd:31-33: Dropping empty section \details
    prepare_Rd: mkhtml.Rd:43-45: Dropping empty section \note
    prepare_Rd: mkhtml.Rd:40-42: Dropping empty section \author
    prepare_Rd: mkhtml.Rd:37-39: Dropping empty section \references
    prepare_Rd: mkhtml.Rd:49-51: Dropping empty section \seealso
Flavors: r-devel-linux-x86_64-debian-clang, r-devel-linux-x86_64-debian-gcc, r-devel-linux-x86_64-fedora-clang, r-devel-linux-x86_64-fedora-gcc, r-devel-windows-ix86+x86_64, r-patched-linux-x86_64, r-patched-solaris-x86, r-release-linux-x86_64, r-release-macos-x86_64, r-release-windows-ix86+x86_64, r-oldrel-macos-x86_64, r-oldrel-windows-ix86+x86_64

Version: 0.1
Check: for non-standard things in the check directory
Result: NOTE
    Found the following files/directories:
     'sample.html' 'sample.png'
Flavors: r-devel-linux-x86_64-debian-clang, r-devel-linux-x86_64-debian-gcc, r-devel-linux-x86_64-fedora-clang, r-devel-linux-x86_64-fedora-gcc, r-patched-linux-x86_64, r-patched-solaris-x86, r-release-linux-x86_64