Last updated on 2020-12-04 00:48:16 CET.
Flavor | Version | Tinstall | Tcheck | Ttotal | Status | Flags |
---|---|---|---|---|---|---|
r-devel-linux-x86_64-debian-clang | 1.1-2 | 61.44 | 348.45 | 409.89 | OK | |
r-devel-linux-x86_64-debian-gcc | 1.1-2 | 52.68 | 256.64 | 309.32 | OK | |
r-devel-linux-x86_64-fedora-clang | 1.1-2 | 496.05 | NOTE | |||
r-devel-linux-x86_64-fedora-gcc | 1.1-2 | 508.55 | NOTE | |||
r-devel-windows-ix86+x86_64 | 1.1-2 | 107.00 | 424.00 | 531.00 | OK | |
r-patched-linux-x86_64 | 1.1-2 | 58.17 | 318.60 | 376.77 | OK | |
r-patched-solaris-x86 | 1.1-2 | 579.70 | NOTE | |||
r-release-linux-x86_64 | 1.1-2 | 68.66 | 315.33 | 383.99 | OK | |
r-release-macos-x86_64 | 1.1-2 | NOTE | ||||
r-release-windows-ix86+x86_64 | 1.1-2 | 77.00 | 339.00 | 416.00 | OK | |
r-oldrel-macos-x86_64 | 1.1-2 | NOTE | ||||
r-oldrel-windows-ix86+x86_64 | 1.1-2 | 82.00 | 409.00 | 491.00 | OK |
Version: 1.1-2
Check: dependencies in R code
Result: NOTE
Namespace in Imports field not imported from: ‘raster’
All declared Imports should be used.
Flavors: r-devel-linux-x86_64-fedora-clang, r-devel-linux-x86_64-fedora-gcc, r-patched-solaris-x86, r-release-macos-x86_64
Version: 1.1-2
Check: dependencies in R code
Result: NOTE
No protocol specified
No protocol specified
Namespace in Imports field not imported from: ‘raster’
All declared Imports should be used.
Flavor: r-oldrel-macos-x86_64