Last updated on 2020-12-04 00:48:16 CET.
Flavor | Version | Tinstall | Tcheck | Ttotal | Status | Flags |
---|---|---|---|---|---|---|
r-devel-linux-x86_64-debian-clang | 0.2.4 | 4.71 | 52.30 | 57.01 | OK | |
r-devel-linux-x86_64-debian-gcc | 0.2.4 | 4.05 | 40.05 | 44.10 | OK | |
r-devel-linux-x86_64-fedora-clang | 0.2.4 | 75.38 | OK | |||
r-devel-linux-x86_64-fedora-gcc | 0.2.4 | 63.58 | OK | |||
r-devel-windows-ix86+x86_64 | 0.2.4 | 11.00 | 74.00 | 85.00 | OK | |
r-patched-linux-x86_64 | 0.2.4 | 4.23 | 50.66 | 54.89 | OK | |
r-patched-solaris-x86 | 0.2.4 | 90.30 | OK | |||
r-release-linux-x86_64 | 0.2.4 | 4.32 | 51.51 | 55.83 | OK | |
r-release-macos-x86_64 | 0.2.4 | NOTE | ||||
r-release-windows-ix86+x86_64 | 0.2.4 | 8.00 | 52.00 | 60.00 | OK | |
r-oldrel-macos-x86_64 | 0.2.4 | NOTE | ||||
r-oldrel-windows-ix86+x86_64 | 0.2.4 | 6.00 | 76.00 | 82.00 | OK |
Version: 0.2.4
Check: package dependencies
Result: NOTE
Package suggested but not available for checking: ‘philr’
Flavors: r-release-macos-x86_64, r-oldrel-macos-x86_64