CRAN Package Check Results for Package baitmet

Last updated on 2020-12-04 00:48:16 CET.

Flavor Version Tinstall Tcheck Ttotal Status Flags
r-devel-linux-x86_64-debian-clang 1.0.1 12.59 95.96 108.55 NOTE
r-devel-linux-x86_64-debian-gcc 1.0.1 8.95 72.17 81.12 NOTE
r-devel-linux-x86_64-fedora-clang 1.0.1 133.53 NOTE
r-devel-linux-x86_64-fedora-gcc 1.0.1 124.16 NOTE
r-devel-windows-ix86+x86_64 1.0.1 25.00 113.00 138.00 NOTE
r-patched-linux-x86_64 1.0.1 10.27 88.00 98.27 NOTE
r-patched-solaris-x86 1.0.1 161.40 NOTE
r-release-linux-x86_64 1.0.1 12.98 88.15 101.13 NOTE
r-release-macos-x86_64 1.0.1 NOTE
r-release-windows-ix86+x86_64 1.0.1 20.00 118.00 138.00 NOTE
r-oldrel-macos-x86_64 1.0.1 NOTE
r-oldrel-windows-ix86+x86_64 1.0.1 19.00 107.00 126.00 NOTE

Check Details

Version: 1.0.1
Check: package dependencies
Result: NOTE
    Package suggested but not available for checking: 'mzR'
Flavors: r-devel-linux-x86_64-debian-clang, r-devel-linux-x86_64-fedora-clang, r-patched-solaris-x86, r-oldrel-macos-x86_64

Version: 1.0.1
Check: dependencies in R code
Result: NOTE
    Unexported objects imported by ':::' calls:
     'erah:::avoid.processing' 'erah:::convertMSPspectra'
     'erah:::convertMSPspectra.dot' 'erah:::getC.rq' 'erah:::getS.OSD'
     'erah:::load.file' 'erah:::pre.process' 'erah:::sparse.to.vector'
     See the note in ?`:::` about the use of this operator.
Flavors: r-devel-linux-x86_64-debian-clang, r-devel-linux-x86_64-debian-gcc, r-devel-linux-x86_64-fedora-clang, r-devel-linux-x86_64-fedora-gcc, r-devel-windows-ix86+x86_64, r-patched-linux-x86_64, r-patched-solaris-x86, r-release-linux-x86_64, r-release-macos-x86_64, r-release-windows-ix86+x86_64, r-oldrel-windows-ix86+x86_64