CRAN Package Check Results for Package babynames

Last updated on 2020-12-04 00:48:16 CET.

Flavor Version Tinstall Tcheck Ttotal Status Flags
r-devel-linux-x86_64-debian-clang 1.0.0 13.62 41.82 55.44 OK
r-devel-linux-x86_64-debian-gcc 1.0.0 12.20 35.34 47.54 OK
r-devel-linux-x86_64-fedora-clang 1.0.0 77.00 NOTE
r-devel-linux-x86_64-fedora-gcc 1.0.0 66.22 OK
r-devel-windows-ix86+x86_64 1.0.0 20.00 61.00 81.00 NOTE
r-patched-linux-x86_64 1.0.0 12.25 41.72 53.97 OK
r-patched-solaris-x86 1.0.0 116.40 NOTE
r-release-linux-x86_64 1.0.0 11.77 41.77 53.54 OK
r-release-macos-x86_64 1.0.0 NOTE
r-release-windows-ix86+x86_64 1.0.0 18.00 47.00 65.00 NOTE
r-oldrel-macos-x86_64 1.0.0 NOTE
r-oldrel-windows-ix86+x86_64 1.0.0 18.00 59.00 77.00 NOTE

Check Details

Version: 1.0.0
Check: installed package size
Result: NOTE
     installed size is 9.5Mb
     sub-directories of 1Mb or more:
     data 9.4Mb
Flavors: r-devel-linux-x86_64-fedora-clang, r-devel-windows-ix86+x86_64, r-patched-solaris-x86, r-release-macos-x86_64, r-release-windows-ix86+x86_64, r-oldrel-macos-x86_64, r-oldrel-windows-ix86+x86_64