Last updated on 2020-12-04 00:48:16 CET.
Flavor | Version | Tinstall | Tcheck | Ttotal | Status | Flags |
---|---|---|---|---|---|---|
r-devel-linux-x86_64-debian-clang | 1.0.2 | 8.28 | 110.75 | 119.03 | NOTE | |
r-devel-linux-x86_64-debian-gcc | 1.0.2 | 7.60 | 83.66 | 91.26 | NOTE | |
r-devel-linux-x86_64-fedora-clang | 1.0.2 | 144.38 | NOTE | |||
r-devel-linux-x86_64-fedora-gcc | 1.0.2 | 136.35 | NOTE | |||
r-devel-windows-ix86+x86_64 | 1.0.2 | 16.00 | 150.00 | 166.00 | NOTE | |
r-patched-linux-x86_64 | 1.0.2 | 8.47 | 105.24 | 113.71 | NOTE | |
r-patched-solaris-x86 | 1.0.2 | 198.90 | NOTE | |||
r-release-linux-x86_64 | 1.0.2 | 8.33 | 105.72 | 114.05 | NOTE | |
r-release-macos-x86_64 | 1.0.2 | NOTE | ||||
r-release-windows-ix86+x86_64 | 1.0.2 | 12.00 | 121.00 | 133.00 | NOTE | |
r-oldrel-macos-x86_64 | 1.0.2 | OK | ||||
r-oldrel-windows-ix86+x86_64 | 1.0.2 | 11.00 | 146.00 | 157.00 | NOTE |
Version: 1.0.2
Check: dependencies in R code
Result: NOTE
Unexported objects imported by ':::' calls:
'warbleR:::img_wrlbr_int' 'warbleR:::spectro_wrblr_int2'
See the note in ?`:::` about the use of this operator.
Flavors: r-devel-linux-x86_64-debian-clang, r-devel-linux-x86_64-debian-gcc, r-devel-linux-x86_64-fedora-clang, r-devel-linux-x86_64-fedora-gcc, r-devel-windows-ix86+x86_64, r-patched-linux-x86_64, r-patched-solaris-x86, r-release-linux-x86_64, r-release-macos-x86_64, r-release-windows-ix86+x86_64, r-oldrel-windows-ix86+x86_64
Version: 1.0.2
Check: Rd cross-references
Result: NOTE
Undeclared package ‘Rraven’ in Rd xrefs
Flavor: r-devel-linux-x86_64-fedora-clang