CRAN Package Check Results for Package bRacatus

Last updated on 2020-12-04 00:48:18 CET.

Flavor Version Tinstall Tcheck Ttotal Status Flags
r-devel-linux-x86_64-debian-clang 1.0.0 17.28 214.20 231.48 WARN
r-devel-linux-x86_64-debian-gcc 1.0.0 13.72 163.70 177.42 WARN
r-devel-linux-x86_64-fedora-clang 1.0.0 195.04 WARN
r-devel-linux-x86_64-fedora-gcc 1.0.0 222.41 WARN
r-devel-windows-ix86+x86_64 1.0.0 49.00 462.00 511.00 OK
r-patched-linux-x86_64 1.0.0 16.29 207.72 224.01 WARN
r-patched-solaris-x86 1.0.0 397.10 WARN
r-release-linux-x86_64 1.0.0 15.06 207.24 222.30 WARN
r-release-macos-x86_64 1.0.0 NOTE
r-release-windows-ix86+x86_64 1.0.0 37.00 362.00 399.00 OK
r-oldrel-macos-x86_64 1.0.0 NOTE
r-oldrel-windows-ix86+x86_64 1.0.0 46.00 442.00 488.00 OK

Check Details

Version: 1.0.0
Check: re-building of vignette outputs
Result: WARN
    Error(s) in re-building vignettes:
     ...
    --- re-building 'Using_bRacatus.Rmd' using rmarkdown
    Error in (function (x) : attempt to apply non-function
    Error in (function (x) : attempt to apply non-function
    Error in x$.self$finalize() : attempt to apply non-function
    Error in x$.self$finalize() : attempt to apply non-function
    Error in x$.self$finalize() : attempt to apply non-function
    Error in x$.self$finalize() : attempt to apply non-function
    Error in x$.self$finalize() : attempt to apply non-function
    Error in x$.self$finalize() : attempt to apply non-function
    Error in x$.self$finalize() : attempt to apply non-function
    Error in x$.self$finalize() : attempt to apply non-function
    Error in x$.self$finalize() : attempt to apply non-function
    Error in x$.self$finalize() : attempt to apply non-function
    Error in x$.self$finalize() : attempt to apply non-function
    Error in x$.self$finalize() : attempt to apply non-function
    Error in x$.self$finalize() : attempt to apply non-function
    Error in x$.self$finalize() : attempt to apply non-function
    Error in x$.self$finalize() : attempt to apply non-function
    Error in x$.self$finalize() : attempt to apply non-function
    Error in x$.self$finalize() : attempt to apply non-function
    Error in x$.self$finalize() : attempt to apply non-function
    Error in x$.self$finalize() : attempt to apply non-function
    Error in x$.self$finalize() : attempt to apply non-function
    Error in x$.self$finalize() : attempt to apply non-function
    Error in x$.self$finalize() : attempt to apply non-function
    Error in x$.self$finalize() : attempt to apply non-function
    Error in x$.self$finalize() : attempt to apply non-function
    Error in x$.self$finalize() : attempt to apply non-function
    Error in x$.self$finalize() : attempt to apply non-function
    Error in x$.self$finalize() : attempt to apply non-function
    Error in x$.self$finalize() : attempt to apply non-function
    Error in x$.self$finalize() : attempt to apply non-function
    Error in x$.self$finalize() : attempt to apply non-function
    Error in x$.self$finalize() : attempt to apply non-function
    Error in x$.self$finalize() : attempt to apply non-function
    Error in x$.self$finalize() : attempt to apply non-function
    Error in x$.self$finalize() : attempt to apply non-function
    Error in x$.self$finalize() : attempt to apply non-function
    Error in x$.self$finalize() : attempt to apply non-function
    Error in x$.self$finalize() : attempt to apply non-function
    Error in x$.self$finalize() : attempt to apply non-function
    Error in x$.self$finalize() : attempt to apply non-function
    Error in x$.self$finalize() : attempt to apply non-function
    Error in x$.self$finalize() : attempt to apply non-function
    Error in x$.self$finalize() : attempt to apply non-function
    Error in x$.self$finalize() : attempt to apply non-function
    Error in x$.self$finalize() : attempt to apply non-function
    Error in x$.self$finalize() : attempt to apply non-function
    Error in x$.self$finalize() : attempt to apply non-function
    Error in x$.self$finalize() : attempt to apply non-function
    Error in x$.self$finalize() : attempt to apply non-function
    Error in x$.self$finalize() : attempt to apply non-function
    Error in x$.self$finalize() : attempt to apply non-function
    Error in x$.self$finalize() : attempt to apply non-function
    Error in x$.self$finalize() : attempt to apply non-function
    Error in x$.self$finalize() : attempt to apply non-function
    Error in x$.self$finalize() : attempt to apply non-function
    Error in x$.self$finalize() : attempt to apply non-function
    Error in x$.self$finalize() : attempt to apply non-function
    Error in x$.self$finalize() : attempt to apply non-function
    Error in x$.self$finalize() : attempt to apply non-function
    Error in x$.self$finalize() : attempt to apply non-function
    Error in x$.self$finalize() : attempt to apply non-function
    Error in x$.self$finalize() : attempt to apply non-function
    Error in x$.self$finalize() : attempt to apply non-function
    Error in x$.self$finalize() : attempt to apply non-function
    Error in x$.self$finalize() : attempt to apply non-function
    Error in x$.self$finalize() : attempt to apply non-function
    Error in x$.self$finalize() : attempt to apply non-function
    Error in x$.self$finalize() : attempt to apply non-function
    Error in x$.self$finalize() : attempt to apply non-function
    Error in x$.self$finalize() : attempt to apply non-function
    Error in x$.self$finalize() : attempt to apply non-function
    Error in x$.self$finalize() : attempt to apply non-function
    Error in x$.self$finalize() : attempt to apply non-function
    Error in x$.self$finalize() : attempt to apply non-function
    Error in x$.self$finalize() : attempt to apply non-function
    Error in x$.self$finalize() : attempt to apply non-function
    Error in x$.self$finalize() : attempt to apply non-function
    Error in x$.self$finalize() : attempt to apply non-function
    Error in x$.self$finalize() : attempt to apply non-function
    Error in x$.self$finalize() : attempt to apply non-function
    Error in x$.self$finalize() : attempt to apply non-function
    Error in x$.self$finalize() : attempt to apply non-function
    Error in x$.self$finalize() : attempt to apply non-function
    Error in x$.self$finalize() : attempt to apply non-function
    Error in x$.self$finalize() : attempt to apply non-function
    Error in x$.self$finalize() : attempt to apply non-function
    Error in x$.self$finalize() : attempt to apply non-function
    Error in x$.self$finalize() : attempt to apply non-function
    Error in x$.self$finalize() : attempt to apply non-function
    Error in x$.self$finalize() : attempt to apply non-function
    Error in x$.self$finalize() : attempt to apply non-function
    Error in x$.self$finalize() : attempt to apply non-function
    Error in x$.self$finalize() : attempt to apply non-function
    Error in x$.self$finalize() : attempt to apply non-function
    Error in x$.self$finalize() : attempt to apply non-function
    Error in x$.self$finalize() : attempt to apply non-function
    Error in x$.self$finalize() : attempt to apply non-function
    Error in x$.self$finalize() : attempt to apply non-function
    Error in x$.self$finalize() : attempt to apply non-function
    Error in x$.self$finalize() : attempt to apply non-function
    Error in x$.self$finalize() : attempt to apply non-function
    Error in x$.self$finalize() : attempt to apply non-function
    Error in x$.self$finalize() : attempt to apply non-function
    Error in x$.self$finalize() : attempt to apply non-function
    Error in x$.self$finalize() : attempt to apply non-function
    Error in x$.self$finalize() : attempt to apply non-function
    Error in x$.self$finalize() : attempt to apply non-function
    Error in x$.self$finalize() : attempt to apply non-function
    Error in x$.self$finalize() : attempt to apply non-function
    Error in x$.self$finalize() : attempt to apply non-function
    Error in x$.self$finalize() : attempt to apply non-function
    Error in x$.self$finalize() : attempt to apply non-function
    Error in x$.self$finalize() : attempt to apply non-function
    Error in x$.self$finalize() : attempt to apply non-function
    Error in x$.self$finalize() : attempt to apply non-function
    Error in x$.self$finalize() : attempt to apply non-function
    Error in x$.self$finalize() : attempt to apply non-function
    Error in x$.self$finalize() : attempt to apply non-function
    Error in x$.self$finalize() : attempt to apply non-function
    Error in x$.self$finalize() : attempt to apply non-function
    Error in x$.self$finalize() : attempt to apply non-function
    Error in x$.self$finalize() : attempt to apply non-function
    Error in x$.self$finalize() : attempt to apply non-function
    Error in x$.self$finalize() : attempt to apply non-function
    Error in x$.self$finalize() : attempt to apply non-function
    Error in x$.self$finalize() : attempt to apply non-function
    Error in x$.self$finalize() : attempt to apply non-function
    Error in x$.self$finalize() : attempt to apply non-function
    Error in x$.self$finalize() : attempt to apply non-function
    Error in x$.self$finalize() : attempt to apply non-function
    Error in x$.self$finalize() : attempt to apply non-function
    Error in x$.self$finalize() : attempt to apply non-function
    Error in x$.self$finalize() : attempt to apply non-function
    Error in x$.self$finalize() : attempt to apply non-function
    Error in x$.self$finalize() : attempt to apply non-function
    Error in x$.self$finalize() : attempt to apply non-function
    Error in x$.self$finalize() : attempt to apply non-function
    Error in x$.self$finalize() : attempt to apply non-function
    Error in x$.self$finalize() : attempt to apply non-function
    Error in x$.self$finalize() : attempt to apply non-function
    Error in x$.self$finalize() : attempt to apply non-function
    Error in x$.self$finalize() : attempt to apply non-function
    Error in x$.self$finalize() : attempt to apply non-function
    Error in x$.self$finalize() : attempt to apply non-function
    Error in x$.self$finalize() : attempt to apply non-function
    Error in x$.self$finalize() : attempt to apply non-function
    Error in x$.self$finalize() : attempt to apply non-function
    Error in x$.self$finalize() : attempt to apply non-function
    Error in x$.self$finalize() : attempt to apply non-function
    Error in x$.self$finalize() : attempt to apply non-function
    Error in x$.self$finalize() : attempt to apply non-function
    Error in x$.self$finalize() : attempt to apply non-function
    Error in x$.self$finalize() : attempt to apply non-function
    Error in x$.self$finalize() : attempt to apply non-function
    Error in x$.self$finalize() : attempt to apply non-function
    Error in x$.self$finalize() : attempt to apply non-function
    Error in x$.self$finalize() : attempt to apply non-function
    Error in x$.self$finalize() : attempt to apply non-function
    Error in x$.self$finalize() : attempt to apply non-function
    Error in x$.self$finalize() : attempt to apply non-function
    Error in x$.self$finalize() : attempt to apply non-function
    Error in x$.self$finalize() : attempt to apply non-function
    Error in x$.self$finalize() : attempt to apply non-function
    Error in x$.self$finalize() : attempt to apply non-function
    Error in x$.self$finalize() : attempt to apply non-function
    Error in x$.self$finalize() : attempt to apply non-function
    Error in x$.self$finalize() : attempt to apply non-function
    Error in x$.self$finalize() : attempt to apply non-function
    Error in x$.self$finalize() : attempt to apply non-function
    Error in x$.self$finalize() : attempt to apply non-function
    Error in x$.self$finalize() : attempt to apply non-function
    Error in x$.self$finalize() : attempt to apply non-function
    Error in x$.self$finalize() : attempt to apply non-function
    Error in x$.self$finalize() : attempt to apply non-function
    Error in x$.self$finalize() : attempt to apply non-function
    Error in x$.self$finalize() : attempt to apply non-function
    Error in x$.self$finalize() : attempt to apply non-function
    Error in x$.self$finalize() : attempt to apply non-function
    Error in x$.self$finalize() : attempt to apply non-function
    Error in x$.self$finalize() : attempt to apply non-function
    Error in x$.self$finalize() : attempt to apply non-function
    Error in x$.self$finalize() : attempt to apply non-function
    Error in x$.self$finalize() : attempt to apply non-function
    Error in x$.self$finalize() : attempt to apply non-function
    Error in x$.self$finalize() : attempt to apply non-function
    Error in x$.self$finalize() : attempt to apply non-function
    Error in x$.self$finalize() : attempt to apply non-function
    Error in x$.self$finalize() : attempt to apply non-function
    Error in x$.self$finalize() : attempt to apply non-function
    Error in x$.self$finalize() : attempt to apply non-function
    Error in x$.self$finalize() : attempt to apply non-function
    Error in x$.self$finalize() : attempt to apply non-function
    Error in x$.self$finalize() : attempt to apply non-function
    Error in x$.self$finalize() : attempt to apply non-function
    Error in x$.self$finalize() : attempt to apply non-function
    Error in x$.self$finalize() : attempt to apply non-function
    Error in x$.self$finalize() : attempt to apply non-function
    Error in x$.self$finalize() : attempt to apply non-function
    Error in x$.self$finalize() : attempt to apply non-function
    Error in x$.self$finalize() : attempt to apply non-function
    Error in x$.self$finalize() : attempt to apply non-function
    Error in x$.self$finalize() : attempt to apply non-function
    Error in x$.self$finalize() : attempt to apply non-function
    Error in x$.self$finalize() : attempt to apply non-function
    Error in x$.self$finalize() : attempt to apply non-function
    Error in x$.self$finalize() : attempt to apply non-function
    Error in x$.self$finalize() : attempt to apply non-function
    Error in x$.self$finalize() : attempt to apply non-function
    Error in x$.self$finalize() : attempt to apply non-function
    Error in x$.self$finalize() : attempt to apply non-function
    Error in x$.self$finalize() : attempt to apply non-function
    Error in x$.self$finalize() : attempt to apply non-function
    Error in x$.self$finalize() : attempt to apply non-function
    Error in x$.self$finalize() : attempt to apply non-function
    Error in x$.self$finalize() : attempt to apply non-function
    Error in x$.self$finalize() : attempt to apply non-function
    Error in x$.self$finalize() : attempt to apply non-function
    Error in x$.self$finalize() : attempt to apply non-function
    Error in x$.self$finalize() : attempt to apply non-function
    Error in x$.self$finalize() : attempt to apply non-function
    Error in x$.self$finalize() : attempt to apply non-function
    Error in x$.self$finalize() : attempt to apply non-function
    Error in x$.self$finalize() : attempt to apply non-function
    Error in x$.self$finalize() : attempt to apply non-function
    Error in x$.self$finalize() : attempt to apply non-function
    Error in x$.self$finalize() : attempt to apply non-function
    Error in x$.self$finalize() : attempt to apply non-function
    Error in x$.self$finalize() : attempt to apply non-function
    Error in x$.self$finalize() : attempt to apply non-function
    Error in x$.self$finalize() : attempt to apply non-function
    Error in x$.self$finalize() : attempt to apply non-function
    Error in x$.self$finalize() : attempt to apply non-function
    Error in x$.self$finalize() : attempt to apply non-function
    Error in x$.self$finalize() : attempt to apply non-function
    Error in x$.self$finalize() : attempt to apply non-function
    Error in x$.self$finalize() : attempt to apply non-function
    Error in x$.self$finalize() : attempt to apply non-function
    Error in x$.self$finalize() : attempt to apply non-function
    Error in x$.self$finalize() : attempt to apply non-function
    Error in x$.self$finalize() : attempt to apply non-function
    Error in x$.self$finalize() : attempt to apply non-function
    Error in x$.self$finalize() : attempt to apply non-function
    Error in x$.self$finalize() : attempt to apply non-function
    Error in x$.self$finalize() : attempt to apply non-function
    Error in x$.self$finalize() : attempt to apply non-function
    Error in x$.self$finalize() : attempt to apply non-function
    Error in x$.self$finalize() : attempt to apply non-function
    Error in x$.self$finalize() : attempt to apply non-function
    Error in x$.self$finalize() : attempt to apply non-function
    Error in x$.self$finalize() : attempt to apply non-function
    Error in x$.self$finalize() : attempt to apply non-function
    Error in x$.self$finalize() : attempt to apply non-function
    Error in x$.self$finalize() : attempt to apply non-function
    Error in x$.self$finalize() : attempt to apply non-function
    Error in x$.self$finalize() : attempt to apply non-function
    Error in x$.self$finalize() : attempt to apply non-function
    Error in x$.self$finalize() : attempt to apply non-function
    Error in x$.self$finalize() : attempt to apply non-function
    Error in x$.self$finalize() : attempt to apply non-function
    Error in x$.self$finalize() : attempt to apply non-function
    Error in x$.self$finalize() : attempt to apply non-function
    Error in x$.self$finalize() : attempt to apply non-function
    Error in x$.self$finalize() : attempt to apply non-function
    Error in x$.self$finalize() : attempt to apply non-function
    Error in x$.self$finalize() : attempt to apply non-function
    Error in x$.self$finalize() : attempt to apply non-function
    Error in x$.self$finalize() : attempt to apply non-function
    Error in x$.self$finalize() : attempt to apply non-function
    Error in x$.self$finalize() : attempt to apply non-function
    Error in x$.self$finalize() : attempt to apply non-function
    Error in x$.self$finalize() : attempt to apply non-function
    Error in x$.self$finalize() : attempt to apply non-function
    Error in x$.self$finalize() : attempt to apply non-function
    Error in x$.self$finalize() : attempt to apply non-function
    Error in x$.self$finalize() : attempt to apply non-function
    Error in x$.self$finalize() : attempt to apply non-function
    Error in x$.self$finalize() : attempt to apply non-function
    Error in x$.self$finalize() : attempt to apply non-function
    Error in x$.self$finalize() : attempt to apply non-function
    Error in x$.self$finalize() : attempt to apply non-function
    Error in x$.self$finalize() : attempt to apply non-function
    Error in x$.self$finalize() : attempt to apply non-function
    Error in x$.self$finalize() : attempt to apply non-function
    Error in x$.self$finalize() : attempt to apply non-function
    Error in x$.self$finalize() : attempt to apply non-function
    Error in x$.self$finalize() : attempt to apply non-function
    Error in x$.self$finalize() : attempt to apply non-function
    Error in x$.self$finalize() : attempt to apply non-function
    Error in x$.self$finalize() : attempt to apply non-function
    Error in x$.self$finalize() : attempt to apply non-function
    Error in x$.self$finalize() : attempt to apply non-function
    Error in x$.self$finalize() : attempt to apply non-function
    Error in x$.self$finalize() : attempt to apply non-function
    Error in x$.self$finalize() : attempt to apply non-function
    Error in x$.self$finalize() : attempt to apply non-function
    Error in x$.self$finalize() : attempt to apply non-function
    Error in x$.self$finalize() : attempt to apply non-function
    Error in x$.self$finalize() : attempt to apply non-function
    Error in x$.self$finalize() : attempt to apply non-function
    Error in x$.self$finalize() : attempt to apply non-function
    Error in x$.self$finalize() : attempt to apply non-function
    Error in x$.self$finalize() : attempt to apply non-function
    Error in x$.self$finalize() : attempt to apply non-function
    Error in x$.self$finalize() : attempt to apply non-function
    Error in x$.self$finalize() : attempt to apply non-function
    Error in x$.self$finalize() : attempt to apply non-function
    Error in x$.self$finalize() : attempt to apply non-function
    Error in x$.self$finalize() : attempt to apply non-function
    Error in x$.self$finalize() : attempt to apply non-function
    Error in x$.self$finalize() : attempt to apply non-function
    Error in x$.self$finalize() : attempt to apply non-function
    Error in x$.self$finalize() : attempt to apply non-function
    Error in x$.self$finalize() : attempt to apply non-function
    Error in x$.self$finalize() : attempt to apply non-function
    Error in x$.self$finalize() : attempt to apply non-function
    Error in x$.self$finalize() : attempt to apply non-function
    Error in x$.self$finalize() : attempt to apply non-function
    Error in x$.self$finalize() : attempt to apply non-function
    Error in x$.self$finalize() : attempt to apply non-function
    Error in x$.self$finalize() : attempt to apply non-function
    Error in x$.self$finalize() : attempt to apply non-function
    Error in x$.self$finalize() : attempt to apply non-function
    Error in x$.self$finalize() : attempt to apply non-function
    Error in x$.self$finalize() : attempt to apply non-function
    Error in x$.self$finalize() : attempt to apply non-function
    Error in x$.self$finalize() : attempt to apply non-function
    Error in x$.self$finalize() : attempt to apply non-function
    Error in x$.self$finalize() : attempt to apply non-function
    Error in x$.self$finalize() : attempt to apply non-function
    Error in x$.self$finalize() : attempt to apply non-function
    Error in x$.self$finalize() : attempt to apply non-function
    Error in x$.self$finalize() : attempt to apply non-function
    Error in x$.self$finalize() : attempt to apply non-function
    Error in x$.self$finalize() : attempt to apply non-function
    Error in x$.self$finalize() : attempt to apply non-function
    Error in x$.self$finalize() : attempt to apply non-function
    Error in x$.self$finalize() : attempt to apply non-function
    Error in x$.self$finalize() : attempt to apply non-function
    Error in x$.self$finalize() : attempt to apply non-function
    Error in x$.self$finalize() : attempt to apply non-function
    Error in x$.self$finalize() : attempt to apply non-function
    Error in x$.self$finalize() : attempt to apply non-function
    Error in x$.self$finalize() : attempt to apply non-function
    Error in x$.self$finalize() : attempt to apply non-function
    Error in x$.self$finalize() : attempt to apply non-function
    Error in x$.self$finalize() : attempt to apply non-function
    Error in x$.self$finalize() : attempt to apply non-function
    Error in x$.self$finalize() : attempt to apply non-function
    Error in x$.self$finalize() : attempt to apply non-function
    Error in x$.self$finalize() : attempt to apply non-function
    Error in x$.self$finalize() : attempt to apply non-function
    Error in x$.self$finalize() : attempt to apply non-function
    Error in x$.self$finalize() : attempt to apply non-function
    Error in x$.self$finalize() : attempt to apply non-function
    Error in x$.self$finalize() : attempt to apply non-function
    Error in x$.self$finalize() : attempt to apply non-function
    Error in x$.self$finalize() : attempt to apply non-function
    Error in x$.self$finalize() : attempt to apply non-function
    Error in x$.self$finalize() : attempt to apply non-function
    Error in x$.self$finalize() : attempt to apply non-function
    Error in x$.self$finalize() : attempt to apply non-function
    Error in x$.self$finalize() : attempt to apply non-function
    Error in x$.self$finalize() : attempt to apply non-function
    Error in x$.self$finalize() : attempt to apply non-function
    Error in x$.self$finalize() : attempt to apply non-function
    Error in x$.self$finalize() : attempt to apply non-function
    Error in x$.self$finalize() : attempt to apply non-function
    Error in x$.self$finalize() : attempt to apply non-function
    Error in x$.self$finalize() : attempt to apply non-function
    Error in x$.self$finalize() : attempt to apply non-function
    Error in x$.self$finalize() : attempt to apply non-function
    Error in x$.self$finalize() : attempt to apply non-function
    Error in x$.self$finalize() : attempt to apply non-function
    Error in x$.self$finalize() : attempt to apply non-function
    Error in x$.self$finalize() : attempt to apply non-function
    Error in x$.self$finalize() : attempt to apply non-function
    Error in x$.self$finalize() : attempt to apply non-function
    Error in x$.self$finalize() : attempt to apply non-function
    Error in x$.self$finalize() : attempt to apply non-function
    Error in x$.self$finalize() : attempt to apply non-function
    Error in x$.self$finalize() : attempt to apply non-function
    Error in x$.self$finalize() : attempt to apply non-function
    Error in x$.self$finalize() : attempt to apply non-function
    Error in x$.self$finalize() : attempt to apply non-function
    Error in x$.self$finalize() : attempt to apply non-function
    Error in x$.self$finalize() : attempt to apply non-function
    Error in x$.self$finalize() : attempt to apply non-function
    Error in x$.self$finalize() : attempt to apply non-function
    Error in x$.self$finalize() : attempt to apply non-function
    Error in x$.self$finalize() : attempt to apply non-function
    Error in x$.self$finalize() : attempt to apply non-function
    Error in x$.self$finalize() : attempt to apply non-function
    Error in x$.self$finalize() : attempt to apply non-function
    Error in x$.self$finalize() : attempt to apply non-function
    Error in x$.self$finalize() : attempt to apply non-function
    Error in x$.self$finalize() : attempt to apply non-function
    Error in x$.self$finalize() : attempt to apply non-function
    Error in x$.self$finalize() : attempt to apply non-function
    Error in x$.self$finalize() : attempt to apply non-function
    Error in x$.self$finalize() : attempt to apply non-function
    Error in x$.self$finalize() : attempt to apply non-function
    Error in x$.self$finalize() : attempt to apply non-function
    Error in x$.self$finalize() : attempt to apply non-function
    Error in x$.self$finalize() : attempt to apply non-function
    Error in x$.self$finalize() : attempt to apply non-function
    Error in x$.self$finalize() : attempt to apply non-function
    Error in x$.self$finalize() : attempt to apply non-function
    Error in x$.self$finalize() : attempt to apply non-function
    Error in x$.self$finalize() : attempt to apply non-function
    Error in x$.self$finalize() : attempt to apply non-function
    Error in x$.self$finalize() : attempt to apply non-function
    Error in x$.self$finalize() : attempt to apply non-function
    Error in x$.self$finalize() : attempt to apply non-function
    Error in x$.self$finalize() : attempt to apply non-function
    Error in x$.self$finalize() : attempt to apply non-function
    Error in x$.self$finalize() : attempt to apply non-function
    Error in x$.self$finalize() : attempt to apply non-function
    Error in x$.self$finalize() : attempt to apply non-function
    Error in x$.self$finalize() : attempt to apply non-function
    Error in x$.self$finalize() : attempt to apply non-function
    Error in x$.self$finalize() : attempt to apply non-function
    Error in x$.self$finalize() : attempt to apply non-function
    Error in x$.self$finalize() : attempt to apply non-function
    Error in x$.self$finalize() : attempt to apply non-function
    Error in x$.self$finalize() : attempt to apply non-function
    Error in x$.self$finalize() : attempt to apply non-function
    Error in x$.self$finalize() : attempt to apply non-function
    Error in x$.self$finalize() : attempt to apply non-function
    Error in x$.self$finalize() : attempt to apply non-function
    Error in x$.self$finalize() : attempt to apply non-function
    Error in x$.self$finalize() : attempt to apply non-function
    Error in x$.self$finalize() : attempt to apply non-function
    Error in x$.self$finalize() : attempt to apply non-function
    Error in x$.self$finalize() : attempt to apply non-function
    Error in x$.self$finalize() : attempt to apply non-function
    Error in x$.self$finalize() : attempt to apply non-function
    Error in x$.self$finalize() : attempt to apply non-function
    Error in x$.self$finalize() : attempt to apply non-function
    Error in x$.self$finalize() : attempt to apply non-function
    Error in x$.self$finalize() : attempt to apply non-function
    Error in x$.self$finalize() : attempt to apply non-function
    Error in x$.self$finalize() : attempt to apply non-function
    Error in x$.self$finalize() : attempt to apply non-function
    Error in x$.self$finalize() : attempt to apply non-function
    Error in x$.self$finalize() : attempt to apply non-function
    Error in x$.self$finalize() : attempt to apply non-function
    Error in x$.self$finalize() : attempt to apply non-function
    Error in x$.self$finalize() : attempt to apply non-function
    Error in x$.self$finalize() : attempt to apply non-function
    Error in x$.self$finalize() : attempt to apply non-function
    Error in x$.self$finalize() : attempt to apply non-function
    Error in x$.self$finalize() : attempt to apply non-function
    Error in x$.self$finalize() : attempt to apply non-function
    Error in x$.self$finalize() : attempt to apply non-function
    Error in x$.self$finalize() : attempt to apply non-function
    Error in x$.self$finalize() : attempt to apply non-function
    Error in x$.self$finalize() : attempt to apply non-function
    Error in x$.self$finalize() : attempt to apply non-function
    Error in x$.self$finalize() : attempt to apply non-function
    Error in x$.self$finalize() : attempt to apply non-function
    Error in x$.self$finalize() : attempt to apply non-function
    Error in x$.self$finalize() : attempt to apply non-function
    Error in x$.self$finalize() : attempt to apply non-function
    Error in x$.self$finalize() : attempt to apply non-function
    Error in x$.self$finalize() : attempt to apply non-function
    Error in x$.self$finalize() : attempt to apply non-function
    Error in x$.self$finalize() : attempt to apply non-function
    Error in x$.self$finalize() : attempt to apply non-function
    Error in x$.self$finalize() : attempt to apply non-function
    Error in x$.self$finalize() : attempt to apply non-function
    Error in x$.self$finalize() : attempt to apply non-function
    Error in x$.self$finalize() : attempt to apply non-function
    Error in x$.self$finalize() : attempt to apply non-function
    Error in x$.self$finalize() : attempt to apply non-function
    Error in x$.self$finalize() : attempt to apply non-function
    Error in x$.self$finalize() : attempt to apply non-function
    Error in x$.self$finalize() : attempt to apply non-function
    Error in x$.self$finalize() : attempt to apply non-function
    Error in x$.self$finalize() : attempt to apply non-function
    Error in x$.self$finalize() : attempt to apply non-function
    Error in x$.self$finalize() : attempt to apply non-function
    Error in x$.self$finalize() : attempt to apply non-function
    Error in x$.self$finalize() : attempt to apply non-function
    Error in x$.self$finalize() : attempt to apply non-function
    Error in x$.self$finalize() : attempt to apply non-function
    Error in x$.self$finalize() : attempt to apply non-function
    Error in x$.self$finalize() : attempt to apply non-function
    Error in x$.self$finalize() : attempt to apply non-function
    Error in x$.self$finalize() : attempt to apply non-function
    Error in x$.self$finalize() : attempt to apply non-function
    Error in x$.self$finalize() : attempt to apply non-function
    Error in x$.self$finalize() : attempt to apply non-function
    Error in x$.self$finalize() : attempt to apply non-function
    Error in x$.self$finalize() : attempt to apply non-function
    Error in x$.self$finalize() : attempt to apply non-function
    Error in x$.self$finalize() : attempt to apply non-function
    Error in x$.self$finalize() : attempt to apply non-function
    Error in x$.self$finalize() : attempt to apply non-function
    Error in x$.self$finalize() : attempt to apply non-function
    Error in x$.self$finalize() : attempt to apply non-function
    Error in x$.self$finalize() : attempt to apply non-function
    Error in x$.self$finalize() : attempt to apply non-function
    Error in x$.self$finalize() : attempt to apply non-function
    Error in x$.self$finalize() : attempt to apply non-function
    Error in x$.self$finalize() : attempt to apply non-function
    Error in x$.self$finalize() : attempt to apply non-function
    Error in x$.self$finalize() : attempt to apply non-function
    Error in x$.self$finalize() : attempt to apply non-function
    Error in x$.self$finalize() : attempt to apply non-function
    Error in x$.self$finalize() : attempt to apply non-function
    Error in x$.self$finalize() : attempt to apply non-function
    Error in x$.self$finalize() : attempt to apply non-function
    Error in x$.self$finalize() : attempt to apply non-function
    Error in x$.self$finalize() : attempt to apply non-function
    Error in x$.self$finalize() : attempt to apply non-function
    Error in x$.self$finalize() : attempt to apply non-function
    Error in x$.self$finalize() : attempt to apply non-function
    Error in x$.self$finalize() : attempt to apply non-function
    Error in x$.self$finalize() : attempt to apply non-function
    Error in x$.self$finalize() : attempt to apply non-function
    Error in x$.self$finalize() : attempt to apply non-function
    Error in x$.self$finalize() : attempt to apply non-function
    Error in x$.self$finalize() : attempt to apply non-function
    Error in x$.self$finalize() : attempt to apply non-function
    Error in x$.self$finalize() : attempt to apply non-function
    Error in x$.self$finalize() : attempt to apply non-function
    Error in x$.self$finalize() : attempt to apply non-function
    Error in x$.self$finalize() : attempt to apply non-function
    Error in x$.self$finalize() : attempt to apply non-function
    Error in x$.self$finalize() : attempt to apply non-function
    Error in x$.self$finalize() : attempt to apply non-function
    Error in x$.self$finalize() : attempt to apply non-function
    Error in x$.self$finalize() : attempt to apply non-function
    Error in x$.self$finalize() : attempt to apply non-function
    Error in x$.self$finalize() : attempt to apply non-function
    Error in x$.self$finalize() : attempt to apply non-function
    Error in x$.self$finalize() : attempt to apply non-function
    Error in x$.self$finalize() : attempt to apply non-function
    Error in x$.self$finalize() : attempt to apply non-function
    Error in x$.self$finalize() : attempt to apply non-function
    Error in x$.self$finalize() : attempt to apply non-function
    Error in x$.self$finalize() : attempt to apply non-function
    Error in x$.self$finalize() : attempt to apply non-function
    Error in x$.self$finalize() : attempt to apply non-function
    Error in x$.self$finalize() : attempt to apply non-function
    Error in x$.self$finalize() : attempt to apply non-function
    Error in x$.self$finalize() : attempt to apply non-function
    Error in x$.self$finalize() : attempt to apply non-function
    Error in x$.self$finalize() : attempt to apply non-function
    Error in x$.self$finalize() : attempt to apply non-function
    Error in x$.self$finalize() : attempt to apply non-function
    Error in x$.self$finalize() : attempt to apply non-function
    Error in x$.self$finalize() : attempt to apply non-function
    Error in x$.self$finalize() : attempt to apply non-function
    Error in x$.self$finalize() : attempt to apply non-function
    Error in x$.self$finalize() : attempt to apply non-function
    Error in x$.self$finalize() : attempt to apply non-function
    Error in x$.self$finalize() : attempt to apply non-function
    Error in x$.self$finalize() : attempt to apply non-function
    Error in x$.self$finalize() : attempt to apply non-function
    Error in x$.self$finalize() : attempt to apply non-function
    Error in x$.self$finalize() : attempt to apply non-function
    Error in x$.self$finalize() : attempt to apply non-function
    Error in x$.self$finalize() : attempt to apply non-function
    Error in x$.self$finalize() : attempt to apply non-function
    Error in x$.self$finalize() : attempt to apply non-function
    Error in x$.self$finalize() : attempt to apply non-function
    Error in x$.self$finalize() : attempt to apply non-function
    Error in x$.self$finalize() : attempt to apply non-function
    Error in x$.self$finalize() : attempt to apply non-function
    Error in x$.self$finalize() : attempt to apply non-function
    Error in x$.self$finalize() : attempt to apply non-function
    Error in x$.self$finalize() : attempt to apply non-function
    Error in x$.self$finalize() : attempt to apply non-function
    Error in x$.self$finalize() : attempt to apply non-function
    Error in x$.self$finalize() : attempt to apply non-function
    Error in x$.self$finalize() : attempt to apply non-function
    Error in x$.self$finalize() : attempt to apply non-function
    Error in x$.self$finalize() : attempt to apply non-function
    Error in x$.self$finalize() : attempt to apply non-function
    Error in x$.self$finalize() : attempt to apply non-function
    Error in x$.self$finalize() : attempt to apply non-function
    Error in x$.self$finalize() : attempt to apply non-function
    Error in x$.self$finalize() : attempt to apply non-function
    Error in x$.self$finalize() : attempt to apply non-function
    Error in x$.self$finalize() : attempt to apply non-function
    Error in x$.self$finalize() : attempt to apply non-function
    Error in x$.self$finalize() : attempt to apply non-function
    Error in x$.self$finalize() : attempt to apply non-function
    Error in x$.self$finalize() : attempt to apply non-function
    Error in x$.self$finalize() : attempt to apply non-function
    Error in x$.self$finalize() : attempt to apply non-function
    Error in x$.self$finalize() : attempt to apply non-function
    Error in x$.self$finalize() : attempt to apply non-function
    Error in x$.self$finalize() : attempt to apply non-function
    Error in x$.self$finalize() : attempt to apply non-function
    Error in x$.self$finalize() : attempt to apply non-function
    Error in x$.self$finalize() : attempt to apply non-function
    Error in x$.self$finalize() : attempt to apply non-function
    Error in x$.self$finalize() : attempt to apply non-function
    Error in x$.self$finalize() : attempt to apply non-function
    Error in x$.self$finalize() : attempt to apply non-function
    Error in x$.self$finalize() : attempt to apply non-function
    Error in x$.self$finalize() : attempt to apply non-function
    Error in x$.self$finalize() : attempt to apply non-function
    Error in x$.self$finalize() : attempt to apply non-function
    Error in x$.self$finalize() : attempt to apply non-function
    Error in x$.self$finalize() : attempt to apply non-function
    Error in x$.self$finalize() : attempt to apply non-function
    Error in x$.self$finalize() : attempt to apply non-function
    Error in x$.self$finalize() : attempt to apply non-function
    Error in x$.self$finalize() : attempt to apply non-function
    Error in x$.self$finalize() : attempt to apply non-function
    Error in x$.self$finalize() : attempt to apply non-function
    Error in x$.self$finalize() : attempt to apply non-function
    Error in x$.self$finalize() : attempt to apply non-function
    Error in x$.self$finalize() : attempt to apply non-function
    Error in x$.self$finalize() : attempt to apply non-function
    Error in x$.self$finalize() : attempt to apply non-function
    Error in x$.self$finalize() : attempt to apply non-function
    Error in x$.self$finalize() : attempt to apply non-function
    Error in x$.self$finalize() : attempt to apply non-function
    Error in x$.self$finalize() : attempt to apply non-function
    Error in x$.self$finalize() : attempt to apply non-function
    Error in x$.self$finalize() : attempt to apply non-function
    Error in x$.self$finalize() : attempt to apply non-function
    Error in x$.self$finalize() : attempt to apply non-function
    Error in x$.self$finalize() : attempt to apply non-function
    Error in x$.self$finalize() : attempt to apply non-function
    Error in x$.self$finalize() : attempt to apply non-function
    Error in x$.self$finalize() : attempt to apply non-function
    Error in x$.self$finalize() : attempt to apply non-function
    Error in x$.self$finalize() : attempt to apply non-function
    Error in x$.self$finalize() : attempt to apply non-function
    Error in x$.self$finalize() : attempt to apply non-function
    Error in x$.self$finalize() : attempt to apply non-function
    Error in x$.self$finalize() : attempt to apply non-function
    Error in x$.self$finalize() : attempt to apply non-function
    Error in x$.self$finalize() : attempt to apply non-function
    Error in x$.self$finalize() : attempt to apply non-function
    Error in x$.self$finalize() : attempt to apply non-function
    Error in x$.self$finalize() : attempt to apply non-function
    Error in x$.self$finalize() : attempt to apply non-function
    Error in x$.self$finalize() : attempt to apply non-function
    Error in x$.self$finalize() : attempt to apply non-function
    Error in x$.self$finalize() : attempt to apply non-function
    Error in x$.self$finalize() : attempt to apply non-function
    Error in x$.self$finalize() : attempt to apply non-function
    Error in x$.self$finalize() : attempt to apply non-function
    Error in x$.self$finalize() : attempt to apply non-function
    Error in x$.self$finalize() : attempt to apply non-function
    Error in x$.self$finalize() : attempt to apply non-function
    Error in x$.self$finalize() : attempt to apply non-function
    Error in x$.self$finalize() : attempt to apply non-function
    Error in x$.self$finalize() : attempt to apply non-function
    Error in x$.self$finalize() : attempt to apply non-function
    Error in x$.self$finalize() : attempt to apply non-function
    Error in x$.self$finalize() : attempt to apply non-function
    Error in x$.self$finalize() : attempt to apply non-function
    Error in x$.self$finalize() : attempt to apply non-function
    Error in x$.self$finalize() : attempt to apply non-function
    Error in x$.self$finalize() : attempt to apply non-function
    Error in x$.self$finalize() : attempt to apply non-function
    Error in x$.self$finalize() : attempt to apply non-function
    Error in x$.self$finalize() : attempt to apply non-function
    Error in x$.self$finalize() : attempt to apply non-function
    Error in x$.self$finalize() : attempt to apply non-function
    Error in x$.self$finalize() : attempt to apply non-function
    Error in x$.self$finalize() : attempt to apply non-function
    Error in x$.self$finalize() : attempt to apply non-function
    Error in x$.self$finalize() : attempt to apply non-function
    Error in x$.self$finalize() : attempt to apply non-function
    Error in x$.self$finalize() : attempt to apply non-function
    Error in x$.self$finalize() : attempt to apply non-function
    Error in x$.self$finalize() : attempt to apply non-function
    Error in x$.self$finalize() : attempt to apply non-function
    Error in x$.self$finalize() : attempt to apply non-function
    Error in x$.self$finalize() : attempt to apply non-function
    Error in x$.self$finalize() : attempt to apply non-function
    Error in x$.self$finalize() : attempt to apply non-function
    Error in x$.self$finalize() : attempt to apply non-function
    Error in x$.self$finalize() : attempt to apply non-function
    Error in x$.self$finalize() : attempt to apply non-function
    Error in x$.self$finalize() : attempt to apply non-function
    Error in x$.self$finalize() : attempt to apply non-function
    Error in x$.self$finalize() : attempt to apply non-function
    Error in x$.self$finalize() : attempt to apply non-function
    Error in x$.self$finalize() : attempt to apply non-function
    Error in x$.self$finalize() : attempt to apply non-function
    Error in x$.self$finalize() : attempt to apply non-function
    Error in x$.self$finalize() : attempt to apply non-function
    Error in x$.self$finalize() : attempt to apply non-function
    Error in x$.self$finalize() : attempt to apply non-function
    Error in x$.self$finalize() : attempt to apply non-function
    Error in x$.self$finalize() : attempt to apply non-function
    Error in x$.self$finalize() : attempt to apply non-function
    Error in x$.self$finalize() : attempt to apply non-function
    Error in x$.self$finalize() : attempt to apply non-function
    Error in x$.self$finalize() : attempt to apply non-function
    Error in x$.self$finalize() : attempt to apply non-function
    Error in x$.self$finalize() : attempt to apply non-function
    Error in x$.self$finalize() : attempt to apply non-function
    Error in x$.self$finalize() : attempt to apply non-function
    Error in x$.self$finalize() : attempt to apply non-function
    Error in x$.self$finalize() : attempt to apply non-function
    Error in x$.self$finalize() : attempt to apply non-function
    Error in x$.self$finalize() : attempt to apply non-function
    Error in x$.self$finalize() : attempt to apply non-function
    Error in x$.self$finalize() : attempt to apply non-function
    Error in x$.self$finalize() : attempt to apply non-function
    Error in x$.self$finalize() : attempt to apply non-function
    Error in x$.self$finalize() : attempt to apply non-function
    Error in x$.self$finalize() : attempt to apply non-function
    Error in x$.self$finalize() : attempt to apply non-function
    Error in x$.self$finalize() : attempt to apply non-function
    Error in x$.self$finalize() : attempt to apply non-function
    Error in x$.self$finalize() : attempt to apply non-function
    Error in x$.self$finalize() : attempt to apply non-function
    Error in x$.self$finalize() : attempt to apply non-function
    Error in x$.self$finalize() : attempt to apply non-function
    Error in x$.self$finalize() : attempt to apply non-function
    Error in x$.self$finalize() : attempt to apply non-function
    Error in x$.self$finalize() : attempt to apply non-function
    Error in x$.self$finalize() : attempt to apply non-function
    Error in x$.self$finalize() : attempt to apply non-function
    Error in x$.self$finalize() : attempt to apply non-function
    Error in x$.self$finalize() : attempt to apply non-function
    Error in x$.self$finalize() : attempt to apply non-function
    Error in x$.self$finalize() : attempt to apply non-function
    Error in x$.self$finalize() : attempt to apply non-function
    Error in x$.self$finalize() : attempt to apply non-function
    Error in x$.self$finalize() : attempt to apply non-function
    Error in x$.self$finalize() : attempt to apply non-function
    Error in x$.self$finalize() : attempt to apply non-function
    Error in x$.self$finalize() : attempt to apply non-function
    Error in x$.self$finalize() : attempt to apply non-function
    Error in x$.self$finalize() : attempt to apply non-function
    Error in x$.self$finalize() : attempt to apply non-function
    Error in x$.self$finalize() : attempt to apply non-function
    Error in x$.self$finalize() : attempt to apply non-function
    Error in x$.self$finalize() : attempt to apply non-function
    Error in x$.self$finalize() : attempt to apply non-function
    Error in x$.self$finalize() : attempt to apply non-function
    Error in x$.self$finalize() : attempt to apply non-function
    Error in x$.self$finalize() : attempt to apply non-function
    Error in x$.self$finalize() : attempt to apply non-function
    Error in x$.self$finalize() : attempt to apply non-function
    Error in x$.self$finalize() : attempt to apply non-function
    Error in x$.self$finalize() : attempt to apply non-function
    Error in x$.self$finalize() : attempt to apply non-function
    Error in x$.self$finalize() : attempt to apply non-function
    Error in x$.self$finalize() : attempt to apply non-function
    Error in x$.self$finalize() : attempt to apply non-function
    Error in x$.self$finalize() : attempt to apply non-function
    Error in x$.self$finalize() : attempt to apply non-function
    Error in x$.self$finalize() : attempt to apply non-function
    Error in x$.self$finalize() : attempt to apply non-function
    Error in x$.self$finalize() : attempt to apply non-function
    Error in x$.self$finalize() : attempt to apply non-function
    Error in x$.self$finalize() : attempt to apply non-function
    Error in x$.self$finalize() : attempt to apply non-function
    Error in x$.self$finalize() : attempt to apply non-function
    Error in x$.self$finalize() : attempt to apply non-function
    Error in x$.self$finalize() : attempt to apply non-function
    Error in x$.self$finalize() : attempt to apply non-function
    Error in x$.self$finalize() : attempt to apply non-function
    Error in x$.self$finalize() : attempt to apply non-function
    Error in x$.self$finalize() : attempt to apply non-function
    Error in x$.self$finalize() : attempt to apply non-function
    Error in x$.self$finalize() : attempt to apply non-function
    Error in x$.self$finalize() : attempt to apply non-function
    Error in x$.self$finalize() : attempt to apply non-function
    Error in x$.self$finalize() : attempt to apply non-function
    Error in x$.self$finalize() : attempt to apply non-function
    Error in x$.self$finalize() : attempt to apply non-function
    Error in x$.self$finalize() : attempt to apply non-function
    Error in x$.self$finalize() : attempt to apply non-function
    Error in x$.self$finalize() : attempt to apply non-function
    Error in x$.self$finalize() : attempt to apply non-function
    Error in x$.self$finalize() : attempt to apply non-function
    Error in x$.self$finalize() : attempt to apply non-function
    Error in x$.self$finalize() : attempt to apply non-function
    Error in x$.self$finalize() : attempt to apply non-function
    Error in x$.self$finalize() : attempt to apply non-function
    Error in x$.self$finalize() : attempt to apply non-function
    Error in x$.self$finalize() : attempt to apply non-function
    Error in x$.self$finalize() : attempt to apply non-function
    Error in x$.self$finalize() : attempt to apply non-function
    Error in x$.self$finalize() : attempt to apply non-function
    Error in x$.self$finalize() : attempt to apply non-function
    Error in x$.self$finalize() : attempt to apply non-function
    Error in x$.self$finalize() : attempt to apply non-function
    Error in x$.self$finalize() : attempt to apply non-function
    Error in x$.self$finalize() : attempt to apply non-function
    Error in x$.self$finalize() : attempt to apply non-function
    Error in x$.self$finalize() : attempt to apply non-function
    Error in x$.self$finalize() : attempt to apply non-function
    Error in x$.self$finalize() : attempt to apply non-function
    Error in x$.self$finalize() : attempt to apply non-function
    Error in x$.self$finalize() : attempt to apply non-function
    Error in x$.self$finalize() : attempt to apply non-function
    Error in x$.self$finalize() : attempt to apply non-function
    Error in x$.self$finalize() : attempt to apply non-function
    Error in x$.self$finalize() : attempt to apply non-function
    Error in x$.self$finalize() : attempt to apply non-function
    Error in x$.self$finalize() : attempt to apply non-function
    Error in x$.self$finalize() : attempt to apply non-function
    Error in x$.self$finalize() : attempt to apply non-function
    Error in x$.self$finalize() : attempt to apply non-function
    Error in x$.self$finalize() : attempt to apply non-function
    Error in x$.self$finalize() : attempt to apply non-function
    Error in x$.self$finalize() : attempt to apply non-function
    Error in x$.self$finalize() : attempt to apply non-function
    Error in x$.self$finalize() : attempt to apply non-function
    Error in x$.self$finalize() : attempt to apply non-function
    Error in x$.self$finalize() : attempt to apply non-function
    Error in x$.self$finalize() : attempt to apply non-function
    Error in x$.self$finalize() : attempt to apply non-function
    Error in x$.self$finalize() : attempt to apply non-function
    Error in x$.self$finalize() : attempt to apply non-function
    Error in x$.self$finalize() : attempt to apply non-function
    Error in x$.self$finalize() : attempt to apply non-function
    Error in x$.self$finalize() : attempt to apply non-function
    Error in x$.self$finalize() : attempt to apply non-function
    Error in x$.self$finalize() : attempt to apply non-function
    Error in x$.self$finalize() : attempt to apply non-function
    Error in x$.self$finalize() : attempt to apply non-function
    Error in x$.self$finalize() : attempt to apply non-function
    Error in x$.self$finalize() : attempt to apply non-function
    Error in x$.self$finalize() : attempt to apply non-function
    Error in x$.self$finalize() : attempt to apply non-function
    Error in x$.self$finalize() : attempt to apply non-function
    Error in x$.self$finalize() : attempt to apply non-function
    Error in x$.self$finalize() : attempt to apply non-function
    Error in x$.self$finalize() : attempt to apply non-function
    Error in x$.self$finalize() : attempt to apply non-function
    Error in x$.self$finalize() : attempt to apply non-function
    Error in x$.self$finalize() : attempt to apply non-function
    Error in x$.self$finalize() : attempt to apply non-function
    Error in x$.self$finalize() : attempt to apply non-function
    Error in x$.self$finalize() : attempt to apply non-function
    Error in x$.self$finalize() : attempt to apply non-function
    Error in x$.self$finalize() : attempt to apply non-function
    Error in x$.self$finalize() : attempt to apply non-function
    Error in x$.self$finalize() : attempt to apply non-function
    Error in x$.self$finalize() : attempt to apply non-function
    Error in x$.self$finalize() : attempt to apply non-function
    Error in x$.self$finalize() : attempt to apply non-function
    Error in x$.self$finalize() : attempt to apply non-function
    Error in x$.self$finalize() : attempt to apply non-function
    Error in x$.self$finalize() : attempt to apply non-function
    Error in x$.self$finalize() : attempt to apply non-function
    Error in x$.self$finalize() : attempt to apply non-function
    Error in x$.self$finalize() : attempt to apply non-function
    Error in x$.self$finalize() : attempt to apply non-function
    Error in x$.self$finalize() : attempt to apply non-function
    Error in x$.self$finalize() : attempt to apply non-function
    Error in x$.self$finalize() : attempt to apply non-function
    Error in x$.self$finalize() : attempt to apply non-function
    Error in x$.self$finalize() : attempt to apply non-function
    Error in x$.self$finalize() : attempt to apply non-function
    Error in x$.self$finalize() : attempt to apply non-function
    Error in x$.self$finalize() : attempt to apply non-function
    Error in x$.self$finalize() : attempt to apply non-function
    Error in x$.self$finalize() : attempt to apply non-function
    Error in x$.self$finalize() : attempt to apply non-function
    Error in x$.self$finalize() : attempt to apply non-function
    Error in x$.self$finalize() : attempt to apply non-function
    Error in x$.self$finalize() : attempt to apply non-function
    Error in x$.self$finalize() : attempt to apply non-function
    Error in x$.self$finalize() : attempt to apply non-function
    Error in x$.self$finalize() : attempt to apply non-function
    Error in x$.self$finalize() : attempt to apply non-function
    Error in x$.self$finalize() : attempt to apply non-function
    Error in x$.self$finalize() : attempt to apply non-function
    Error in x$.self$finalize() : attempt to apply non-function
    Error in x$.self$finalize() : attempt to apply non-function
    Error in x$.self$finalize() : attempt to apply non-function
    Error in x$.self$finalize() : attempt to apply non-function
    Error in x$.self$finalize() : attempt to apply non-function
    Error in x$.self$finalize() : attempt to apply non-function
    Error in x$.self$finalize() : attempt to apply non-function
    Error in x$.self$finalize() : attempt to apply non-function
    Error in x$.self$finalize() : attempt to apply non-function
    Error in x$.self$finalize() : attempt to apply non-function
    Error in x$.self$finalize() : attempt to apply non-function
    Error in x$.self$finalize() : attempt to apply non-function
    Error in x$.self$finalize() : attempt to apply non-function
    Error in x$.self$finalize() : attempt to apply non-function
    Error in x$.self$finalize() : attempt to apply non-function
    Error in x$.self$finalize() : attempt to apply non-function
    Error in x$.self$finalize() : attempt to apply non-function
    Error in x$.self$finalize() : attempt to apply non-function
    Error in x$.self$finalize() : attempt to apply non-function
    Error in x$.self$finalize() : attempt to apply non-function
    Error in x$.self$finalize() : attempt to apply non-function
    Error in x$.self$finalize() : attempt to apply non-function
    Error in x$.self$finalize() : attempt to apply non-function
    Error in x$.self$finalize() : attempt to apply non-function
    Error in x$.self$finalize() : attempt to apply non-function
    Error in x$.self$finalize() : attempt to apply non-function
    Error in x$.self$finalize() : attempt to apply non-function
    Error in x$.self$finalize() : attempt to apply non-function
    Error in x$.self$finalize() : attempt to apply non-function
    Error in x$.self$finalize() : attempt to apply non-function
    Error in x$.self$finalize() : attempt to apply non-function
    Error in x$.self$finalize() : attempt to apply non-function
    Error in x$.self$finalize() : attempt to apply non-function
    Error in x$.self$finalize() : attempt to apply non-function
    Error in x$.self$finalize() : attempt to apply non-function
    Error in x$.self$finalize() : attempt to apply non-function
    Error in x$.self$finalize() : attempt to apply non-function
    Error in x$.self$finalize() : attempt to apply non-function
    Error in x$.self$finalize() : attempt to apply non-function
    Error in x$.self$finalize() : attempt to apply non-function
    Error in x$.self$finalize() : attempt to apply non-function
    Error in x$.self$finalize() : attempt to apply non-function
    Error in x$.self$finalize() : attempt to apply non-function
    Error in x$.self$finalize() : attempt to apply non-function
    Error in x$.self$finalize() : attempt to apply non-function
    Error in x$.self$finalize() : attempt to apply non-function
    Error in x$.self$finalize() : attempt to apply non-function
    Error in x$.self$finalize() : attempt to apply non-function
    Error in x$.self$finalize() : attempt to apply non-function
    Error in x$.self$finalize() : attempt to apply non-function
    Error in x$.self$finalize() : attempt to apply non-function
    Error in x$.self$finalize() : attempt to apply non-function
    Error in x$.self$finalize() : attempt to apply non-function
    Error in x$.self$finalize() : attempt to apply non-function
    Error in x$.self$finalize() : attempt to apply non-function
    Error in x$.self$finalize() : attempt to apply non-function
    Error in x$.self$finalize() : attempt to apply non-function
    Error in x$.self$finalize() : attempt to apply non-function
    Error in x$.self$finalize() : attempt to apply non-function
    Error in x$.self$finalize() : attempt to apply non-function
    Error in x$.self$finalize() : attempt to apply non-function
    Error in x$.self$finalize() : attempt to apply non-function
    Error in x$.self$finalize() : attempt to apply non-function
    Error in x$.self$finalize() : attempt to apply non-function
    Error in x$.self$finalize() : attempt to apply non-function
    Error in x$.self$finalize() : attempt to apply non-function
    Error in x$.self$finalize() : attempt to apply non-function
    Error in x$.self$finalize() : attempt to apply non-function
    Error in x$.self$finalize() : attempt to apply non-function
    Error in x$.self$finalize() : attempt to apply non-function
    Error in x$.self$finalize() : attempt to apply non-function
    Error in x$.self$finalize() : attempt to apply non-function
    Error in x$.self$finalize() : attempt to apply non-function
    Error in x$.self$finalize() : attempt to apply non-function
    Error in x$.self$finalize() : attempt to apply non-function
    Error in x$.self$finalize() : attempt to apply non-function
    Error in x$.self$finalize() : attempt to apply non-function
    Error in x$.self$finalize() : attempt to apply non-function
    Error in x$.self$finalize() : attempt to apply non-function
    Error in x$.self$finalize() : attempt to apply non-function
    Error in x$.self$finalize() : attempt to apply non-function
    Error in x$.self$finalize() : attempt to apply non-function
    Error in x$.self$finalize() : attempt to apply non-function
    Error in x$.self$finalize() : attempt to apply non-function
    Error in x$.self$finalize() : attempt to apply non-function
    Error in x$.self$finalize() : attempt to apply non-function
    Error in x$.self$finalize() : attempt to apply non-function
    Error in x$.self$finalize() : attempt to apply non-function
    Error in x$.self$finalize() : attempt to apply non-function
    Error in x$.self$finalize() : attempt to apply non-function
    Error in x$.self$finalize() : attempt to apply non-function
    Error in x$.self$finalize() : attempt to apply non-function
    Error in x$.self$finalize() : attempt to apply non-function
    Error in x$.self$finalize() : attempt to apply non-function
    Error in x$.self$finalize() : attempt to apply non-function
    Error in x$.self$finalize() : attempt to apply non-function
    Error in x$.self$finalize() : attempt to apply non-function
    Error in x$.self$finalize() : attempt to apply non-function
    Error in x$.self$finalize() : attempt to apply non-function
    Error in x$.self$finalize() : attempt to apply non-function
    Error in x$.self$finalize() : attempt to apply non-function
    Error in x$.self$finalize() : attempt to apply non-function
    Error in x$.self$finalize() : attempt to apply non-function
    Error in x$.self$finalize() : attempt to apply non-function
    Error in x$.self$finalize() : attempt to apply non-function
    Error in x$.self$finalize() : attempt to apply non-function
    Error in x$.self$finalize() : attempt to apply non-function
    Error in x$.self$finalize() : attempt to apply non-function
    Error in x$.self$finalize() : attempt to apply non-function
    Error in x$.self$finalize() : attempt to apply non-function
    Error in x$.self$finalize() : attempt to apply non-function
    Error in x$.self$finalize() : attempt to apply non-function
    Error in x$.self$finalize() : attempt to apply non-function
    Error in x$.self$finalize() : attempt to apply non-function
    Error in x$.self$finalize() : attempt to apply non-function
    Error in x$.self$finalize() : attempt to apply non-function
    Error in x$.self$finalize() : attempt to apply non-function
    Error in x$.self$finalize() : attempt to apply non-function
    Error in x$.self$finalize() : attempt to apply non-function
    Error in x$.self$finalize() : attempt to apply non-function
    Error in x$.self$finalize() : attempt to apply non-function
    Error in x$.self$finalize() : attempt to apply non-function
    Error in x$.self$finalize() : attempt to apply non-function
    Error in x$.self$finalize() : attempt to apply non-function
    Error in x$.self$finalize() : attempt to apply non-function
    Error in x$.self$finalize() : attempt to apply non-function
    Error in x$.self$finalize() : attempt to apply non-function
    Error in x$.self$finalize() : attempt to apply non-function
    Error in x$.self$finalize() : attempt to apply non-function
    Error in x$.self$finalize() : attempt to apply non-function
    Error in x$.self$finalize() : attempt to apply non-function
    Error in x$.self$finalize() : attempt to apply non-function
    Error in x$.self$finalize() : attempt to apply non-function
    Error in x$.self$finalize() : attempt to apply non-function
    Error in x$.self$finalize() : attempt to apply non-function
    Error in x$.self$finalize() : attempt to apply non-function
    Error in x$.self$finalize() : attempt to apply non-function
    Error in x$.self$finalize() : attempt to apply non-function
    Error in x$.self$finalize() : attempt to apply non-function
    Error in x$.self$finalize() : attempt to apply non-function
    Error in x$.self$finalize() : attempt to apply non-function
    Error in x$.self$finalize() : attempt to apply non-function
    Error in x$.self$finalize() : attempt to apply non-function
    Error in x$.self$finalize() : attempt to apply non-function
    Error in x$.self$finalize() : attempt to apply non-function
    Error in x$.self$finalize() : attempt to apply non-function
    Error in x$.self$finalize() : attempt to apply non-function
    Error in x$.self$finalize() : attempt to apply non-function
    Error in x$.self$finalize() : attempt to apply non-function
    Error in x$.self$finalize() : attempt to apply non-function
    Error in x$.self$finalize() : attempt to apply non-function
    Error in x$.self$finalize() : attempt to apply non-function
    Error in x$.self$finalize() : attempt to apply non-function
    Error in x$.self$finalize() : attempt to apply non-function
    Error in x$.self$finalize() : attempt to apply non-function
    Error in x$.self$finalize() : attempt to apply non-function
    Error in x$.self$finalize() : attempt to apply non-function
    Error in x$.self$finalize() : attempt to apply non-function
    Error in x$.self$finalize() : attempt to apply non-function
    Error in x$.self$finalize() : attempt to apply non-function
    Error in x$.self$finalize() : attempt to apply non-function
    Error in x$.self$finalize() : attempt to apply non-function
    Error in x$.self$finalize() : attempt to apply non-function
    Error in x$.self$finalize() : attempt to apply non-function
    Error in x$.self$finalize() : attempt to apply non-function
    Error in x$.self$finalize() : attempt to apply non-function
    Error in x$.self$finalize() : attempt to apply non-function
    Error in x$.self$finalize() : attempt to apply non-function
    Error in x$.self$finalize() : attempt to apply non-function
    Error in x$.self$finalize() : attempt to apply non-function
    Error in x$.self$finalize() : attempt to apply non-function
    Error in x$.self$finalize() : attempt to apply non-function
    Error in x$.self$finalize() : attempt to apply non-function
    Error in x$.self$finalize() : attempt to apply non-function
    Error in x$.self$finalize() : attempt to apply non-function
    Error in x$.self$finalize() : attempt to apply non-function
    Error in x$.self$finalize() : attempt to apply non-function
    Error in x$.self$finalize() : attempt to apply non-function
    Error in x$.self$finalize() : attempt to apply non-function
    Error in x$.self$finalize() : attempt to apply non-function
    Error in x$.self$finalize() : attempt to apply non-function
    Error in x$.self$finalize() : attempt to apply non-function
    Error in x$.self$finalize() : attempt to apply non-function
    Error in x$.self$finalize() : attempt to apply non-function
    Error in x$.self$finalize() : attempt to apply non-function
    Error in x$.self$finalize() : attempt to apply non-function
    Error in x$.self$finalize() : attempt to apply non-function
    Error in x$.self$finalize() : attempt to apply non-function
    Error in x$.self$finalize() : attempt to apply non-function
    Error in x$.self$finalize() : attempt to apply non-function
    Error in x$.self$finalize() : attempt to apply non-function
    Error in x$.self$finalize() : attempt to apply non-function
    Error in x$.self$finalize() : attempt to apply non-function
    Error in x$.self$finalize() : attempt to apply non-function
    Error in x$.self$finalize() : attempt to apply non-function
    Error in x$.self$finalize() : attempt to apply non-function
    Error in x$.self$finalize() : attempt to apply non-function
    Error in x$.self$finalize() : attempt to apply non-function
    Error in x$.self$finalize() : attempt to apply non-function
    Error in x$.self$finalize() : attempt to apply non-function
    Error in x$.self$finalize() : attempt to apply non-function
    Error in x$.self$finalize() : attempt to apply non-function
    Error in x$.self$finalize() : attempt to apply non-function
    Error in x$.self$finalize() : attempt to apply non-function
    Error in x$.self$finalize() : attempt to apply non-function
    Error in x$.self$finalize() : attempt to apply non-function
    Error in x$.self$finalize() : attempt to apply non-function
    Error in x$.self$finalize() : attempt to apply non-function
    Error in x$.self$finalize() : attempt to apply non-function
    Error in x$.self$finalize() : attempt to apply non-function
    Error in x$.self$finalize() : attempt to apply non-function
    Error in x$.self$finalize() : attempt to apply non-function
    Error in x$.self$finalize() : attempt to apply non-function
    Error in x$.self$finalize() : attempt to apply non-function
    Error in x$.self$finalize() : attempt to apply non-function
    Error in x$.self$finalize() : attempt to apply non-function
    Error in x$.self$finalize() : attempt to apply non-function
    Error in x$.self$finalize() : attempt to apply non-function
    Error in x$.self$finalize() : attempt to apply non-function
    Error in x$.self$finalize() : attempt to apply non-function
    Error in x$.self$finalize() : attempt to apply non-function
    Error in x$.self$finalize() : attempt to apply non-function
    Error in x$.self$finalize() : attempt to apply non-function
    Error in x$.self$finalize() : attempt to apply non-function
    Error in x$.self$finalize() : attempt to apply non-function
    Error in x$.self$finalize() : attempt to apply non-function
    Error in x$.self$finalize() : attempt to apply non-function
    Error in x$.self$finalize() : attempt to apply non-function
    Error in x$.self$finalize() : attempt to apply non-function
    Error in x$.self$finalize() : attempt to apply non-function
    Error in x$.self$finalize() : attempt to apply non-function
    Error in x$.self$finalize() : attempt to apply non-function
    Error in x$.self$finalize() : attempt to apply non-function
    Error in x$.self$finalize() : attempt to apply non-function
    Error in x$.self$finalize() : attempt to apply non-function
    Error in x$.self$finalize() : attempt to apply non-function
    Error in x$.self$finalize() : attempt to apply non-function
    Error in x$.self$finalize() : attempt to apply non-function
    Error in x$.self$finalize() : attempt to apply non-function
    Error in x$.self$finalize() : attempt to apply non-function
    Error in x$.self$finalize() : attempt to apply non-function
    Error in x$.self$finalize() : attempt to apply non-function
    Error in x$.self$finalize() : attempt to apply non-function
    Error in x$.self$finalize() : attempt to apply non-function
    Error in x$.self$finalize() : attempt to apply non-function
    Error in x$.self$finalize() : attempt to apply non-function
    Error in x$.self$finalize() : attempt to apply non-function
    Error in x$.self$finalize() : attempt to apply non-function
    Error in x$.self$finalize() : attempt to apply non-function
    Error in x$.self$finalize() : attempt to apply non-function
    Error in x$.self$finalize() : attempt to apply non-function
    Error in x$.self$finalize() : attempt to apply non-function
    Error in x$.self$finalize() : attempt to apply non-function
    Error in x$.self$finalize() : attempt to apply non-function
    Error in x$.self$finalize() : attempt to apply non-function
    Error in x$.self$finalize() : attempt to apply non-function
    Error in x$.self$finalize() : attempt to apply non-function
    Error in x$.self$finalize() : attempt to apply non-function
    Error in x$.self$finalize() : attempt to apply non-function
    Error in x$.self$finalize() : attempt to apply non-function
    Error in x$.self$finalize() : attempt to apply non-function
    Error in x$.self$finalize() : attempt to apply non-function
    Error in x$.self$finalize() : attempt to apply non-function
    Error in x$.self$finalize() : attempt to apply non-function
    Error in x$.self$finalize() : attempt to apply non-function
    Error in x$.self$finalize() : attempt to apply non-function
    Error in x$.self$finalize() : attempt to apply non-function
    Error in x$.self$finalize() : attempt to apply non-function
    Error in x$.self$finalize() : attempt to apply non-function
    Error in x$.self$finalize() : attempt to apply non-function
    Error in x$.self$finalize() : attempt to apply non-function
    Error in x$.self$finalize() : attempt to apply non-function
    Error in x$.self$finalize() : attempt to apply non-function
    Error in x$.self$finalize() : attempt to apply non-function
    Error in x$.self$finalize() : attempt to apply non-function
    Error in x$.self$finalize() : attempt to apply non-function
    Error in x$.self$finalize() : attempt to apply non-function
    Error in x$.self$finalize() : attempt to apply non-function
    Error in x$.self$finalize() : attempt to apply non-function
    Error in x$.self$finalize() : attempt to apply non-function
    Error in x$.self$finalize() : attempt to apply non-function
    Error in x$.self$finalize() : attempt to apply non-function
    Error in x$.self$finalize() : attempt to apply non-function
    Error in x$.self$finalize() : attempt to apply non-function
    Error in x$.self$finalize() : attempt to apply non-function
    Error in x$.self$finalize() : attempt to apply non-function
    Error in x$.self$finalize() : attempt to apply non-function
    Error in x$.self$finalize() : attempt to apply non-function
    Error in x$.self$finalize() : attempt to apply non-function
    Error in x$.self$finalize() : attempt to apply non-function
    Error in x$.self$finalize() : attempt to apply non-function
    Error in x$.self$finalize() : attempt to apply non-function
    Error in x$.self$finalize() : attempt to apply non-function
    Error in x$.self$finalize() : attempt to apply non-function
    Error in x$.self$finalize() : attempt to apply non-function
    Error in x$.self$finalize() : attempt to apply non-function
    Error in x$.self$finalize() : attempt to apply non-function
    Error in x$.self$finalize() : attempt to apply non-function
    Error in x$.self$finalize() : attempt to apply non-function
    Error in x$.self$finalize() : attempt to apply non-function
    Error in x$.self$finalize() : attempt to apply non-function
    Error in x$.self$finalize() : attempt to apply non-function
    Error in x$.self$finalize() : attempt to apply non-function
    Error in x$.self$finalize() : attempt to apply non-function
    Error in x$.self$finalize() : attempt to apply non-function
    Error in x$.self$finalize() : attempt to apply non-function
    Error in x$.self$finalize() : attempt to apply non-function
    Error in x$.self$finalize() : attempt to apply non-function
    Error in x$.self$finalize() : attempt to apply non-function
    Error in x$.self$finalize() : attempt to apply non-function
    Error in x$.self$finalize() : attempt to apply non-function
    Error in x$.self$finalize() : attempt to apply non-function
    Error in x$.self$finalize() : attempt to apply non-function
    Error in x$.self$finalize() : attempt to apply non-function
    Error in x$.self$finalize() : attempt to apply non-function
    Error in x$.self$finalize() : attempt to apply non-function
    Error in x$.self$finalize() : attempt to apply non-function
    Error in x$.self$finalize() : attempt to apply non-function
    Error in x$.self$finalize() : attempt to apply non-function
    Error in x$.self$finalize() : attempt to apply non-function
    Error in x$.self$finalize() : attempt to apply non-function
    Error in x$.self$finalize() : attempt to apply non-function
    Error in x$.self$finalize() : attempt to apply non-function
    Error in x$.self$finalize() : attempt to apply non-function
    Error in x$.self$finalize() : attempt to apply non-function
    Error in x$.self$finalize() : attempt to apply non-function
    Error in x$.self$finalize() : attempt to apply non-function
    Error in x$.self$finalize() : attempt to apply non-function
    Error in x$.self$finalize() : attempt to apply non-function
    Error in x$.self$finalize() : attempt to apply non-function
    Error in x$.self$finalize() : attempt to apply non-function
    Error in x$.self$finalize() : attempt to apply non-function
    Error in x$.self$finalize() : attempt to apply non-function
    Error in x$.self$finalize() : attempt to apply non-function
    Error in x$.self$finalize() : attempt to apply non-function
    Error in x$.self$finalize() : attempt to apply non-function
    Error in x$.self$finalize() : attempt to apply non-function
    Error in x$.self$finalize() : attempt to apply non-function
    Error in x$.self$finalize() : attempt to apply non-function
    Error in x$.self$finalize() : attempt to apply non-function
    Error in x$.self$finalize() : attempt to apply non-function
    Error in x$.self$finalize() : attempt to apply non-function
    Error in x$.self$finalize() : attempt to apply non-function
    Error in x$.self$finalize() : attempt to apply non-function
    Error in x$.self$finalize() : attempt to apply non-function
    Error in x$.self$finalize() : attempt to apply non-function
    Error in x$.self$finalize() : attempt to apply non-function
    Error in x$.self$finalize() : attempt to apply non-function
    Error in x$.self$finalize() : attempt to apply non-function
    Error in x$.self$finalize() : attempt to apply non-function
    Error in x$.self$finalize() : attempt to apply non-function
    Error in x$.self$finalize() : attempt to apply non-function
    Error in x$.self$finalize() : attempt to apply non-function
    Error in x$.self$finalize() : attempt to apply non-function
    Error in x$.self$finalize() : attempt to apply non-function
    Error in x$.self$finalize() : attempt to apply non-function
    Error in x$.self$finalize() : attempt to apply non-function
    Error in x$.self$finalize() : attempt to apply non-function
    Error in x$.self$finalize() : attempt to apply non-function
    Error in x$.self$finalize() : attempt to apply non-function
    Error in x$.self$finalize() : attempt to apply non-function
    Error in x$.self$finalize() : attempt to apply non-function
    Error in x$.self$finalize() : attempt to apply non-function
    Error in x$.self$finalize() : attempt to apply non-function
    Error in x$.self$finalize() : attempt to apply non-function
    Error in x$.self$finalize() : attempt to apply non-function
    Error in x$.self$finalize() : attempt to apply non-function
    Error in x$.self$finalize() : attempt to apply non-function
    Error in x$.self$finalize() : attempt to apply non-function
    Error in x$.self$finalize() : attempt to apply non-function
    Error in x$.self$finalize() : attempt to apply non-function
    Error in x$.self$finalize() : attempt to apply non-function
    Error in x$.self$finalize() : attempt to apply non-function
    Error in x$.self$finalize() : attempt to apply non-function
    Error in x$.self$finalize() : attempt to apply non-function
    Error in x$.self$finalize() : attempt to apply non-function
    Error in x$.self$finalize() : attempt to apply non-function
    Error in x$.self$finalize() : attempt to apply non-function
    Error in x$.self$finalize() : attempt to apply non-function
    Error in x$.self$finalize() : attempt to apply non-function
    Error in x$.self$finalize() : attempt to apply non-function
    Error in x$.self$finalize() : attempt to apply non-function
    Error in x$.self$finalize() : attempt to apply non-function
    Error in x$.self$finalize() : attempt to apply non-function
    Error in x$.self$finalize() : attempt to apply non-function
    Error in x$.self$finalize() : attempt to apply non-function
    Error in x$.self$finalize() : attempt to apply non-function
    Error in x$.self$finalize() : attempt to apply non-function
    Error in x$.self$finalize() : attempt to apply non-function
    Error in x$.self$finalize() : attempt to apply non-function
    Error in x$.self$finalize() : attempt to apply non-function
    Error in x$.self$finalize() : attempt to apply non-function
    Error in x$.self$finalize() : attempt to apply non-function
    Error in x$.self$finalize() : attempt to apply non-function
    Error in x$.self$finalize() : attempt to apply non-function
    Error in x$.self$finalize() : attempt to apply non-function
    Error in x$.self$finalize() : attempt to apply non-function
    Error in x$.self$finalize() : attempt to apply non-function
    Error in x$.self$finalize() : attempt to apply non-function
    Error in x$.self$finalize() : attempt to apply non-function
    Error in x$.self$finalize() : attempt to apply non-function
    Error in x$.self$finalize() : attempt to apply non-function
    Error in x$.self$finalize() : attempt to apply non-function
    Error in x$.self$finalize() : attempt to apply non-function
    Error in x$.self$finalize() : attempt to apply non-function
    Error in x$.self$finalize() : attempt to apply non-function
    Error in x$.self$finalize() : attempt to apply non-function
    Error in x$.self$finalize() : attempt to apply non-function
    Error in x$.self$finalize() : attempt to apply non-function
    Error in x$.self$finalize() : attempt to apply non-function
    Error in x$.self$finalize() : attempt to apply non-function
    Error in x$.self$finalize() : attempt to apply non-function
    Error in x$.self$finalize() : attempt to apply non-function
    Error in x$.self$finalize() : attempt to apply non-function
    Error in x$.self$finalize() : attempt to apply non-function
    Error in x$.self$finalize() : attempt to apply non-function
    Error in x$.self$finalize() : attempt to apply non-function
    Error in x$.self$finalize() : attempt to apply non-function
    Error in x$.self$finalize() : attempt to apply non-function
    Error in x$.self$finalize() : attempt to apply non-function
    Error in x$.self$finalize() : attempt to apply non-function
    Error in x$.self$finalize() : attempt to apply non-function
    Error in x$.self$finalize() : attempt to apply non-function
    Error in x$.self$finalize() : attempt to apply non-function
    Error in x$.self$finalize() : attempt to apply non-function
    Error in x$.self$finalize() : attempt to apply non-function
    Error in x$.self$finalize() : attempt to apply non-function
    Error in x$.self$finalize() : attempt to apply non-function
    Error in x$.self$finalize() : attempt to apply non-function
    Error in x$.self$finalize() : attempt to apply non-function
    Error in x$.self$finalize() : attempt to apply non-function
    Error in x$.self$finalize() : attempt to apply non-function
    Error in x$.self$finalize() : attempt to apply non-function
    Error in x$.self$finalize() : attempt to apply non-function
    Error in x$.self$finalize() : attempt to apply non-function
    Error in x$.self$finalize() : attempt to apply non-function
    Error in x$.self$finalize() : attempt to apply non-function
    Error in x$.self$finalize() : attempt to apply non-function
    Error in x$.self$finalize() : attempt to apply non-function
    Error in x$.self$finalize() : attempt to apply non-function
    Error in x$.self$finalize() : attempt to apply non-function
    Error in x$.self$finalize() : attempt to apply non-function
    Error in x$.self$finalize() : attempt to apply non-function
    Error in x$.self$finalize() : attempt to apply non-function
    Error in x$.self$finalize() : attempt to apply non-function
    Error in x$.self$finalize() : attempt to apply non-function
    Error in x$.self$finalize() : attempt to apply non-function
    Error in x$.self$finalize() : attempt to apply non-function
    Error in x$.self$finalize() : attempt to apply non-function
    Error in x$.self$finalize() : attempt to apply non-function
    Error in x$.self$finalize() : attempt to apply non-function
    Error in x$.self$finalize() : attempt to apply non-function
    Error in x$.self$finalize() : attempt to apply non-function
    Error in x$.self$finalize() : attempt to apply non-function
    Error in x$.self$finalize() : attempt to apply non-function
    Error in x$.self$finalize() : attempt to apply non-function
    Error in x$.self$finalize() : attempt to apply non-function
    Error in x$.self$finalize() : attempt to apply non-function
    Error in x$.self$finalize() : attempt to apply non-function
    Error in x$.self$finalize() : attempt to apply non-function
    Error in x$.self$finalize() : attempt to apply non-function
    Error in x$.self$finalize() : attempt to apply non-function
    Error in x$.self$finalize() : attempt to apply non-function
    Error in x$.self$finalize() : attempt to apply non-function
    Error in x$.self$finalize() : attempt to apply non-function
    Error in x$.self$finalize() : attempt to apply non-function
    Error in x$.self$finalize() : attempt to apply non-function
    Error in x$.self$finalize() : attempt to apply non-function
    Error in x$.self$finalize() : attempt to apply non-function
    Error in x$.self$finalize() : attempt to apply non-function
    Error in x$.self$finalize() : attempt to apply non-function
    Error in x$.self$finalize() : attempt to apply non-function
    Error in x$.self$finalize() : attempt to apply non-function
    Error in x$.self$finalize() : attempt to apply non-function
    Error in x$.self$finalize() : attempt to apply non-function
    Error in x$.self$finalize() : attempt to apply non-function
    Error in x$.self$finalize() : attempt to apply non-function
    Error in x$.self$finalize() : attempt to apply non-function
    Error in x$.self$finalize() : attempt to apply non-function
    Error in x$.self$finalize() : attempt to apply non-function
    Error in x$.self$finalize() : attempt to apply non-function
    Error in x$.self$finalize() : attempt to apply non-function
    Error in x$.self$finalize() : attempt to apply non-function
    Error in x$.self$finalize() : attempt to apply non-function
    Error in x$.self$finalize() : attempt to apply non-function
    Error in x$.self$finalize() : attempt to apply non-function
    Error in x$.self$finalize() : attempt to apply non-function
    Error in x$.self$finalize() : attempt to apply non-function
    Error in x$.self$finalize() : attempt to apply non-function
    Error in x$.self$finalize() : attempt to apply non-function
    Error in x$.self$finalize() : attempt to apply non-function
    Error in x$.self$finalize() : attempt to apply non-function
    Error in x$.self$finalize() : attempt to apply non-function
    Error in x$.self$finalize() : attempt to apply non-function
    Error in x$.self$finalize() : attempt to apply non-function
    Error in x$.self$finalize() : attempt to apply non-function
    Error in x$.self$finalize() : attempt to apply non-function
    Error in x$.self$finalize() : attempt to apply non-function
    Error in x$.self$finalize() : attempt to apply non-function
    Error in x$.self$finalize() : attempt to apply non-function
    Error in x$.self$finalize() : attempt to apply non-function
    Error in x$.self$finalize() : attempt to apply non-function
    Error in x$.self$finalize() : attempt to apply non-function
    Error in x$.self$finalize() : attempt to apply non-function
    Error in x$.self$finalize() : attempt to apply non-function
    Quitting from lines 143-145 (Using_bRacatus.Rmd)
    Error: processing vignette 'Using_bRacatus.Rmd' failed with diagnostics:
    arguments imply differing number of rows: 0, 1
    --- failed re-building 'Using_bRacatus.Rmd'
    
    SUMMARY: processing the following file failed:
     'Using_bRacatus.Rmd'
    
    Error: Vignette re-building failed.
    Execution halted
Flavors: r-devel-linux-x86_64-debian-clang, r-devel-linux-x86_64-debian-gcc

Version: 1.0.0
Check: dependencies in R code
Result: NOTE
    Namespace in Imports field not imported from: ‘testthat’
     All declared Imports should be used.
Flavors: r-devel-linux-x86_64-fedora-clang, r-devel-linux-x86_64-fedora-gcc, r-patched-solaris-x86, r-release-macos-x86_64, r-oldrel-macos-x86_64

Version: 1.0.0
Check: data for non-ASCII characters
Result: NOTE
     Note: found 2469 marked UTF-8 strings
Flavors: r-devel-linux-x86_64-fedora-clang, r-devel-linux-x86_64-fedora-gcc, r-patched-solaris-x86, r-release-macos-x86_64, r-oldrel-macos-x86_64

Version: 1.0.0
Check: re-building of vignette outputs
Result: WARN
    Error(s) in re-building vignettes:
    --- re-building ‘Using_bRacatus.Rmd’ using rmarkdown
    Error in (function (x) : attempt to apply non-function
    Error in (function (x) : attempt to apply non-function
    Error in x$.self$finalize() : attempt to apply non-function
    Error in x$.self$finalize() : attempt to apply non-function
    Error in x$.self$finalize() : attempt to apply non-function
    Error in x$.self$finalize() : attempt to apply non-function
    Error in x$.self$finalize() : attempt to apply non-function
    Error in x$.self$finalize() : attempt to apply non-function
    Error in x$.self$finalize() : attempt to apply non-function
    Error in x$.self$finalize() : attempt to apply non-function
    Error in x$.self$finalize() : attempt to apply non-function
    Error in x$.self$finalize() : attempt to apply non-function
    Error in x$.self$finalize() : attempt to apply non-function
    Error in x$.self$finalize() : attempt to apply non-function
    Error in x$.self$finalize() : attempt to apply non-function
    Error in x$.self$finalize() : attempt to apply non-function
    Error in x$.self$finalize() : attempt to apply non-function
    Error in x$.self$finalize() : attempt to apply non-function
    Error in x$.self$finalize() : attempt to apply non-function
    Error in x$.self$finalize() : attempt to apply non-function
    Error in x$.self$finalize() : attempt to apply non-function
    Error in x$.self$finalize() : attempt to apply non-function
    Error in x$.self$finalize() : attempt to apply non-function
    Error in x$.self$finalize() : attempt to apply non-function
    Error in x$.self$finalize() : attempt to apply non-function
    Error in x$.self$finalize() : attempt to apply non-function
    Error in x$.self$finalize() : attempt to apply non-function
    Error in x$.self$finalize() : attempt to apply non-function
    Error in x$.self$finalize() : attempt to apply non-function
    Error in x$.self$finalize() : attempt to apply non-function
    Error in x$.self$finalize() : attempt to apply non-function
    Error in x$.self$finalize() : attempt to apply non-function
    Error in x$.self$finalize() : attempt to apply non-function
    Error in x$.self$finalize() : attempt to apply non-function
    Error in x$.self$finalize() : attempt to apply non-function
    Error in x$.self$finalize() : attempt to apply non-function
    Error in x$.self$finalize() : attempt to apply non-function
    Error in x$.self$finalize() : attempt to apply non-function
    Error in x$.self$finalize() : attempt to apply non-function
    Error in x$.self$finalize() : attempt to apply non-function
    Error in x$.self$finalize() : attempt to apply non-function
    Error in x$.self$finalize() : attempt to apply non-function
    Error in x$.self$finalize() : attempt to apply non-function
    Error in x$.self$finalize() : attempt to apply non-function
    Error in x$.self$finalize() : attempt to apply non-function
    Error in x$.self$finalize() : attempt to apply non-function
    Error in x$.self$finalize() : attempt to apply non-function
    Error in x$.self$finalize() : attempt to apply non-function
    Error in x$.self$finalize() : attempt to apply non-function
    Error in x$.self$finalize() : attempt to apply non-function
    Error in x$.self$finalize() : attempt to apply non-function
    Error in x$.self$finalize() : attempt to apply non-function
    Error in x$.self$finalize() : attempt to apply non-function
    Error in x$.self$finalize() : attempt to apply non-function
    Error in x$.self$finalize() : attempt to apply non-function
    Error in x$.self$finalize() : attempt to apply non-function
    Error in x$.self$finalize() : attempt to apply non-function
    Error in x$.self$finalize() : attempt to apply non-function
    Error in x$.self$finalize() : attempt to apply non-function
    Error in x$.self$finalize() : attempt to apply non-function
    Error in x$.self$finalize() : attempt to apply non-function
    Error in x$.self$finalize() : attempt to apply non-function
    Error in x$.self$finalize() : attempt to apply non-function
    Error in x$.self$finalize() : attempt to apply non-function
    Error in x$.self$finalize() : attempt to apply non-function
    Error in x$.self$finalize() : attempt to apply non-function
    Error in x$.self$finalize() : attempt to apply non-function
    Error in x$.self$finalize() : attempt to apply non-function
    Error in x$.self$finalize() : attempt to apply non-function
    Error in x$.self$finalize() : attempt to apply non-function
    Error in x$.self$finalize() : attempt to apply non-function
    Error in x$.self$finalize() : attempt to apply non-function
    Error in x$.self$finalize() : attempt to apply non-function
    Error in x$.self$finalize() : attempt to apply non-function
    Error in x$.self$finalize() : attempt to apply non-function
    Error in x$.self$finalize() : attempt to apply non-function
    Error in x$.self$finalize() : attempt to apply non-function
    Error in x$.self$finalize() : attempt to apply non-function
    Error in x$.self$finalize() : attempt to apply non-function
    Error in x$.self$finalize() : attempt to apply non-function
    Error in x$.self$finalize() : attempt to apply non-function
    Error in x$.self$finalize() : attempt to apply non-function
    Error in x$.self$finalize() : attempt to apply non-function
    Error in x$.self$finalize() : attempt to apply non-function
    Error in x$.self$finalize() : attempt to apply non-function
    Error in x$.self$finalize() : attempt to apply non-function
    Error in x$.self$finalize() : attempt to apply non-function
    Error in x$.self$finalize() : attempt to apply non-function
    Error in x$.self$finalize() : attempt to apply non-function
    Error in x$.self$finalize() : attempt to apply non-function
    Error in x$.self$finalize() : attempt to apply non-function
    Error in x$.self$finalize() : attempt to apply non-function
    Error in x$.self$finalize() : attempt to apply non-function
    Error in x$.self$finalize() : attempt to apply non-function
    Error in x$.self$finalize() : attempt to apply non-function
    Error in x$.self$finalize() : attempt to apply non-function
    Error in x$.self$finalize() : attempt to apply non-function
    Error in x$.self$finalize() : attempt to apply non-function
    Error in x$.self$finalize() : attempt to apply non-function
    Error in x$.self$finalize() : attempt to apply non-function
    Error in x$.self$finalize() : attempt to apply non-function
    Error in x$.self$finalize() : attempt to apply non-function
    Error in x$.self$finalize() : attempt to apply non-function
    Error in x$.self$finalize() : attempt to apply non-function
    Error in x$.self$finalize() : attempt to apply non-function
    Error in x$.self$finalize() : attempt to apply non-function
    Error in x$.self$finalize() : attempt to apply non-function
    Error in x$.self$finalize() : attempt to apply non-function
    Error in x$.self$finalize() : attempt to apply non-function
    Error in x$.self$finalize() : attempt to apply non-function
    Error in x$.self$finalize() : attempt to apply non-function
    Error in x$.self$finalize() : attempt to apply non-function
    Error in x$.self$finalize() : attempt to apply non-function
    Error in x$.self$finalize() : attempt to apply non-function
    Error in x$.self$finalize() : attempt to apply non-function
    Error in x$.self$finalize() : attempt to apply non-function
    Error in x$.self$finalize() : attempt to apply non-function
    Error in x$.self$finalize() : attempt to apply non-function
    Error in x$.self$finalize() : attempt to apply non-function
    Error in x$.self$finalize() : attempt to apply non-function
    Error in x$.self$finalize() : attempt to apply non-function
    Error in x$.self$finalize() : attempt to apply non-function
    Error in x$.self$finalize() : attempt to apply non-function
    Error in x$.self$finalize() : attempt to apply non-function
    Error in x$.self$finalize() : attempt to apply non-function
    Error in x$.self$finalize() : attempt to apply non-function
    Error in x$.self$finalize() : attempt to apply non-function
    Error in x$.self$finalize() : attempt to apply non-function
    Error in x$.self$finalize() : attempt to apply non-function
    Error in x$.self$finalize() : attempt to apply non-function
    Error in x$.self$finalize() : attempt to apply non-function
    Error in x$.self$finalize() : attempt to apply non-function
    Error in x$.self$finalize() : attempt to apply non-function
    Error in x$.self$finalize() : attempt to apply non-function
    Error in x$.self$finalize() : attempt to apply non-function
    Error in x$.self$finalize() : attempt to apply non-function
    Error in x$.self$finalize() : attempt to apply non-function
    Error in x$.self$finalize() : attempt to apply non-function
    Error in x$.self$finalize() : attempt to apply non-function
    Error in x$.self$finalize() : attempt to apply non-function
    Error in x$.self$finalize() : attempt to apply non-function
    Error in x$.self$finalize() : attempt to apply non-function
    Error in x$.self$finalize() : attempt to apply non-function
    Error in x$.self$finalize() : attempt to apply non-function
    Error in x$.self$finalize() : attempt to apply non-function
    Error in x$.self$finalize() : attempt to apply non-function
    Error in x$.self$finalize() : attempt to apply non-function
    Error in x$.self$finalize() : attempt to apply non-function
    Error in x$.self$finalize() : attempt to apply non-function
    Error in x$.self$finalize() : attempt to apply non-function
    Error in x$.self$finalize() : attempt to apply non-function
    Error in x$.self$finalize() : attempt to apply non-function
    Error in x$.self$finalize() : attempt to apply non-function
    Error in x$.self$finalize() : attempt to apply non-function
    Error in x$.self$finalize() : attempt to apply non-function
    Error in x$.self$finalize() : attempt to apply non-function
    Error in x$.self$finalize() : attempt to apply non-function
    Error in x$.self$finalize() : attempt to apply non-function
    Error in x$.self$finalize() : attempt to apply non-function
    Error in x$.self$finalize() : attempt to apply non-function
    Error in x$.self$finalize() : attempt to apply non-function
    Error in x$.self$finalize() : attempt to apply non-function
    Error in x$.self$finalize() : attempt to apply non-function
    Error in x$.self$finalize() : attempt to apply non-function
    Error in x$.self$finalize() : attempt to apply non-function
    Error in x$.self$finalize() : attempt to apply non-function
    Error in x$.self$finalize() : attempt to apply non-function
    Error in x$.self$finalize() : attempt to apply non-function
    Error in x$.self$finalize() : attempt to apply non-function
    Error in x$.self$finalize() : attempt to apply non-function
    Error in x$.self$finalize() : attempt to apply non-function
    Error in x$.self$finalize() : attempt to apply non-function
    Error in x$.self$finalize() : attempt to apply non-function
    Error in x$.self$finalize() : attempt to apply non-function
    Error in x$.self$finalize() : attempt to apply non-function
    Error in x$.self$finalize() : attempt to apply non-function
    Error in x$.self$finalize() : attempt to apply non-function
    Error in x$.self$finalize() : attempt to apply non-function
    Error in x$.self$finalize() : attempt to apply non-function
    Error in x$.self$finalize() : attempt to apply non-function
    Error in x$.self$finalize() : attempt to apply non-function
    Error in x$.self$finalize() : attempt to apply non-function
    Error in x$.self$finalize() : attempt to apply non-function
    Error in x$.self$finalize() : attempt to apply non-function
    Error in x$.self$finalize() : attempt to apply non-function
    Error in x$.self$finalize() : attempt to apply non-function
    Error in x$.self$finalize() : attempt to apply non-function
    Error in x$.self$finalize() : attempt to apply non-function
    Error in x$.self$finalize() : attempt to apply non-function
    Error in x$.self$finalize() : attempt to apply non-function
    Error in x$.self$finalize() : attempt to apply non-function
    Error in x$.self$finalize() : attempt to apply non-function
    Error in x$.self$finalize() : attempt to apply non-function
    Error in x$.self$finalize() : attempt to apply non-function
    Error in x$.self$finalize() : attempt to apply non-function
    Error in x$.self$finalize() : attempt to apply non-function
    Error in x$.self$finalize() : attempt to apply non-function
    Error in x$.self$finalize() : attempt to apply non-function
    Error in x$.self$finalize() : attempt to apply non-function
    Error in x$.self$finalize() : attempt to apply non-function
    Error in x$.self$finalize() : attempt to apply non-function
    Error in x$.self$finalize() : attempt to apply non-function
    Error in x$.self$finalize() : attempt to apply non-function
    Error in x$.self$finalize() : attempt to apply non-function
    Error in x$.self$finalize() : attempt to apply non-function
    Error in x$.self$finalize() : attempt to apply non-function
    Error in x$.self$finalize() : attempt to apply non-function
    Error in x$.self$finalize() : attempt to apply non-function
    Error in x$.self$finalize() : attempt to apply non-function
    Error in x$.self$finalize() : attempt to apply non-function
    Error in x$.self$finalize() : attempt to apply non-function
    Error in x$.self$finalize() : attempt to apply non-function
    Error in x$.self$finalize() : attempt to apply non-function
    Error in x$.self$finalize() : attempt to apply non-function
    Error in x$.self$finalize() : attempt to apply non-function
    Error in x$.self$finalize() : attempt to apply non-function
    Error in x$.self$finalize() : attempt to apply non-function
    Error in x$.self$finalize() : attempt to apply non-function
    Error in x$.self$finalize() : attempt to apply non-function
    Error in x$.self$finalize() : attempt to apply non-function
    Error in x$.self$finalize() : attempt to apply non-function
    Error in x$.self$finalize() : attempt to apply non-function
    Error in x$.self$finalize() : attempt to apply non-function
    Error in x$.self$finalize() : attempt to apply non-function
    Error in x$.self$finalize() : attempt to apply non-function
    Error in x$.self$finalize() : attempt to apply non-function
    Error in x$.self$finalize() : attempt to apply non-function
    Error in x$.self$finalize() : attempt to apply non-function
    Error in x$.self$finalize() : attempt to apply non-function
    Error in x$.self$finalize() : attempt to apply non-function
    Error in x$.self$finalize() : attempt to apply non-function
    Error in x$.self$finalize() : attempt to apply non-function
    Error in x$.self$finalize() : attempt to apply non-function
    Error in x$.self$finalize() : attempt to apply non-function
    Error in x$.self$finalize() : attempt to apply non-function
    Error in x$.self$finalize() : attempt to apply non-function
    Error in x$.self$finalize() : attempt to apply non-function
    Error in x$.self$finalize() : attempt to apply non-function
    Error in x$.self$finalize() : attempt to apply non-function
    Error in x$.self$finalize() : attempt to apply non-function
    Error in x$.self$finalize() : attempt to apply non-function
    Error in x$.self$finalize() : attempt to apply non-function
    Error in x$.self$finalize() : attempt to apply non-function
    Error in x$.self$finalize() : attempt to apply non-function
    Error in x$.self$finalize() : attempt to apply non-function
    Error in x$.self$finalize() : attempt to apply non-function
    Error in x$.self$finalize() : attempt to apply non-function
    Error in x$.self$finalize() : attempt to apply non-function
    Error in x$.self$finalize() : attempt to apply non-function
    Error in x$.self$finalize() : attempt to apply non-function
    Error in x$.self$finalize() : attempt to apply non-function
    Error in x$.self$finalize() : attempt to apply non-function
    Error in x$.self$finalize() : attempt to apply non-function
    Error in x$.self$finalize() : attempt to apply non-function
    Error in x$.self$finalize() : attempt to apply non-function
    Error in x$.self$finalize() : attempt to apply non-function
    Error in x$.self$finalize() : attempt to apply non-function
    Error in x$.self$finalize() : attempt to apply non-function
    Error in x$.self$finalize() : attempt to apply non-function
    Error in x$.self$finalize() : attempt to apply non-function
    Error in x$.self$finalize() : attempt to apply non-function
    Error in x$.self$finalize() : attempt to apply non-function
    Error in x$.self$finalize() : attempt to apply non-function
    Error in x$.self$finalize() : attempt to apply non-function
    Error in x$.self$finalize() : attempt to apply non-function
    Error in x$.self$finalize() : attempt to apply non-function
    Error in x$.self$finalize() : attempt to apply non-function
    Error in x$.self$finalize() : attempt to apply non-function
    Error in x$.self$finalize() : attempt to apply non-function
    Error in x$.self$finalize() : attempt to apply non-function
    Error in x$.self$finalize() : attempt to apply non-function
    Error in x$.self$finalize() : attempt to apply non-function
    Error in x$.self$finalize() : attempt to apply non-function
    Error in x$.self$finalize() : attempt to apply non-function
    Error in x$.self$finalize() : attempt to apply non-function
    Error in x$.self$finalize() : attempt to apply non-function
    Error in x$.self$finalize() : attempt to apply non-function
    Error in x$.self$finalize() : attempt to apply non-function
    Error in x$.self$finalize() : attempt to apply non-function
    Error in x$.self$finalize() : attempt to apply non-function
    Error in x$.self$finalize() : attempt to apply non-function
    Error in x$.self$finalize() : attempt to apply non-function
    Error in x$.self$finalize() : attempt to apply non-function
    Error in x$.self$finalize() : attempt to apply non-function
    Error in x$.self$finalize() : attempt to apply non-function
    Error in x$.self$finalize() : attempt to apply non-function
    Error in x$.self$finalize() : attempt to apply non-function
    Error in x$.self$finalize() : attempt to apply non-function
    Error in x$.self$finalize() : attempt to apply non-function
    Error in x$.self$finalize() : attempt to apply non-function
    Error in x$.self$finalize() : attempt to apply non-function
    Error in x$.self$finalize() : attempt to apply non-function
    Error in x$.self$finalize() : attempt to apply non-function
    Error in x$.self$finalize() : attempt to apply non-function
    Error in x$.self$finalize() : attempt to apply non-function
    Error in x$.self$finalize() : attempt to apply non-function
    Error in x$.self$finalize() : attempt to apply non-function
    Error in x$.self$finalize() : attempt to apply non-function
    Error in x$.self$finalize() : attempt to apply non-function
    Error in x$.self$finalize() : attempt to apply non-function
    Error in x$.self$finalize() : attempt to apply non-function
    Error in x$.self$finalize() : attempt to apply non-function
    Error in x$.self$finalize() : attempt to apply non-function
    Error in x$.self$finalize() : attempt to apply non-function
    Error in x$.self$finalize() : attempt to apply non-function
    Error in x$.self$finalize() : attempt to apply non-function
    Error in x$.self$finalize() : attempt to apply non-function
    Error in x$.self$finalize() : attempt to apply non-function
    Error in x$.self$finalize() : attempt to apply non-function
    Error in x$.self$finalize() : attempt to apply non-function
    Error in x$.self$finalize() : attempt to apply non-function
    Error in x$.self$finalize() : attempt to apply non-function
    Error in x$.self$finalize() : attempt to apply non-function
    Error in x$.self$finalize() : attempt to apply non-function
    Error in x$.self$finalize() : attempt to apply non-function
    Error in x$.self$finalize() : attempt to apply non-function
    Error in x$.self$finalize() : attempt to apply non-function
    Error in x$.self$finalize() : attempt to apply non-function
    Error in x$.self$finalize() : attempt to apply non-function
    Error in x$.self$finalize() : attempt to apply non-function
    Error in x$.self$finalize() : attempt to apply non-function
    Error in x$.self$finalize() : attempt to apply non-function
    Error in x$.self$finalize() : attempt to apply non-function
    Error in x$.self$finalize() : attempt to apply non-function
    Error in x$.self$finalize() : attempt to apply non-function
    Error in x$.self$finalize() : attempt to apply non-function
    Error in x$.self$finalize() : attempt to apply non-function
    Error in x$.self$finalize() : attempt to apply non-function
    Error in x$.self$finalize() : attempt to apply non-function
    Error in x$.self$finalize() : attempt to apply non-function
    Error in x$.self$finalize() : attempt to apply non-function
    Error in x$.self$finalize() : attempt to apply non-function
    Error in x$.self$finalize() : attempt to apply non-function
    Error in x$.self$finalize() : attempt to apply non-function
    Error in x$.self$finalize() : attempt to apply non-function
    Error in x$.self$finalize() : attempt to apply non-function
    Error in x$.self$finalize() : attempt to apply non-function
    Error in x$.self$finalize() : attempt to apply non-function
    Error in x$.self$finalize() : attempt to apply non-function
    Error in x$.self$finalize() : attempt to apply non-function
    Error in x$.self$finalize() : attempt to apply non-function
    Error in x$.self$finalize() : attempt to apply non-function
    Error in x$.self$finalize() : attempt to apply non-function
    Error in x$.self$finalize() : attempt to apply non-function
    Error in x$.self$finalize() : attempt to apply non-function
    Error in x$.self$finalize() : attempt to apply non-function
    Error in x$.self$finalize() : attempt to apply non-function
    Error in x$.self$finalize() : attempt to apply non-function
    Error in x$.self$finalize() : attempt to apply non-function
    Error in x$.self$finalize() : attempt to apply non-function
    Error in x$.self$finalize() : attempt to apply non-function
    Error in x$.self$finalize() : attempt to apply non-function
    Error in x$.self$finalize() : attempt to apply non-function
    Error in x$.self$finalize() : attempt to apply non-function
    Error in x$.self$finalize() : attempt to apply non-function
    Error in x$.self$finalize() : attempt to apply non-function
    Error in x$.self$finalize() : attempt to apply non-function
    Error in x$.self$finalize() : attempt to apply non-function
    Error in x$.self$finalize() : attempt to apply non-function
    Error in x$.self$finalize() : attempt to apply non-function
    Error in x$.self$finalize() : attempt to apply non-function
    Error in x$.self$finalize() : attempt to apply non-function
    Error in x$.self$finalize() : attempt to apply non-function
    Error in x$.self$finalize() : attempt to apply non-function
    Error in x$.self$finalize() : attempt to apply non-function
    Error in x$.self$finalize() : attempt to apply non-function
    Error in x$.self$finalize() : attempt to apply non-function
    Error in x$.self$finalize() : attempt to apply non-function
    Error in x$.self$finalize() : attempt to apply non-function
    Error in x$.self$finalize() : attempt to apply non-function
    Error in x$.self$finalize() : attempt to apply non-function
    Error in x$.self$finalize() : attempt to apply non-function
    Error in x$.self$finalize() : attempt to apply non-function
    Error in x$.self$finalize() : attempt to apply non-function
    Error in x$.self$finalize() : attempt to apply non-function
    Error in x$.self$finalize() : attempt to apply non-function
    Error in x$.self$finalize() : attempt to apply non-function
    Error in x$.self$finalize() : attempt to apply non-function
    Error in x$.self$finalize() : attempt to apply non-function
    Error in x$.self$finalize() : attempt to apply non-function
    Error in x$.self$finalize() : attempt to apply non-function
    Error in x$.self$finalize() : attempt to apply non-function
    Error in x$.self$finalize() : attempt to apply non-function
    Error in x$.self$finalize() : attempt to apply non-function
    Error in x$.self$finalize() : attempt to apply non-function
    Error in x$.self$finalize() : attempt to apply non-function
    Error in x$.self$finalize() : attempt to apply non-function
    Error in x$.self$finalize() : attempt to apply non-function
    Error in x$.self$finalize() : attempt to apply non-function
    Error in x$.self$finalize() : attempt to apply non-function
    Error in x$.self$finalize() : attempt to apply non-function
    Error in x$.self$finalize() : attempt to apply non-function
    Error in x$.self$finalize() : attempt to apply non-function
    Error in x$.self$finalize() : attempt to apply non-function
    Error in x$.self$finalize() : attempt to apply non-function
    Error in x$.self$finalize() : attempt to apply non-function
    Error in x$.self$finalize() : attempt to apply non-function
    Error in x$.self$finalize() : attempt to apply non-function
    Error in x$.self$finalize() : attempt to apply non-function
    Error in x$.self$finalize() : attempt to apply non-function
    Error in x$.self$finalize() : attempt to apply non-function
    Error in x$.self$finalize() : attempt to apply non-function
    Error in x$.self$finalize() : attempt to apply non-function
    Error in x$.self$finalize() : attempt to apply non-function
    Error in x$.self$finalize() : attempt to apply non-function
    Error in x$.self$finalize() : attempt to apply non-function
    Error in x$.self$finalize() : attempt to apply non-function
    Error in x$.self$finalize() : attempt to apply non-function
    Error in x$.self$finalize() : attempt to apply non-function
    Error in x$.self$finalize() : attempt to apply non-function
    Error in x$.self$finalize() : attempt to apply non-function
    Error in x$.self$finalize() : attempt to apply non-function
    Error in x$.self$finalize() : attempt to apply non-function
    Error in x$.self$finalize() : attempt to apply non-function
    Error in x$.self$finalize() : attempt to apply non-function
    Error in x$.self$finalize() : attempt to apply non-function
    Error in x$.self$finalize() : attempt to apply non-function
    Error in x$.self$finalize() : attempt to apply non-function
    Error in x$.self$finalize() : attempt to apply non-function
    Error in x$.self$finalize() : attempt to apply non-function
    Error in x$.self$finalize() : attempt to apply non-function
    Error in x$.self$finalize() : attempt to apply non-function
    Error in x$.self$finalize() : attempt to apply non-function
    Error in x$.self$finalize() : attempt to apply non-function
    Error in x$.self$finalize() : attempt to apply non-function
    Error in x$.self$finalize() : attempt to apply non-function
    Error in x$.self$finalize() : attempt to apply non-function
    Error in x$.self$finalize() : attempt to apply non-function
    Error in x$.self$finalize() : attempt to apply non-function
    Error in x$.self$finalize() : attempt to apply non-function
    Error in x$.self$finalize() : attempt to apply non-function
    Error in x$.self$finalize() : attempt to apply non-function
    Error in x$.self$finalize() : attempt to apply non-function
    Error in x$.self$finalize() : attempt to apply non-function
    Error in x$.self$finalize() : attempt to apply non-function
    Error in x$.self$finalize() : attempt to apply non-function
    Error in x$.self$finalize() : attempt to apply non-function
    Error in x$.self$finalize() : attempt to apply non-function
    Error in x$.self$finalize() : attempt to apply non-function
    Error in x$.self$finalize() : attempt to apply non-function
    Error in x$.self$finalize() : attempt to apply non-function
    Error in x$.self$finalize() : attempt to apply non-function
    Error in x$.self$finalize() : attempt to apply non-function
    Error in x$.self$finalize() : attempt to apply non-function
    Error in x$.self$finalize() : attempt to apply non-function
    Error in x$.self$finalize() : attempt to apply non-function
    Error in x$.self$finalize() : attempt to apply non-function
    Error in x$.self$finalize() : attempt to apply non-function
    Error in x$.self$finalize() : attempt to apply non-function
    Error in x$.self$finalize() : attempt to apply non-function
    Error in x$.self$finalize() : attempt to apply non-function
    Error in x$.self$finalize() : attempt to apply non-function
    Error in x$.self$finalize() : attempt to apply non-function
    Error in x$.self$finalize() : attempt to apply non-function
    Error in x$.self$finalize() : attempt to apply non-function
    Error in x$.self$finalize() : attempt to apply non-function
    Error in x$.self$finalize() : attempt to apply non-function
    Error in x$.self$finalize() : attempt to apply non-function
    Error in x$.self$finalize() : attempt to apply non-function
    Error in x$.self$finalize() : attempt to apply non-function
    Error in x$.self$finalize() : attempt to apply non-function
    Error in x$.self$finalize() : attempt to apply non-function
    Error in x$.self$finalize() : attempt to apply non-function
    Error in x$.self$finalize() : attempt to apply non-function
    Error in x$.self$finalize() : attempt to apply non-function
    Error in x$.self$finalize() : attempt to apply non-function
    Error in x$.self$finalize() : attempt to apply non-function
    Error in x$.self$finalize() : attempt to apply non-function
    Error in x$.self$finalize() : attempt to apply non-function
    Error in x$.self$finalize() : attempt to apply non-function
    Error in x$.self$finalize() : attempt to apply non-function
    Error in x$.self$finalize() : attempt to apply non-function
    Error in x$.self$finalize() : attempt to apply non-function
    Error in x$.self$finalize() : attempt to apply non-function
    Error in x$.self$finalize() : attempt to apply non-function
    Error in x$.self$finalize() : attempt to apply non-function
    Error in x$.self$finalize() : attempt to apply non-function
    Error in x$.self$finalize() : attempt to apply non-function
    Error in x$.self$finalize() : attempt to apply non-function
    Error in x$.self$finalize() : attempt to apply non-function
    Error in x$.self$finalize() : attempt to apply non-function
    Error in x$.self$finalize() : attempt to apply non-function
    Error in x$.self$finalize() : attempt to apply non-function
    Error in x$.self$finalize() : attempt to apply non-function
    Error in x$.self$finalize() : attempt to apply non-function
    Error in x$.self$finalize() : attempt to apply non-function
    Error in x$.self$finalize() : attempt to apply non-function
    Error in x$.self$finalize() : attempt to apply non-function
    Error in x$.self$finalize() : attempt to apply non-function
    Error in x$.self$finalize() : attempt to apply non-function
    Error in x$.self$finalize() : attempt to apply non-function
    Error in x$.self$finalize() : attempt to apply non-function
    Error in x$.self$finalize() : attempt to apply non-function
    Error in x$.self$finalize() : attempt to apply non-function
    Error in x$.self$finalize() : attempt to apply non-function
    Error in x$.self$finalize() : attempt to apply non-function
    Error in x$.self$finalize() : attempt to apply non-function
    Error in x$.self$finalize() : attempt to apply non-function
    Error in x$.self$finalize() : attempt to apply non-function
    Error in x$.self$finalize() : attempt to apply non-function
    Error in x$.self$finalize() : attempt to apply non-function
    Error in x$.self$finalize() : attempt to apply non-function
    Error in x$.self$finalize() : attempt to apply non-function
    Error in x$.self$finalize() : attempt to apply non-function
    Error in x$.self$finalize() : attempt to apply non-function
    Error in x$.self$finalize() : attempt to apply non-function
    Error in x$.self$finalize() : attempt to apply non-function
    Error in x$.self$finalize() : attempt to apply non-function
    Error in x$.self$finalize() : attempt to apply non-function
    Error in x$.self$finalize() : attempt to apply non-function
    Error in x$.self$finalize() : attempt to apply non-function
    Error in x$.self$finalize() : attempt to apply non-function
    Error in x$.self$finalize() : attempt to apply non-function
    Error in x$.self$finalize() : attempt to apply non-function
    Error in x$.self$finalize() : attempt to apply non-function
    Error in x$.self$finalize() : attempt to apply non-function
    Error in x$.self$finalize() : attempt to apply non-function
    Error in x$.self$finalize() : attempt to apply non-function
    Error in x$.self$finalize() : attempt to apply non-function
    Error in x$.self$finalize() : attempt to apply non-function
    Error in x$.self$finalize() : attempt to apply non-function
    Error in x$.self$finalize() : attempt to apply non-function
    Error in x$.self$finalize() : attempt to apply non-function
    Error in x$.self$finalize() : attempt to apply non-function
    Error in x$.self$finalize() : attempt to apply non-function
    Error in x$.self$finalize() : attempt to apply non-function
    Error in x$.self$finalize() : attempt to apply non-function
    Error in x$.self$finalize() : attempt to apply non-function
    Error in x$.self$finalize() : attempt to apply non-function
    Error in x$.self$finalize() : attempt to apply non-function
    Error in x$.self$finalize() : attempt to apply non-function
    Error in x$.self$finalize() : attempt to apply non-function
    Error in x$.self$finalize() : attempt to apply non-function
    Error in x$.self$finalize() : attempt to apply non-function
    Error in x$.self$finalize() : attempt to apply non-function
    Error in x$.self$finalize() : attempt to apply non-function
    Error in x$.self$finalize() : attempt to apply non-function
    Error in x$.self$finalize() : attempt to apply non-function
    Error in x$.self$finalize() : attempt to apply non-function
    Error in x$.self$finalize() : attempt to apply non-function
    Error in x$.self$finalize() : attempt to apply non-function
    Error in x$.self$finalize() : attempt to apply non-function
    Error in x$.self$finalize() : attempt to apply non-function
    Error in x$.self$finalize() : attempt to apply non-function
    Error in x$.self$finalize() : attempt to apply non-function
    Error in x$.self$finalize() : attempt to apply non-function
    Error in x$.self$finalize() : attempt to apply non-function
    Error in x$.self$finalize() : attempt to apply non-function
    Error in x$.self$finalize() : attempt to apply non-function
    Error in x$.self$finalize() : attempt to apply non-function
    Error in x$.self$finalize() : attempt to apply non-function
    Error in x$.self$finalize() : attempt to apply non-function
    Error in x$.self$finalize() : attempt to apply non-function
    Error in x$.self$finalize() : attempt to apply non-function
    Error in x$.self$finalize() : attempt to apply non-function
    Error in x$.self$finalize() : attempt to apply non-function
    Error in x$.self$finalize() : attempt to apply non-function
    Error in x$.self$finalize() : attempt to apply non-function
    Error in x$.self$finalize() : attempt to apply non-function
    Error in x$.self$finalize() : attempt to apply non-function
    Error in x$.self$finalize() : attempt to apply non-function
    Error in x$.self$finalize() : attempt to apply non-function
    Error in x$.self$finalize() : attempt to apply non-function
    Error in x$.self$finalize() : attempt to apply non-function
    Error in x$.self$finalize() : attempt to apply non-function
    Error in x$.self$finalize() : attempt to apply non-function
    Error in x$.self$finalize() : attempt to apply non-function
    Error in x$.self$finalize() : attempt to apply non-function
    Error in x$.self$finalize() : attempt to apply non-function
    Error in x$.self$finalize() : attempt to apply non-function
    Error in x$.self$finalize() : attempt to apply non-function
    Error in x$.self$finalize() : attempt to apply non-function
    Error in x$.self$finalize() : attempt to apply non-function
    Error in x$.self$finalize() : attempt to apply non-function
    Error in x$.self$finalize() : attempt to apply non-function
    Error in x$.self$finalize() : attempt to apply non-function
    Error in x$.self$finalize() : attempt to apply non-function
    Error in x$.self$finalize() : attempt to apply non-function
    Error in x$.self$finalize() : attempt to apply non-function
    Error in x$.self$finalize() : attempt to apply non-function
    Error in x$.self$finalize() : attempt to apply non-function
    Error in x$.self$finalize() : attempt to apply non-function
    Error in x$.self$finalize() : attempt to apply non-function
    Error in x$.self$finalize() : attempt to apply non-function
    Error in x$.self$finalize() : attempt to apply non-function
    Error in x$.self$finalize() : attempt to apply non-function
    Error in x$.self$finalize() : attempt to apply non-function
    Error in x$.self$finalize() : attempt to apply non-function
    Error in x$.self$finalize() : attempt to apply non-function
    Error in x$.self$finalize() : attempt to apply non-function
    Error in x$.self$finalize() : attempt to apply non-function
    Error in x$.self$finalize() : attempt to apply non-function
    Error in x$.self$finalize() : attempt to apply non-function
    Error in x$.self$finalize() : attempt to apply non-function
    Error in x$.self$finalize() : attempt to apply non-function
    Error in x$.self$finalize() : attempt to apply non-function
    Error in x$.self$finalize() : attempt to apply non-function
    Error in x$.self$finalize() : attempt to apply non-function
    Error in x$.self$finalize() : attempt to apply non-function
    Error in x$.self$finalize() : attempt to apply non-function
    Error in x$.self$finalize() : attempt to apply non-function
    Error in x$.self$finalize() : attempt to apply non-function
    Error in x$.self$finalize() : attempt to apply non-function
    Error in x$.self$finalize() : attempt to apply non-function
    Error in x$.self$finalize() : attempt to apply non-function
    Error in x$.self$finalize() : attempt to apply non-function
    Error in x$.self$finalize() : attempt to apply non-function
    Error in x$.self$finalize() : attempt to apply non-function
    Error in x$.self$finalize() : attempt to apply non-function
    Error in x$.self$finalize() : attempt to apply non-function
    Error in x$.self$finalize() : attempt to apply non-function
    Error in x$.self$finalize() : attempt to apply non-function
    Error in x$.self$finalize() : attempt to apply non-function
    Error in x$.self$finalize() : attempt to apply non-function
    Error in x$.self$finalize() : attempt to apply non-function
    Error in x$.self$finalize() : attempt to apply non-function
    Error in x$.self$finalize() : attempt to apply non-function
    Error in x$.self$finalize() : attempt to apply non-function
    Error in x$.self$finalize() : attempt to apply non-function
    Error in x$.self$finalize() : attempt to apply non-function
    Error in x$.self$finalize() : attempt to apply non-function
    Error in x$.self$finalize() : attempt to apply non-function
    Error in x$.self$finalize() : attempt to apply non-function
    Error in x$.self$finalize() : attempt to apply non-function
    Error in x$.self$finalize() : attempt to apply non-function
    Error in x$.self$finalize() : attempt to apply non-function
    Error in x$.self$finalize() : attempt to apply non-function
    Error in x$.self$finalize() : attempt to apply non-function
    Error in x$.self$finalize() : attempt to apply non-function
    Error in x$.self$finalize() : attempt to apply non-function
    Error in x$.self$finalize() : attempt to apply non-function
    Error in x$.self$finalize() : attempt to apply non-function
    Error in x$.self$finalize() : attempt to apply non-function
    Error in x$.self$finalize() : attempt to apply non-function
    Error in x$.self$finalize() : attempt to apply non-function
    Error in x$.self$finalize() : attempt to apply non-function
    Error in x$.self$finalize() : attempt to apply non-function
    Error in x$.self$finalize() : attempt to apply non-function
    Error in x$.self$finalize() : attempt to apply non-function
    Error in x$.self$finalize() : attempt to apply non-function
    Error in x$.self$finalize() : attempt to apply non-function
    Error in x$.self$finalize() : attempt to apply non-function
    Error in x$.self$finalize() : attempt to apply non-function
    Error in x$.self$finalize() : attempt to apply non-function
    Error in x$.self$finalize() : attempt to apply non-function
    Error in x$.self$finalize() : attempt to apply non-function
    Error in x$.self$finalize() : attempt to apply non-function
    Error in x$.self$finalize() : attempt to apply non-function
    Error in x$.self$finalize() : attempt to apply non-function
    Error in x$.self$finalize() : attempt to apply non-function
    Error in x$.self$finalize() : attempt to apply non-function
    Error in x$.self$finalize() : attempt to apply non-function
    Error in x$.self$finalize() : attempt to apply non-function
    Error in x$.self$finalize() : attempt to apply non-function
    Error in x$.self$finalize() : attempt to apply non-function
    Error in x$.self$finalize() : attempt to apply non-function
    Error in x$.self$finalize() : attempt to apply non-function
    Error in x$.self$finalize() : attempt to apply non-function
    Error in x$.self$finalize() : attempt to apply non-function
    Error in x$.self$finalize() : attempt to apply non-function
    Error in x$.self$finalize() : attempt to apply non-function
    Error in x$.self$finalize() : attempt to apply non-function
    Error in x$.self$finalize() : attempt to apply non-function
    Error in x$.self$finalize() : attempt to apply non-function
    Error in x$.self$finalize() : attempt to apply non-function
    Error in x$.self$finalize() : attempt to apply non-function
    Error in x$.self$finalize() : attempt to apply non-function
    Error in x$.self$finalize() : attempt to apply non-function
    Error in x$.self$finalize() : attempt to apply non-function
    Error in x$.self$finalize() : attempt to apply non-function
    Error in x$.self$finalize() : attempt to apply non-function
    Error in x$.self$finalize() : attempt to apply non-function
    Error in x$.self$finalize() : attempt to apply non-function
    Error in x$.self$finalize() : attempt to apply non-function
    Error in x$.self$finalize() : attempt to apply non-function
    Error in x$.self$finalize() : attempt to apply non-function
    Error in x$.self$finalize() : attempt to apply non-function
    Error in x$.self$finalize() : attempt to apply non-function
    Error in x$.self$finalize() : attempt to apply non-function
    Error in x$.self$finalize() : attempt to apply non-function
    Error in x$.self$finalize() : attempt to apply non-function
    Error in x$.self$finalize() : attempt to apply non-function
    Error in x$.self$finalize() : attempt to apply non-function
    Error in x$.self$finalize() : attempt to apply non-function
    Error in x$.self$finalize() : attempt to apply non-function
    Error in x$.self$finalize() : attempt to apply non-function
    Error in x$.self$finalize() : attempt to apply non-function
    Error in x$.self$finalize() : attempt to apply non-function
    Error in x$.self$finalize() : attempt to apply non-function
    Error in x$.self$finalize() : attempt to apply non-function
    Error in x$.self$finalize() : attempt to apply non-function
    Error in x$.self$finalize() : attempt to apply non-function
    Error in x$.self$finalize() : attempt to apply non-function
    Error in x$.self$finalize() : attempt to apply non-function
    Error in x$.self$finalize() : attempt to apply non-function
    Error in x$.self$finalize() : attempt to apply non-function
    Error in x$.self$finalize() : attempt to apply non-function
    Error in x$.self$finalize() : attempt to apply non-function
    Error in x$.self$finalize() : attempt to apply non-function
    Error in x$.self$finalize() : attempt to apply non-function
    Error in x$.self$finalize() : attempt to apply non-function
    Error in x$.self$finalize() : attempt to apply non-function
    Error in x$.self$finalize() : attempt to apply non-function
    Error in x$.self$finalize() : attempt to apply non-function
    Error in x$.self$finalize() : attempt to apply non-function
    Error in x$.self$finalize() : attempt to apply non-function
    Error in x$.self$finalize() : attempt to apply non-function
    Error in x$.self$finalize() : attempt to apply non-function
    Error in x$.self$finalize() : attempt to apply non-function
    Error in x$.self$finalize() : attempt to apply non-function
    Error in x$.self$finalize() : attempt to apply non-function
    Error in x$.self$finalize() : attempt to apply non-function
    Error in x$.self$finalize() : attempt to apply non-function
    Error in x$.self$finalize() : attempt to apply non-function
    Error in x$.self$finalize() : attempt to apply non-function
    Error in x$.self$finalize() : attempt to apply non-function
    Error in x$.self$finalize() : attempt to apply non-function
    Error in x$.self$finalize() : attempt to apply non-function
    Error in x$.self$finalize() : attempt to apply non-function
    Error in x$.self$finalize() : attempt to apply non-function
    Error in x$.self$finalize() : attempt to apply non-function
    Error in x$.self$finalize() : attempt to apply non-function
    Error in x$.self$finalize() : attempt to apply non-function
    Error in x$.self$finalize() : attempt to apply non-function
    Error in x$.self$finalize() : attempt to apply non-function
    Error in x$.self$finalize() : attempt to apply non-function
    Error in x$.self$finalize() : attempt to apply non-function
    Error in x$.self$finalize() : attempt to apply non-function
    Error in x$.self$finalize() : attempt to apply non-function
    Error in x$.self$finalize() : attempt to apply non-function
    Error in x$.self$finalize() : attempt to apply non-function
    Error in x$.self$finalize() : attempt to apply non-function
    Error in x$.self$finalize() : attempt to apply non-function
    Error in x$.self$finalize() : attempt to apply non-function
    Error in x$.self$finalize() : attempt to apply non-function
    Error in x$.self$finalize() : attempt to apply non-function
    Error in x$.self$finalize() : attempt to apply non-function
    Error in x$.self$finalize() : attempt to apply non-function
    Error in x$.self$finalize() : attempt to apply non-function
    Error in x$.self$finalize() : attempt to apply non-function
    Error in x$.self$finalize() : attempt to apply non-function
    Error in x$.self$finalize() : attempt to apply non-function
    Error in x$.self$finalize() : attempt to apply non-function
    Error in x$.self$finalize() : attempt to apply non-function
    Error in x$.self$finalize() : attempt to apply non-function
    Error in x$.self$finalize() : attempt to apply non-function
    Error in x$.self$finalize() : attempt to apply non-function
    Error in x$.self$finalize() : attempt to apply non-function
    Error in x$.self$finalize() : attempt to apply non-function
    Error in x$.self$finalize() : attempt to apply non-function
    Error in x$.self$finalize() : attempt to apply non-function
    Error in x$.self$finalize() : attempt to apply non-function
    Error in x$.self$finalize() : attempt to apply non-function
    Error in x$.self$finalize() : attempt to apply non-function
    Error in x$.self$finalize() : attempt to apply non-function
    Error in x$.self$finalize() : attempt to apply non-function
    Error in x$.self$finalize() : attempt to apply non-function
    Error in x$.self$finalize() : attempt to apply non-function
    Error in x$.self$finalize() : attempt to apply non-function
    Error in x$.self$finalize() : attempt to apply non-function
    Error in x$.self$finalize() : attempt to apply non-function
    Error in x$.self$finalize() : attempt to apply non-function
    Error in x$.self$finalize() : attempt to apply non-function
    Error in x$.self$finalize() : attempt to apply non-function
    Error in x$.self$finalize() : attempt to apply non-function
    Error in x$.self$finalize() : attempt to apply non-function
    Error in x$.self$finalize() : attempt to apply non-function
    Error in x$.self$finalize() : attempt to apply non-function
    Error in x$.self$finalize() : attempt to apply non-function
    Error in x$.self$finalize() : attempt to apply non-function
    Error in x$.self$finalize() : attempt to apply non-function
    Error in x$.self$finalize() : attempt to apply non-function
    Error in x$.self$finalize() : attempt to apply non-function
    Error in x$.self$finalize() : attempt to apply non-function
    Error in x$.self$finalize() : attempt to apply non-function
    Error in x$.self$finalize() : attempt to apply non-function
    Error in x$.self$finalize() : attempt to apply non-function
    Error in x$.self$finalize() : attempt to apply non-function
    Error in x$.self$finalize() : attempt to apply non-function
    Error in x$.self$finalize() : attempt to apply non-function
    Error in x$.self$finalize() : attempt to apply non-function
    Error in x$.self$finalize() : attempt to apply non-function
    Error in x$.self$finalize() : attempt to apply non-function
    Error in x$.self$finalize() : attempt to apply non-function
    Error in x$.self$finalize() : attempt to apply non-function
    Error in x$.self$finalize() : attempt to apply non-function
    Error in x$.self$finalize() : attempt to apply non-function
    Error in x$.self$finalize() : attempt to apply non-function
    Error in x$.self$finalize() : attempt to apply non-function
    Error in x$.self$finalize() : attempt to apply non-function
    Error in x$.self$finalize() : attempt to apply non-function
    Error in x$.self$finalize() : attempt to apply non-function
    Error in x$.self$finalize() : attempt to apply non-function
    Error in x$.self$finalize() : attempt to apply non-function
    Error in x$.self$finalize() : attempt to apply non-function
    Error in x$.self$finalize() : attempt to apply non-function
    Error in x$.self$finalize() : attempt to apply non-function
    Error in x$.self$finalize() : attempt to apply non-function
    Error in x$.self$finalize() : attempt to apply non-function
    Error in x$.self$finalize() : attempt to apply non-function
    Error in x$.self$finalize() : attempt to apply non-function
    Error in x$.self$finalize() : attempt to apply non-function
    Error in x$.self$finalize() : attempt to apply non-function
    Error in x$.self$finalize() : attempt to apply non-function
    Error in x$.self$finalize() : attempt to apply non-function
    Error in x$.self$finalize() : attempt to apply non-function
    Error in x$.self$finalize() : attempt to apply non-function
    Error in x$.self$finalize() : attempt to apply non-function
    Error in x$.self$finalize() : attempt to apply non-function
    Error in x$.self$finalize() : attempt to apply non-function
    Error in x$.self$finalize() : attempt to apply non-function
    Error in x$.self$finalize() : attempt to apply non-function
    Error in x$.self$finalize() : attempt to apply non-function
    Error in x$.self$finalize() : attempt to apply non-function
    Error in x$.self$finalize() : attempt to apply non-function
    Error in x$.self$finalize() : attempt to apply non-function
    Error in x$.self$finalize() : attempt to apply non-function
    Error in x$.self$finalize() : attempt to apply non-function
    Error in x$.self$finalize() : attempt to apply non-function
    Error in x$.self$finalize() : attempt to apply non-function
    Error in x$.self$finalize() : attempt to apply non-function
    Error in x$.self$finalize() : attempt to apply non-function
    Error in x$.self$finalize() : attempt to apply non-function
    Error in x$.self$finalize() : attempt to apply non-function
    Error in x$.self$finalize() : attempt to apply non-function
    Error in x$.self$finalize() : attempt to apply non-function
    Error in x$.self$finalize() : attempt to apply non-function
    Error in x$.self$finalize() : attempt to apply non-function
    Error in x$.self$finalize() : attempt to apply non-function
    Error in x$.self$finalize() : attempt to apply non-function
    Error in x$.self$finalize() : attempt to apply non-function
    Error in x$.self$finalize() : attempt to apply non-function
    Error in x$.self$finalize() : attempt to apply non-function
    Error in x$.self$finalize() : attempt to apply non-function
    Error in x$.self$finalize() : attempt to apply non-function
    Error in x$.self$finalize() : attempt to apply non-function
    Error in x$.self$finalize() : attempt to apply non-function
    Error in x$.self$finalize() : attempt to apply non-function
    Error in x$.self$finalize() : attempt to apply non-function
    Error in x$.self$finalize() : attempt to apply non-function
    Error in x$.self$finalize() : attempt to apply non-function
    Error in x$.self$finalize() : attempt to apply non-function
    Error in x$.self$finalize() : attempt to apply non-function
    Error in x$.self$finalize() : attempt to apply non-function
    Error in x$.self$finalize() : attempt to apply non-function
    Error in x$.self$finalize() : attempt to apply non-function
    Error in x$.self$finalize() : attempt to apply non-function
    Error in x$.self$finalize() : attempt to apply non-function
    Error in x$.self$finalize() : attempt to apply non-function
    Error in x$.self$finalize() : attempt to apply non-function
    Error in x$.self$finalize() : attempt to apply non-function
    Error in x$.self$finalize() : attempt to apply non-function
    Error in x$.self$finalize() : attempt to apply non-function
    Error in x$.self$finalize() : attempt to apply non-function
    Error in x$.self$finalize() : attempt to apply non-function
    Error in x$.self$finalize() : attempt to apply non-function
    Error in x$.self$finalize() : attempt to apply non-function
    Error in x$.self$finalize() : attempt to apply non-function
    Error in x$.self$finalize() : attempt to apply non-function
    Error in x$.self$finalize() : attempt to apply non-function
    Error in x$.self$finalize() : attempt to apply non-function
    Error in x$.self$finalize() : attempt to apply non-function
    Error in x$.self$finalize() : attempt to apply non-function
    Error in x$.self$finalize() : attempt to apply non-function
    Error in x$.self$finalize() : attempt to apply non-function
    Error in x$.self$finalize() : attempt to apply non-function
    Error in x$.self$finalize() : attempt to apply non-function
    Error in x$.self$finalize() : attempt to apply non-function
    Error in x$.self$finalize() : attempt to apply non-function
    Error in x$.self$finalize() : attempt to apply non-function
    Error in x$.self$finalize() : attempt to apply non-function
    Error in x$.self$finalize() : attempt to apply non-function
    Error in x$.self$finalize() : attempt to apply non-function
    Error in x$.self$finalize() : attempt to apply non-function
    Error in x$.self$finalize() : attempt to apply non-function
    Error in x$.self$finalize() : attempt to apply non-function
    Error in x$.self$finalize() : attempt to apply non-function
    Error in x$.self$finalize() : attempt to apply non-function
    Error in x$.self$finalize() : attempt to apply non-function
    Error in x$.self$finalize() : attempt to apply non-function
    Error in x$.self$finalize() : attempt to apply non-function
    Error in x$.self$finalize() : attempt to apply non-function
    Error in x$.self$finalize() : attempt to apply non-function
    Error in x$.self$finalize() : attempt to apply non-function
    Error in x$.self$finalize() : attempt to apply non-function
    Error in x$.self$finalize() : attempt to apply non-function
    Error in x$.self$finalize() : attempt to apply non-function
    Error in x$.self$finalize() : attempt to apply non-function
    Error in x$.self$finalize() : attempt to apply non-function
    Error in x$.self$finalize() : attempt to apply non-function
    Error in x$.self$finalize() : attempt to apply non-function
    Error in x$.self$finalize() : attempt to apply non-function
    Error in x$.self$finalize() : attempt to apply non-function
    Error in x$.self$finalize() : attempt to apply non-function
    Error in x$.self$finalize() : attempt to apply non-function
    Error in x$.self$finalize() : attempt to apply non-function
    Error in x$.self$finalize() : attempt to apply non-function
    Error in x$.self$finalize() : attempt to apply non-function
    Error in x$.self$finalize() : attempt to apply non-function
    Error in x$.self$finalize() : attempt to apply non-function
    Error in x$.self$finalize() : attempt to apply non-function
    Error in x$.self$finalize() : attempt to apply non-function
    Error in x$.self$finalize() : attempt to apply non-function
    Error in x$.self$finalize() : attempt to apply non-function
    Error in x$.self$finalize() : attempt to apply non-function
    Error in x$.self$finalize() : attempt to apply non-function
    Error in x$.self$finalize() : attempt to apply non-function
    Error in x$.self$finalize() : attempt to apply non-function
    Error in x$.self$finalize() : attempt to apply non-function
    Error in x$.self$finalize() : attempt to apply non-function
    Error in x$.self$finalize() : attempt to apply non-function
    Error in x$.self$finalize() : attempt to apply non-function
    Error in x$.self$finalize() : attempt to apply non-function
    Error in x$.self$finalize() : attempt to apply non-function
    Error in x$.self$finalize() : attempt to apply non-function
    Error in x$.self$finalize() : attempt to apply non-function
    Error in x$.self$finalize() : attempt to apply non-function
    Error in x$.self$finalize() : attempt to apply non-function
    Error in x$.self$finalize() : attempt to apply non-function
    Error in x$.self$finalize() : attempt to apply non-function
    Error in x$.self$finalize() : attempt to apply non-function
    Error in x$.self$finalize() : attempt to apply non-function
    Error in x$.self$finalize() : attempt to apply non-function
    Error in x$.self$finalize() : attempt to apply non-function
    Error in x$.self$finalize() : attempt to apply non-function
    Error in x$.self$finalize() : attempt to apply non-function
    Error in x$.self$finalize() : attempt to apply non-function
    Error in x$.self$finalize() : attempt to apply non-function
    Error in x$.self$finalize() : attempt to apply non-function
    Error in x$.self$finalize() : attempt to apply non-function
    Error in x$.self$finalize() : attempt to apply non-function
    Error in x$.self$finalize() : attempt to apply non-function
    Error in x$.self$finalize() : attempt to apply non-function
    Error in x$.self$finalize() : attempt to apply non-function
    Error in x$.self$finalize() : attempt to apply non-function
    Error in x$.self$finalize() : attempt to apply non-function
    Error in x$.self$finalize() : attempt to apply non-function
    Error in x$.self$finalize() : attempt to apply non-function
    Error in x$.self$finalize() : attempt to apply non-function
    Error in x$.self$finalize() : attempt to apply non-function
    Error in x$.self$finalize() : attempt to apply non-function
    Error in x$.self$finalize() : attempt to apply non-function
    Error in x$.self$finalize() : attempt to apply non-function
    Error in x$.self$finalize() : attempt to apply non-function
    Error in x$.self$finalize() : attempt to apply non-function
    Error in x$.self$finalize() : attempt to apply non-function
    Error in x$.self$finalize() : attempt to apply non-function
    Error in x$.self$finalize() : attempt to apply non-function
    Error in x$.self$finalize() : attempt to apply non-function
    Error in x$.self$finalize() : attempt to apply non-function
    Error in x$.self$finalize() : attempt to apply non-function
    Error in x$.self$finalize() : attempt to apply non-function
    Error in x$.self$finalize() : attempt to apply non-function
    Error in x$.self$finalize() : attempt to apply non-function
    Error in x$.self$finalize() : attempt to apply non-function
    Error in x$.self$finalize() : attempt to apply non-function
    Error in x$.self$finalize() : attempt to apply non-function
    Error in x$.self$finalize() : attempt to apply non-function
    Error in x$.self$finalize() : attempt to apply non-function
    Error in x$.self$finalize() : attempt to apply non-function
    Error in x$.self$finalize() : attempt to apply non-function
    Error in x$.self$finalize() : attempt to apply non-function
    Error in x$.self$finalize() : attempt to apply non-function
    Error in x$.self$finalize() : attempt to apply non-function
    Error in x$.self$finalize() : attempt to apply non-function
    Error in x$.self$finalize() : attempt to apply non-function
    Error in x$.self$finalize() : attempt to apply non-function
    Error in x$.self$finalize() : attempt to apply non-function
    Error in x$.self$finalize() : attempt to apply non-function
    Error in x$.self$finalize() : attempt to apply non-function
    Error in x$.self$finalize() : attempt to apply non-function
    Error in x$.self$finalize() : attempt to apply non-function
    Error in x$.self$finalize() : attempt to apply non-function
    Error in x$.self$finalize() : attempt to apply non-function
    Error in x$.self$finalize() : attempt to apply non-function
    Error in x$.self$finalize() : attempt to apply non-function
    Error in x$.self$finalize() : attempt to apply non-function
    Error in x$.self$finalize() : attempt to apply non-function
    Error in x$.self$finalize() : attempt to apply non-function
    Error in x$.self$finalize() : attempt to apply non-function
    Error in x$.self$finalize() : attempt to apply non-function
    Error in x$.self$finalize() : attempt to apply non-function
    Error in x$.self$finalize() : attempt to apply non-function
    Error in x$.self$finalize() : attempt to apply non-function
    Error in x$.self$finalize() : attempt to apply non-function
    Error in x$.self$finalize() : attempt to apply non-function
    Error in x$.self$finalize() : attempt to apply non-function
    Error in x$.self$finalize() : attempt to apply non-function
    Error in x$.self$finalize() : attempt to apply non-function
    Error in x$.self$finalize() : attempt to apply non-function
    Error in x$.self$finalize() : attempt to apply non-function
    Error in x$.self$finalize() : attempt to apply non-function
    Error in x$.self$finalize() : attempt to apply non-function
    Error in x$.self$finalize() : attempt to apply non-function
    Error in x$.self$finalize() : attempt to apply non-function
    Error in x$.self$finalize() : attempt to apply non-function
    Error in x$.self$finalize() : attempt to apply non-function
    Error in x$.self$finalize() : attempt to apply non-function
    Error in x$.self$finalize() : attempt to apply non-function
    Error in x$.self$finalize() : attempt to apply non-function
    Error in x$.self$finalize() : attempt to apply non-function
    Error in x$.self$finalize() : attempt to apply non-function
    Error in x$.self$finalize() : attempt to apply non-function
    Error in x$.self$finalize() : attempt to apply non-function
    Error in x$.self$finalize() : attempt to apply non-function
    Error in x$.self$finalize() : attempt to apply non-function
    Error in x$.self$finalize() : attempt to apply non-function
    Error in x$.self$finalize() : attempt to apply non-function
    Error in x$.self$finalize() : attempt to apply non-function
    Error in x$.self$finalize() : attempt to apply non-function
    Error in x$.self$finalize() : attempt to apply non-function
    Error in x$.self$finalize() : attempt to apply non-function
    Error in x$.self$finalize() : attempt to apply non-function
    Error in x$.self$finalize() : attempt to apply non-function
    Error in x$.self$finalize() : attempt to apply non-function
    Error in x$.self$finalize() : attempt to apply non-function
    Error in x$.self$finalize() : attempt to apply non-function
    Error in x$.self$finalize() : attempt to apply non-function
    Error in x$.self$finalize() : attempt to apply non-function
    Error in x$.self$finalize() : attempt to apply non-function
    Error in x$.self$finalize() : attempt to apply non-function
    Error in x$.self$finalize() : attempt to apply non-function
    Error in x$.self$finalize() : attempt to apply non-function
    Error in x$.self$finalize() : attempt to apply non-function
    Error in x$.self$finalize() : attempt to apply non-function
    Error in x$.self$finalize() : attempt to apply non-function
    Error in x$.self$finalize() : attempt to apply non-function
    Error in x$.self$finalize() : attempt to apply non-function
    Error in x$.self$finalize() : attempt to apply non-function
    Error in x$.self$finalize() : attempt to apply non-function
    Error in x$.self$finalize() : attempt to apply non-function
    Error in x$.self$finalize() : attempt to apply non-function
    Error in x$.self$finalize() : attempt to apply non-function
    Error in x$.self$finalize() : attempt to apply non-function
    Error in x$.self$finalize() : attempt to apply non-function
    Error in x$.self$finalize() : attempt to apply non-function
    Error in x$.self$finalize() : attempt to apply non-function
    Error in x$.self$finalize() : attempt to apply non-function
    Error in x$.self$finalize() : attempt to apply non-function
    Error in x$.self$finalize() : attempt to apply non-function
    Error in x$.self$finalize() : attempt to apply non-function
    Error in x$.self$finalize() : attempt to apply non-function
    Error in x$.self$finalize() : attempt to apply non-function
    Error in x$.self$finalize() : attempt to apply non-function
    Error in x$.self$finalize() : attempt to apply non-function
    Error in x$.self$finalize() : attempt to apply non-function
    Error in x$.self$finalize() : attempt to apply non-function
    Error in x$.self$finalize() : attempt to apply non-function
    Error in x$.self$finalize() : attempt to apply non-function
    Error in x$.self$finalize() : attempt to apply non-function
    Error in x$.self$finalize() : attempt to apply non-function
    Error in x$.self$finalize() : attempt to apply non-function
    Error in x$.self$finalize() : attempt to apply non-function
    Error in x$.self$finalize() : attempt to apply non-function
    Error in x$.self$finalize() : attempt to apply non-function
    Error in x$.self$finalize() : attempt to apply non-function
    Error in x$.self$finalize() : attempt to apply non-function
    Error in x$.self$finalize() : attempt to apply non-function
    Error in x$.self$finalize() : attempt to apply non-function
    Error in x$.self$finalize() : attempt to apply non-function
    Error in x$.self$finalize() : attempt to apply non-function
    Error in x$.self$finalize() : attempt to apply non-function
    Error in x$.self$finalize() : attempt to apply non-function
    Error in x$.self$finalize() : attempt to apply non-function
    Error in x$.self$finalize() : attempt to apply non-function
    Error in x$.self$finalize() : attempt to apply non-function
    Error in x$.self$finalize() : attempt to apply non-function
    Error in x$.self$finalize() : attempt to apply non-function
    Error in x$.self$finalize() : attempt to apply non-function
    Error in x$.self$finalize() : attempt to apply non-function
    Error in x$.self$finalize() : attempt to apply non-function
    Error in x$.self$finalize() : attempt to apply non-function
    Error in x$.self$finalize() : attempt to apply non-function
    Error in x$.self$finalize() : attempt to apply non-function
    Error in x$.self$finalize() : attempt to apply non-function
    Error in x$.self$finalize() : attempt to apply non-function
    Error in x$.self$finalize() : attempt to apply non-function
    Error in x$.self$finalize() : attempt to apply non-function
    Error in x$.self$finalize() : attempt to apply non-function
    Error in x$.self$finalize() : attempt to apply non-function
    Error in x$.self$finalize() : attempt to apply non-function
    Error in x$.self$finalize() : attempt to apply non-function
    Error in x$.self$finalize() : attempt to apply non-function
    Error in x$.self$finalize() : attempt to apply non-function
    Error in x$.self$finalize() : attempt to apply non-function
    Error in x$.self$finalize() : attempt to apply non-function
    Error in x$.self$finalize() : attempt to apply non-function
    Error in x$.self$finalize() : attempt to apply non-function
    Error in x$.self$finalize() : attempt to apply non-function
    Error in x$.self$finalize() : attempt to apply non-function
    Error in x$.self$finalize() : attempt to apply non-function
    Error in x$.self$finalize() : attempt to apply non-function
    Error in x$.self$finalize() : attempt to apply non-function
    Error in x$.self$finalize() : attempt to apply non-function
    Error in x$.self$finalize() : attempt to apply non-function
    Error in x$.self$finalize() : attempt to apply non-function
    Error in x$.self$finalize() : attempt to apply non-function
    Error in x$.self$finalize() : attempt to apply non-function
    Error in x$.self$finalize() : attempt to apply non-function
    Error in x$.self$finalize() : attempt to apply non-function
    Error in x$.self$finalize() : attempt to apply non-function
    Error in x$.self$finalize() : attempt to apply non-function
    Error in x$.self$finalize() : attempt to apply non-function
    Error in x$.self$finalize() : attempt to apply non-function
    Error in x$.self$finalize() : attempt to apply non-function
    Error in x$.self$finalize() : attempt to apply non-function
    Error in x$.self$finalize() : attempt to apply non-function
    Error in x$.self$finalize() : attempt to apply non-function
    Error in x$.self$finalize() : attempt to apply non-function
    Error in x$.self$finalize() : attempt to apply non-function
    Error in x$.self$finalize() : attempt to apply non-function
    Error in x$.self$finalize() : attempt to apply non-function
    Error in x$.self$finalize() : attempt to apply non-function
    Error in x$.self$finalize() : attempt to apply non-function
    Error in x$.self$finalize() : attempt to apply non-function
    Error in x$.self$finalize() : attempt to apply non-function
    Error in x$.self$finalize() : attempt to apply non-function
    Error in x$.self$finalize() : attempt to apply non-function
    Error in x$.self$finalize() : attempt to apply non-function
    Error in x$.self$finalize() : attempt to apply non-function
    Error in x$.self$finalize() : attempt to apply non-function
    Error in x$.self$finalize() : attempt to apply non-function
    Error in x$.self$finalize() : attempt to apply non-function
    Error in x$.self$finalize() : attempt to apply non-function
    Error in x$.self$finalize() : attempt to apply non-function
    Error in x$.self$finalize() : attempt to apply non-function
    Error in x$.self$finalize() : attempt to apply non-function
    Error in x$.self$finalize() : attempt to apply non-function
    Error in x$.self$finalize() : attempt to apply non-function
    Error in x$.self$finalize() : attempt to apply non-function
    Error in x$.self$finalize() : attempt to apply non-function
    Error in x$.self$finalize() : attempt to apply non-function
    Error in x$.self$finalize() : attempt to apply non-function
    Error in x$.self$finalize() : attempt to apply non-function
    Error in x$.self$finalize() : attempt to apply non-function
    Error in x$.self$finalize() : attempt to apply non-function
    Error in x$.self$finalize() : attempt to apply non-function
    Error in x$.self$finalize() : attempt to apply non-function
    Error in x$.self$finalize() : attempt to apply non-function
    Error in x$.self$finalize() : attempt to apply non-function
    Error in x$.self$finalize() : attempt to apply non-function
    Error in x$.self$finalize() : attempt to apply non-function
    Error in x$.self$finalize() : attempt to apply non-function
    Error in x$.self$finalize() : attempt to apply non-function
    Error in x$.self$finalize() : attempt to apply non-function
    Error in x$.self$finalize() : attempt to apply non-function
    Error in x$.self$finalize() : attempt to apply non-function
    Error in x$.self$finalize() : attempt to apply non-function
    Error in x$.self$finalize() : attempt to apply non-function
    Error in x$.self$finalize() : attempt to apply non-function
    Error in x$.self$finalize() : attempt to apply non-function
    Error in x$.self$finalize() : attempt to apply non-function
    Error in x$.self$finalize() : attempt to apply non-function
    Error in x$.self$finalize() : attempt to apply non-function
    Error in x$.self$finalize() : attempt to apply non-function
    Error in x$.self$finalize() : attempt to apply non-function
    Error in x$.self$finalize() : attempt to apply non-function
    Error in x$.self$finalize() : attempt to apply non-function
    Error in x$.self$finalize() : attempt to apply non-function
    Error in x$.self$finalize() : attempt to apply non-function
    Error in x$.self$finalize() : attempt to apply non-function
    Error in x$.self$finalize() : attempt to apply non-function
    Error in x$.self$finalize() : attempt to apply non-function
    Error in x$.self$finalize() : attempt to apply non-function
    Error in x$.self$finalize() : attempt to apply non-function
    Error in x$.self$finalize() : attempt to apply non-function
    Error in x$.self$finalize() : attempt to apply non-function
    Error in x$.self$finalize() : attempt to apply non-function
    Error in x$.self$finalize() : attempt to apply non-function
    Error in x$.self$finalize() : attempt to apply non-function
    Error in x$.self$finalize() : attempt to apply non-function
    Error in x$.self$finalize() : attempt to apply non-function
    Error in x$.self$finalize() : attempt to apply non-function
    Error in x$.self$finalize() : attempt to apply non-function
    Error in x$.self$finalize() : attempt to apply non-function
    Error in x$.self$finalize() : attempt to apply non-function
    Error in x$.self$finalize() : attempt to apply non-function
    Error in x$.self$finalize() : attempt to apply non-function
    Error in x$.self$finalize() : attempt to apply non-function
    Error in x$.self$finalize() : attempt to apply non-function
    Error in x$.self$finalize() : attempt to apply non-function
    Error in x$.self$finalize() : attempt to apply non-function
    Error in x$.self$finalize() : attempt to apply non-function
    Error in x$.self$finalize() : attempt to apply non-function
    Error in x$.self$finalize() : attempt to apply non-function
    Error in x$.self$finalize() : attempt to apply non-function
    Error in x$.self$finalize() : attempt to apply non-function
    Error in x$.self$finalize() : attempt to apply non-function
    Error in x$.self$finalize() : attempt to apply non-function
    Error in x$.self$finalize() : attempt to apply non-function
    Error in x$.self$finalize() : attempt to apply non-function
    Error in x$.self$finalize() : attempt to apply non-function
    Error in x$.self$finalize() : attempt to apply non-function
    Error in x$.self$finalize() : attempt to apply non-function
    Error in x$.self$finalize() : attempt to apply non-function
    Error in x$.self$finalize() : attempt to apply non-function
    Error in x$.self$finalize() : attempt to apply non-function
    Error in x$.self$finalize() : attempt to apply non-function
    Error in x$.self$finalize() : attempt to apply non-function
    Error in x$.self$finalize() : attempt to apply non-function
    Error in x$.self$finalize() : attempt to apply non-function
    Error in x$.self$finalize() : attempt to apply non-function
    Error in x$.self$finalize() : attempt to apply non-function
    Error in x$.self$finalize() : attempt to apply non-function
    Error in x$.self$finalize() : attempt to apply non-function
    Error in x$.self$finalize() : attempt to apply non-function
    Error in x$.self$finalize() : attempt to apply non-function
    Error in x$.self$finalize() : attempt to apply non-function
    Error in x$.self$finalize() : attempt to apply non-function
    Error in x$.self$finalize() : attempt to apply non-function
    Error in x$.self$finalize() : attempt to apply non-function
    Error in x$.self$finalize() : attempt to apply non-function
    Error in x$.self$finalize() : attempt to apply non-function
    Error in x$.self$finalize() : attempt to apply non-function
    Error in x$.self$finalize() : attempt to apply non-function
    Error in x$.self$finalize() : attempt to apply non-function
    Error in x$.self$finalize() : attempt to apply non-function
    Error in x$.self$finalize() : attempt to apply non-function
    Error in x$.self$finalize() : attempt to apply non-function
    Error in x$.self$finalize() : attempt to apply non-function
    Error in x$.self$finalize() : attempt to apply non-function
    Error in x$.self$finalize() : attempt to apply non-function
    Error in x$.self$finalize() : attempt to apply non-function
    Error in x$.self$finalize() : attempt to apply non-function
    Error in x$.self$finalize() : attempt to apply non-function
    Error in x$.self$finalize() : attempt to apply non-function
    Error in x$.self$finalize() : attempt to apply non-function
    Error in x$.self$finalize() : attempt to apply non-function
    Error in x$.self$finalize() : attempt to apply non-function
    Error in x$.self$finalize() : attempt to apply non-function
    Error in x$.self$finalize() : attempt to apply non-function
    Error in x$.self$finalize() : attempt to apply non-function
    Error in x$.self$finalize() : attempt to apply non-function
    Error in x$.self$finalize() : attempt to apply non-function
    Error in x$.self$finalize() : attempt to apply non-function
    Error in x$.self$finalize() : attempt to apply non-function
    Error in x$.self$finalize() : attempt to apply non-function
    Error in x$.self$finalize() : attempt to apply non-function
    Error in x$.self$finalize() : attempt to apply non-function
    Error in x$.self$finalize() : attempt to apply non-function
    Error in x$.self$finalize() : attempt to apply non-function
    Error in x$.self$finalize() : attempt to apply non-function
    Error in x$.self$finalize() : attempt to apply non-function
    Error in x$.self$finalize() : attempt to apply non-function
    Error in x$.self$finalize() : attempt to apply non-function
    Error in x$.self$finalize() : attempt to apply non-function
    Error in x$.self$finalize() : attempt to apply non-function
    Error in x$.self$finalize() : attempt to apply non-function
    Error in x$.self$finalize() : attempt to apply non-function
    Error in x$.self$finalize() : attempt to apply non-function
    Error in x$.self$finalize() : attempt to apply non-function
    Error in x$.self$finalize() : attempt to apply non-function
    Error in x$.self$finalize() : attempt to apply non-function
    Error in x$.self$finalize() : attempt to apply non-function
    Error in x$.self$finalize() : attempt to apply non-function
    Error in x$.self$finalize() : attempt to apply non-function
    Error in x$.self$finalize() : attempt to apply non-function
    Error in x$.self$finalize() : attempt to apply non-function
    Error in x$.self$finalize() : attempt to apply non-function
    Error in x$.self$finalize() : attempt to apply non-function
    Error in x$.self$finalize() : attempt to apply non-function
    Error in x$.self$finalize() : attempt to apply non-function
    Error in x$.self$finalize() : attempt to apply non-function
    Error in x$.self$finalize() : attempt to apply non-function
    Error in x$.self$finalize() : attempt to apply non-function
    Error in x$.self$finalize() : attempt to apply non-function
    Error in x$.self$finalize() : attempt to apply non-function
    Error in x$.self$finalize() : attempt to apply non-function
    Error in x$.self$finalize() : attempt to apply non-function
    Error in x$.self$finalize() : attempt to apply non-function
    Error in x$.self$finalize() : attempt to apply non-function
    Error in x$.self$finalize() : attempt to apply non-function
    Error in x$.self$finalize() : attempt to apply non-function
    Error in x$.self$finalize() : attempt to apply non-function
    Error in x$.self$finalize() : attempt to apply non-function
    Error in x$.self$finalize() : attempt to apply non-function
    Error in x$.self$finalize() : attempt to apply non-function
    Error in x$.self$finalize() : attempt to apply non-function
    Error in x$.self$finalize() : attempt to apply non-function
    Error in x$.self$finalize() : attempt to apply non-function
    Error in x$.self$finalize() : attempt to apply non-function
    Error in x$.self$finalize() : attempt to apply non-function
    Error in x$.self$finalize() : attempt to apply non-function
    Error in x$.self$finalize() : attempt to apply non-function
    Error in x$.self$finalize() : attempt to apply non-function
    Error in x$.self$finalize() : attempt to apply non-function
    Error in x$.self$finalize() : attempt to apply non-function
    Error in x$.self$finalize() : attempt to apply non-function
    Error in x$.self$finalize() : attempt to apply non-function
    Error in x$.self$finalize() : attempt to apply non-function
    Error in x$.self$finalize() : attempt to apply non-function
    Error in x$.self$finalize() : attempt to apply non-function
    Error in x$.self$finalize() : attempt to apply non-function
    Error in x$.self$finalize() : attempt to apply non-function
    Error in x$.self$finalize() : attempt to apply non-function
    Error in x$.self$finalize() : attempt to apply non-function
    Error in x$.self$finalize() : attempt to apply non-function
    Error in x$.self$finalize() : attempt to apply non-function
    Error in x$.self$finalize() : attempt to apply non-function
    Error in x$.self$finalize() : attempt to apply non-function
    Error in x$.self$finalize() : attempt to apply non-function
    Error in x$.self$finalize() : attempt to apply non-function
    Error in x$.self$finalize() : attempt to apply non-function
    Error in x$.self$finalize() : attempt to apply non-function
    Error in x$.self$finalize() : attempt to apply non-function
    Error in x$.self$finalize() : attempt to apply non-function
    Error in x$.self$finalize() : attempt to apply non-function
    Error in x$.self$finalize() : attempt to apply non-function
    Error in x$.self$finalize() : attempt to apply non-function
    Error in x$.self$finalize() : attempt to apply non-function
    Error in x$.self$finalize() : attempt to apply non-function
    Error in x$.self$finalize() : attempt to apply non-function
    Error in x$.self$finalize() : attempt to apply non-function
    Error in x$.self$finalize() : attempt to apply non-function
    Error in x$.self$finalize() : attempt to apply non-function
    Error in x$.self$finalize() : attempt to apply non-function
    Error in x$.self$finalize() : attempt to apply non-function
    Error in x$.self$finalize() : attempt to apply non-function
    Error in x$.self$finalize() : attempt to apply non-function
    Error in x$.self$finalize() : attempt to apply non-function
    Error in x$.self$finalize() : attempt to apply non-function
    Error in x$.self$finalize() : attempt to apply non-function
    Error in x$.self$finalize() : attempt to apply non-function
    Error in x$.self$finalize() : attempt to apply non-function
    Error in x$.self$finalize() : attempt to apply non-function
    Error in x$.self$finalize() : attempt to apply non-function
    Error in x$.self$finalize() : attempt to apply non-function
    Error in x$.self$finalize() : attempt to apply non-function
    Error in x$.self$finalize() : attempt to apply non-function
    Error in x$.self$finalize() : attempt to apply non-function
    Error in x$.self$finalize() : attempt to apply non-function
    Error in x$.self$finalize() : attempt to apply non-function
    Error in x$.self$finalize() : attempt to apply non-function
    Error in x$.self$finalize() : attempt to apply non-function
    Error in x$.self$finalize() : attempt to apply non-function
    Error in x$.self$finalize() : attempt to apply non-function
    Error in x$.self$finalize() : attempt to apply non-function
    Error in x$.self$finalize() : attempt to apply non-function
    Error in x$.self$finalize() : attempt to apply non-function
    Error in x$.self$finalize() : attempt to apply non-function
    Error in x$.self$finalize() : attempt to apply non-function
    Error in x$.self$finalize() : attempt to apply non-function
    Error in x$.self$finalize() : attempt to apply non-function
    Error in x$.self$finalize() : attempt to apply non-function
    Error in x$.self$finalize() : attempt to apply non-function
    Error in x$.self$finalize() : attempt to apply non-function
    Error in x$.self$finalize() : attempt to apply non-function
    Error in x$.self$finalize() : attempt to apply non-function
    Error in x$.self$finalize() : attempt to apply non-function
    Error in x$.self$finalize() : attempt to apply non-function
    Error in x$.self$finalize() : attempt to apply non-function
    Error in x$.self$finalize() : attempt to apply non-function
    Error in x$.self$finalize() : attempt to apply non-function
    Error in x$.self$finalize() : attempt to apply non-function
    Error in x$.self$finalize() : attempt to apply non-function
    Error in x$.self$finalize() : attempt to apply non-function
    Error in x$.self$finalize() : attempt to apply non-function
    Error in x$.self$finalize() : attempt to apply non-function
    Error in x$.self$finalize() : attempt to apply non-function
    Error in x$.self$finalize() : attempt to apply non-function
    Error in x$.self$finalize() : attempt to apply non-function
    Error in x$.self$finalize() : attempt to apply non-function
    Error in x$.self$finalize() : attempt to apply non-function
    Error in x$.self$finalize() : attempt to apply non-function
    Error in x$.self$finalize() : attempt to apply non-function
    Error in x$.self$finalize() : attempt to apply non-function
    Error in x$.self$finalize() : attempt to apply non-function
    Error in x$.self$finalize() : attempt to apply non-function
    Error in x$.self$finalize() : attempt to apply non-function
    Error in x$.self$finalize() : attempt to apply non-function
    Error in x$.self$finalize() : attempt to apply non-function
    Error in x$.self$finalize() : attempt to apply non-function
    Error in x$.self$finalize() : attempt to apply non-function
    Error in x$.self$finalize() : attempt to apply non-function
    Error in x$.self$finalize() : attempt to apply non-function
    Error in x$.self$finalize() : attempt to apply non-function
    Error in x$.self$finalize() : attempt to apply non-function
    Error in x$.self$finalize() : attempt to apply non-function
    Error in x$.self$finalize() : attempt to apply non-function
    Error in x$.self$finalize() : attempt to apply non-function
    Error in x$.self$finalize() : attempt to apply non-function
    Quitting from lines 143-145 (Using_bRacatus.Rmd)
    Error: processing vignette 'Using_bRacatus.Rmd' failed with diagnostics:
    arguments imply differing number of rows: 0, 1
    --- failed re-building ‘Using_bRacatus.Rmd’
    
    SUMMARY: processing the following file failed:
     ‘Using_bRacatus.Rmd’
    
    Error: Vignette re-building failed.
    Execution halted
Flavor: r-devel-linux-x86_64-fedora-clang

Version: 1.0.0
Check: re-building of vignette outputs
Result: WARN
    Error(s) in re-building vignettes:
    --- re-building ‘Using_bRacatus.Rmd’ using rmarkdown
    Warning in proj4string(obj) :
     CRS object has comment, which is lost in output
    Warning in proj4string(obj) :
     CRS object has comment, which is lost in output
    Quitting from lines 143-145 (Using_bRacatus.Rmd)
    Error: processing vignette 'Using_bRacatus.Rmd' failed with diagnostics:
    arguments imply differing number of rows: 0, 1
    --- failed re-building ‘Using_bRacatus.Rmd’
    
    SUMMARY: processing the following file failed:
     ‘Using_bRacatus.Rmd’
    
    Error: Vignette re-building failed.
    Execution halted
Flavor: r-devel-linux-x86_64-fedora-gcc

Version: 1.0.0
Check: re-building of vignette outputs
Result: WARN
    Error(s) in re-building vignettes:
     ...
    --- re-building ‘Using_bRacatus.Rmd’ using rmarkdown
    Quitting from lines 143-145 (Using_bRacatus.Rmd)
    Error: processing vignette 'Using_bRacatus.Rmd' failed with diagnostics:
    arguments imply differing number of rows: 0, 1
    --- failed re-building ‘Using_bRacatus.Rmd’
    
    SUMMARY: processing the following file failed:
     ‘Using_bRacatus.Rmd’
    
    Error: Vignette re-building failed.
    Execution halted
Flavors: r-patched-linux-x86_64, r-release-linux-x86_64

Version: 1.0.0
Check: re-building of vignette outputs
Result: WARN
    Error(s) in re-building vignettes:
     ...
    --- re-building ‘Using_bRacatus.Rmd’ using rmarkdown
    Warning in engine$weave(file, quiet = quiet, encoding = enc) :
     Pandoc (>= 1.12.3) and/or pandoc-citeproc not available. Falling back to R Markdown v1.
    Error in (function (x) : attempt to apply non-function
    Error in (function (x) : attempt to apply non-function
    Error in (function (x) : attempt to apply non-function
    Quitting from lines 143-145 (Using_bRacatus.Rmd)
    Error: processing vignette 'Using_bRacatus.Rmd' failed with diagnostics:
    arguments imply differing number of rows: 0, 1
    --- failed re-building ‘Using_bRacatus.Rmd’
    
    SUMMARY: processing the following file failed:
     ‘Using_bRacatus.Rmd’
    
    Error: Vignette re-building failed.
    Execution halted
Flavor: r-patched-solaris-x86