CRAN Package Check Results for Package available

Last updated on 2020-12-04 00:48:16 CET.

Flavor Version Tinstall Tcheck Ttotal Status Flags
r-devel-linux-x86_64-debian-clang 1.0.4 3.65 37.21 40.86 NOTE
r-devel-linux-x86_64-debian-gcc 1.0.4 2.98 28.89 31.87 NOTE
r-devel-linux-x86_64-fedora-clang 1.0.4 56.79 NOTE
r-devel-linux-x86_64-fedora-gcc 1.0.4 45.02 NOTE
r-devel-windows-ix86+x86_64 1.0.4 6.00 54.00 60.00 NOTE
r-patched-linux-x86_64 1.0.4 3.61 35.49 39.10 NOTE
r-patched-solaris-x86 1.0.4 69.90 NOTE
r-release-linux-x86_64 1.0.4 3.75 37.06 40.81 NOTE
r-release-macos-x86_64 1.0.4 NOTE
r-release-windows-ix86+x86_64 1.0.4 6.00 40.00 46.00 NOTE
r-oldrel-macos-x86_64 1.0.4 NOTE
r-oldrel-windows-ix86+x86_64 1.0.4 4.00 53.00 57.00 OK

Check Details

Version: 1.0.4
Check: package dependencies
Result: NOTE
    Package suggested but not available for checking: 'BiocInstaller'
Flavors: r-devel-linux-x86_64-debian-clang, r-devel-linux-x86_64-debian-gcc, r-devel-linux-x86_64-fedora-clang, r-devel-linux-x86_64-fedora-gcc, r-devel-windows-ix86+x86_64, r-patched-linux-x86_64, r-patched-solaris-x86, r-release-linux-x86_64, r-release-macos-x86_64, r-release-windows-ix86+x86_64, r-oldrel-macos-x86_64