CRAN Package Check Results for Package autota

Last updated on 2020-12-04 00:48:16 CET.

Flavor Version Tinstall Tcheck Ttotal Status Flags
r-devel-linux-x86_64-debian-clang 0.1.3 3.98 34.58 38.56 OK
r-devel-linux-x86_64-debian-gcc 0.1.3 3.73 26.49 30.22 OK
r-devel-linux-x86_64-fedora-clang 0.1.3 49.70 NOTE
r-devel-linux-x86_64-fedora-gcc 0.1.3 52.10 NOTE
r-devel-windows-ix86+x86_64 0.1.3 10.00 49.00 59.00 OK
r-patched-linux-x86_64 0.1.3 3.98 32.13 36.11 OK
r-patched-solaris-x86 0.1.3 62.30 NOTE
r-release-linux-x86_64 0.1.3 3.66 31.61 35.27 OK
r-release-macos-x86_64 0.1.3 NOTE
r-release-windows-ix86+x86_64 0.1.3 6.00 37.00 43.00 OK
r-oldrel-macos-x86_64 0.1.3 NOTE
r-oldrel-windows-ix86+x86_64 0.1.3 5.00 46.00 51.00 OK

Check Details

Version: 0.1.3
Check: dependencies in R code
Result: NOTE
    Namespace in Imports field not imported from: ‘memoise’
     All declared Imports should be used.
Flavors: r-devel-linux-x86_64-fedora-clang, r-devel-linux-x86_64-fedora-gcc, r-patched-solaris-x86, r-release-macos-x86_64, r-oldrel-macos-x86_64