Last updated on 2020-12-04 00:48:16 CET.
Flavor | Version | Tinstall | Tcheck | Ttotal | Status | Flags |
---|---|---|---|---|---|---|
r-devel-linux-x86_64-debian-clang | 0.1.3 | 12.86 | 141.18 | 154.04 | OK | |
r-devel-linux-x86_64-debian-gcc | 0.1.3 | 10.86 | 106.36 | 117.22 | OK | |
r-devel-linux-x86_64-fedora-clang | 0.1.3 | 198.33 | NOTE | |||
r-devel-linux-x86_64-fedora-gcc | 0.1.3 | 190.94 | OK | |||
r-devel-windows-ix86+x86_64 | 0.1.3 | 29.00 | 182.00 | 211.00 | OK | |
r-patched-linux-x86_64 | 0.1.3 | 13.76 | 131.32 | 145.08 | OK | |
r-patched-solaris-x86 | 0.1.3 | 214.40 | WARN | |||
r-release-linux-x86_64 | 0.1.3 | 13.75 | 133.59 | 147.34 | OK | |
r-release-macos-x86_64 | 0.1.3 | WARN | ||||
r-release-windows-ix86+x86_64 | 0.1.3 | 22.00 | 139.00 | 161.00 | OK | |
r-oldrel-macos-x86_64 | 0.1.3 | WARN | ||||
r-oldrel-windows-ix86+x86_64 | 0.1.3 | 26.00 | 174.00 | 200.00 | OK |
Version: 0.1.3
Check: Rd cross-references
Result: NOTE
Undeclared package ‘agricolae’ in Rd xrefs
Flavor: r-devel-linux-x86_64-fedora-clang
Version: 0.1.3
Check: re-building of vignette outputs
Result: WARN
Error(s) in re-building vignettes:
...
--- re-building ‘Data_Analysis_with_augmentedRCBD.Rmd’ using rmarkdown_notangle
Warning in engine$weave(file, quiet = quiet, encoding = enc) :
Pandoc (>= 1.12.3) and/or pandoc-citeproc not available. Falling back to R Markdown v1.
Quitting from lines 57-76 (Data_Analysis_with_augmentedRCBD.Rmd)
Error: processing vignette 'Data_Analysis_with_augmentedRCBD.Rmd' failed with diagnostics:
EXPR must be a length 1 vector
--- failed re-building ‘Data_Analysis_with_augmentedRCBD.Rmd’
SUMMARY: processing the following file failed:
‘Data_Analysis_with_augmentedRCBD.Rmd’
Error: Vignette re-building failed.
Execution halted
Flavors: r-patched-solaris-x86, r-release-macos-x86_64, r-oldrel-macos-x86_64