CRAN Package Check Results for Package assertive.types

Last updated on 2020-12-04 00:48:16 CET.

Flavor Version Tinstall Tcheck Ttotal Status Flags
r-devel-linux-x86_64-debian-clang 0.0-3 4.37 36.25 40.62 OK
r-devel-linux-x86_64-debian-gcc 0.0-3 3.59 27.57 31.16 OK
r-devel-linux-x86_64-fedora-clang 0.0-3 57.11 NOTE
r-devel-linux-x86_64-fedora-gcc 0.0-3 45.74 OK
r-devel-windows-ix86+x86_64 0.0-3 7.00 53.00 60.00 OK
r-patched-linux-x86_64 0.0-3 4.48 35.74 40.22 OK
r-patched-solaris-x86 0.0-3 67.20 OK
r-release-linux-x86_64 0.0-3 3.94 35.97 39.91 OK
r-release-macos-x86_64 0.0-3 OK
r-release-windows-ix86+x86_64 0.0-3 5.00 40.00 45.00 OK
r-oldrel-macos-x86_64 0.0-3 OK
r-oldrel-windows-ix86+x86_64 0.0-3 6.00 52.00 58.00 OK

Check Details

Version: 0.0-3
Check: Rd cross-references
Result: NOTE
    Undeclared package ‘pryr’ in Rd xrefs
Flavor: r-devel-linux-x86_64-fedora-clang