CRAN Package Check Results for Package assertive.reflection

Last updated on 2020-12-04 00:48:16 CET.

Flavor Version Tinstall Tcheck Ttotal Status Flags
r-devel-linux-x86_64-debian-clang 0.0-5 3.63 29.70 33.33 OK
r-devel-linux-x86_64-debian-gcc 0.0-5 2.74 24.45 27.19 OK
r-devel-linux-x86_64-fedora-clang 0.0-5 47.79 NOTE
r-devel-linux-x86_64-fedora-gcc 0.0-5 36.65 OK
r-devel-windows-ix86+x86_64 0.0-5 6.00 45.00 51.00 OK
r-patched-linux-x86_64 0.0-5 2.74 28.23 30.97 OK
r-patched-solaris-x86 0.0-5 56.60 OK
r-release-linux-x86_64 0.0-5 3.45 30.37 33.82 OK
r-release-macos-x86_64 0.0-5 OK
r-release-windows-ix86+x86_64 0.0-5 5.00 36.00 41.00 OK
r-oldrel-macos-x86_64 0.0-5 OK
r-oldrel-windows-ix86+x86_64 0.0-5 4.00 44.00 48.00 OK

Check Details

Version: 0.0-5
Check: Rd cross-references
Result: NOTE
    Undeclared package ‘rstudioapi’ in Rd xrefs
Flavor: r-devel-linux-x86_64-fedora-clang