Last updated on 2020-12-04 00:48:16 CET.
Flavor | Version | Tinstall | Tcheck | Ttotal | Status | Flags |
---|---|---|---|---|---|---|
r-devel-linux-x86_64-debian-clang | 0.2-25 | 33.38 | 139.99 | 173.37 | OK | |
r-devel-linux-x86_64-debian-gcc | 0.2-25 | 26.89 | 105.92 | 132.81 | OK | |
r-devel-linux-x86_64-fedora-clang | 0.2-25 | 236.89 | OK | |||
r-devel-linux-x86_64-fedora-gcc | 0.2-25 | 210.85 | OK | |||
r-devel-windows-ix86+x86_64 | 0.2-25 | 87.00 | 261.00 | 348.00 | NOTE | |
r-patched-linux-x86_64 | 0.2-25 | 33.13 | 134.19 | 167.32 | OK | |
r-patched-solaris-x86 | 0.2-25 | 296.20 | OK | |||
r-release-linux-x86_64 | 0.2-25 | 28.83 | 131.52 | 160.35 | OK | |
r-release-macos-x86_64 | 0.2-25 | OK | ||||
r-release-windows-ix86+x86_64 | 0.2-25 | 65.00 | 269.00 | 334.00 | NOTE | |
r-oldrel-macos-x86_64 | 0.2-25 | OK | ||||
r-oldrel-windows-ix86+x86_64 | 0.2-25 | 60.00 | 248.00 | 308.00 | NOTE |
Version: 0.2-25
Check: installed package size
Result: NOTE
installed size is 26.0Mb
sub-directories of 1Mb or more:
bin 22.9Mb
misc 2.1Mb
Flavors: r-devel-windows-ix86+x86_64, r-release-windows-ix86+x86_64, r-oldrel-windows-ix86+x86_64