Last updated on 2020-12-04 00:48:16 CET.
Flavor | Version | Tinstall | Tcheck | Ttotal | Status | Flags |
---|---|---|---|---|---|---|
r-devel-linux-x86_64-debian-clang | 0.1-7 | 11.55 | 97.21 | 108.76 | OK | |
r-devel-linux-x86_64-debian-gcc | 0.1-7 | 10.71 | 76.94 | 87.65 | OK | |
r-devel-linux-x86_64-fedora-clang | 0.1-7 | 140.01 | OK | |||
r-devel-linux-x86_64-fedora-gcc | 0.1-7 | 129.79 | OK | |||
r-devel-windows-ix86+x86_64 | 0.1-7 | 26.00 | 116.00 | 142.00 | OK | |
r-patched-linux-x86_64 | 0.1-7 | 12.25 | 90.71 | 102.96 | OK | |
r-patched-solaris-x86 | 0.1-7 | 191.00 | OK | |||
r-release-linux-x86_64 | 0.1-7 | 11.98 | 91.79 | 103.77 | OK | |
r-release-macos-x86_64 | 0.1-7 | OK | ||||
r-release-windows-ix86+x86_64 | 0.1-7 | 21.00 | 116.00 | 137.00 | OK | |
r-oldrel-macos-x86_64 | 0.1-7 | OK | ||||
r-oldrel-windows-ix86+x86_64 | 0.1-7 | 10.00 | 7.00 | 17.00 | ERROR |
Version: 0.1-7
Check: whether package can be installed
Result: ERROR
Installation failed.
Flavor: r-oldrel-windows-ix86+x86_64