CRAN Package Check Results for Package arules

Last updated on 2020-12-04 00:48:16 CET.

Flavor Version Tinstall Tcheck Ttotal Status Flags
r-devel-linux-x86_64-debian-clang 1.6-6 25.79 152.75 178.54 OK
r-devel-linux-x86_64-debian-gcc 1.6-6 21.39 117.44 138.83 OK
r-devel-linux-x86_64-fedora-clang 1.6-6 230.97 NOTE
r-devel-linux-x86_64-fedora-gcc 1.6-6 222.15 OK
r-devel-windows-ix86+x86_64 1.6-6 61.00 274.00 335.00 OK
r-patched-linux-x86_64 1.6-6 25.02 146.74 171.76 OK
r-patched-solaris-x86 1.6-6 312.70 OK
r-release-linux-x86_64 1.6-6 25.26 146.97 172.23 OK
r-release-macos-x86_64 1.6-6 OK
r-release-windows-ix86+x86_64 1.6-6 44.00 212.00 256.00 OK
r-oldrel-macos-x86_64 1.6-6 OK
r-oldrel-windows-ix86+x86_64 1.6-6 48.00 256.00 304.00 OK

Check Details

Version: 1.6-6
Check: Rd cross-references
Result: NOTE
    Undeclared package ‘arulesCBA’ in Rd xrefs
Flavor: r-devel-linux-x86_64-fedora-clang