Last updated on 2020-12-04 00:48:16 CET.
Flavor | Version | Tinstall | Tcheck | Ttotal | Status | Flags |
---|---|---|---|---|---|---|
r-devel-linux-x86_64-debian-clang | 3.2.1 | 33.28 | 178.79 | 212.07 | NOTE | |
r-devel-linux-x86_64-debian-gcc | 3.2.1 | 25.93 | 135.35 | 161.28 | NOTE | |
r-devel-linux-x86_64-fedora-clang | 3.2.1 | 262.54 | NOTE | |||
r-devel-linux-x86_64-fedora-gcc | 3.2.1 | 252.83 | NOTE | |||
r-devel-windows-ix86+x86_64 | 3.2.1 | 51.00 | 198.00 | 249.00 | NOTE | |
r-patched-linux-x86_64 | 3.2.1 | 28.57 | 168.45 | 197.02 | NOTE | |
r-patched-solaris-x86 | 3.2.1 | 309.70 | NOTE | |||
r-release-linux-x86_64 | 3.2.1 | 30.13 | 167.09 | 197.22 | NOTE | |
r-release-macos-x86_64 | 3.2.1 | NOTE | ||||
r-release-windows-ix86+x86_64 | 3.2.1 | 39.00 | 160.00 | 199.00 | NOTE | |
r-oldrel-macos-x86_64 | 3.2.1 | NOTE | ||||
r-oldrel-windows-ix86+x86_64 | 3.2.1 | 37.00 | 185.00 | 222.00 | NOTE |
Version: 3.2.1
Check: package dependencies
Result: NOTE
Packages suggested but not available for checking:
'sfit', 'expectile', 'HaarSeg', 'mpcbs'
Flavors: r-devel-linux-x86_64-debian-clang, r-devel-linux-x86_64-debian-gcc, r-devel-linux-x86_64-fedora-clang, r-devel-linux-x86_64-fedora-gcc, r-devel-windows-ix86+x86_64, r-patched-linux-x86_64, r-patched-solaris-x86, r-release-linux-x86_64, r-release-windows-ix86+x86_64, r-oldrel-windows-ix86+x86_64
Version: 3.2.1
Check: package dependencies
Result: NOTE
Packages suggested but not available for checking:
'GLAD', 'sfit', 'expectile', 'HaarSeg', 'mpcbs'
Flavors: r-release-macos-x86_64, r-oldrel-macos-x86_64
Version: 3.2.1
Check: Rd cross-references
Result: NOTE
Package unavailable to check Rd xrefs: ‘GLAD’
Flavors: r-release-macos-x86_64, r-oldrel-macos-x86_64