CRAN Package Check Results for Package arealDB

Last updated on 2020-12-04 00:48:16 CET.

Flavor Version Tinstall Tcheck Ttotal Status Flags
r-devel-linux-x86_64-debian-clang 0.3.4 10.05 107.48 117.53 OK
r-devel-linux-x86_64-debian-gcc 0.3.4 7.92 80.66 88.58 OK
r-devel-linux-x86_64-fedora-clang 0.3.4 146.99 NOTE
r-devel-linux-x86_64-fedora-gcc 0.3.4 133.95 NOTE
r-devel-windows-ix86+x86_64 0.3.4 25.00 130.00 155.00 OK
r-patched-linux-x86_64 0.3.4 11.04 102.83 113.87 OK
r-patched-solaris-x86 0.3.4 187.90 NOTE
r-release-linux-x86_64 0.3.4 11.03 101.95 112.98 OK
r-release-macos-x86_64 0.3.4 NOTE
r-release-windows-ix86+x86_64 0.3.4 17.00 113.00 130.00 OK
r-oldrel-macos-x86_64 0.3.4 NOTE
r-oldrel-windows-ix86+x86_64 0.3.4 15.00 132.00 147.00 OK

Check Details

Version: 0.3.4
Check: data for non-ASCII characters
Result: NOTE
     Note: found 8 marked UTF-8 strings
Flavors: r-devel-linux-x86_64-fedora-clang, r-devel-linux-x86_64-fedora-gcc, r-patched-solaris-x86, r-release-macos-x86_64, r-oldrel-macos-x86_64