Last updated on 2020-12-04 00:48:16 CET.
Flavor | Version | Tinstall | Tcheck | Ttotal | Status | Flags |
---|---|---|---|---|---|---|
r-devel-linux-x86_64-debian-clang | 2.3.4 | 9.04 | 73.76 | 82.80 | OK | |
r-devel-linux-x86_64-debian-gcc | 2.3.4 | 7.63 | 59.31 | 66.94 | OK | |
r-devel-linux-x86_64-fedora-clang | 2.3.4 | 106.39 | NOTE | |||
r-devel-linux-x86_64-fedora-gcc | 2.3.4 | 96.25 | OK | |||
r-devel-windows-ix86+x86_64 | 2.3.4 | 20.00 | 101.00 | 121.00 | OK | |
r-patched-linux-x86_64 | 2.3.4 | 8.88 | 71.43 | 80.31 | OK | |
r-patched-solaris-x86 | 2.3.4 | 135.30 | OK | |||
r-release-linux-x86_64 | 2.3.4 | 9.25 | 71.49 | 80.74 | OK | |
r-release-macos-x86_64 | 2.3.4 | OK | ||||
r-release-windows-ix86+x86_64 | 2.3.4 | 14.00 | 83.00 | 97.00 | OK | |
r-oldrel-macos-x86_64 | 2.3.4 | OK | ||||
r-oldrel-windows-ix86+x86_64 | 2.3.4 | 13.00 | 104.00 | 117.00 | OK |
Version: 2.3.4
Check: Rd cross-references
Result: NOTE
Undeclared package ‘rmarkdown’ in Rd xrefs
Flavor: r-devel-linux-x86_64-fedora-clang