CRAN Package Check Results for Package arc

Last updated on 2020-12-04 00:48:16 CET.

Flavor Version Tinstall Tcheck Ttotal Status Flags
r-devel-linux-x86_64-debian-clang 1.3 10.60 88.72 99.32 OK
r-devel-linux-x86_64-debian-gcc 1.3 8.82 68.08 76.90 OK
r-devel-linux-x86_64-fedora-clang 1.3 123.00 OK
r-devel-linux-x86_64-fedora-gcc 1.3 114.48 OK
r-devel-windows-ix86+x86_64 1.3 20.00 113.00 133.00 OK
r-patched-linux-x86_64 1.3 10.46 82.52 92.98 OK
r-patched-solaris-x86 1.3 157.20 NOTE
r-release-linux-x86_64 1.3 9.76 82.60 92.36 OK
r-release-macos-x86_64 1.3 NOTE
r-release-windows-ix86+x86_64 1.3 16.00 109.00 125.00 OK
r-oldrel-macos-x86_64 1.3 OK
r-oldrel-windows-ix86+x86_64 1.3 16.00 101.00 117.00 OK

Check Details

Version: 1.3
Check: package dependencies
Result: NOTE
    Package suggested but not available for checking: ‘qCBA’
Flavors: r-patched-solaris-x86, r-release-macos-x86_64