Last updated on 2020-12-04 00:48:16 CET.
Flavor | Version | Tinstall | Tcheck | Ttotal | Status | Flags |
---|---|---|---|---|---|---|
r-devel-linux-x86_64-debian-clang | 1.964 | 12.81 | 121.18 | 133.99 | OK | |
r-devel-linux-x86_64-debian-gcc | 1.964 | 10.98 | 96.59 | 107.57 | OK | |
r-devel-linux-x86_64-fedora-clang | 1.964 | 166.74 | NOTE | |||
r-devel-linux-x86_64-fedora-gcc | 1.964 | 161.01 | OK | |||
r-devel-windows-ix86+x86_64 | 1.964 | 21.00 | 153.00 | 174.00 | NOTE | |
r-patched-linux-x86_64 | 1.964 | 12.11 | 119.85 | 131.96 | OK | |
r-patched-solaris-x86 | 1.964 | 230.20 | NOTE | |||
r-release-linux-x86_64 | 1.964 | 11.21 | 118.22 | 129.43 | OK | |
r-release-macos-x86_64 | 1.964 | NOTE | ||||
r-release-windows-ix86+x86_64 | 1.964 | 16.00 | 122.00 | 138.00 | NOTE | |
r-oldrel-macos-x86_64 | 1.964 | NOTE | ||||
r-oldrel-windows-ix86+x86_64 | 1.964 | 17.00 | 146.00 | 163.00 | NOTE |
Version: 1.964
Check: installed package size
Result: NOTE
installed size is 7.3Mb
sub-directories of 1Mb or more:
extdata 6.4Mb
Flavors: r-devel-linux-x86_64-fedora-clang, r-devel-windows-ix86+x86_64, r-patched-solaris-x86, r-release-macos-x86_64, r-release-windows-ix86+x86_64, r-oldrel-macos-x86_64, r-oldrel-windows-ix86+x86_64