CRAN Package Check Results for Package apollo

Last updated on 2020-12-04 00:48:16 CET.

Flavor Version Tinstall Tcheck Ttotal Status Flags
r-devel-linux-x86_64-debian-clang 0.2.1 66.18 169.38 235.56 NOTE
r-devel-linux-x86_64-debian-gcc 0.2.1 50.58 130.38 180.96 NOTE
r-devel-linux-x86_64-fedora-clang 0.2.1 303.00 OK
r-devel-linux-x86_64-fedora-gcc 0.2.1 288.78 OK
r-devel-windows-ix86+x86_64 0.2.1 139.00 222.00 361.00 OK
r-patched-linux-x86_64 0.2.1 59.24 154.37 213.61 NOTE
r-patched-solaris-x86 0.2.1 329.90 OK
r-release-linux-x86_64 0.2.1 59.12 153.50 212.62 NOTE
r-release-macos-x86_64 0.2.1 OK
r-release-windows-ix86+x86_64 0.2.1 109.00 170.00 279.00 OK
r-oldrel-macos-x86_64 0.2.1 ERROR
r-oldrel-windows-ix86+x86_64 0.1.0 116.00 215.00 331.00 OK

Check Details

Version: 0.2.1
Check: R code for possible problems
Result: NOTE
    Found the following calls to attach():
    File 'apollo/R/apollo_attach.R':
     attach(as.list(apollo_beta))
     attach(database)
     attach(draws)
     attach(randcoeff)
     attach(lcpars)
    See section 'Good practice' in '?attach'.
Flavors: r-devel-linux-x86_64-debian-clang, r-devel-linux-x86_64-debian-gcc, r-patched-linux-x86_64, r-release-linux-x86_64

Version: 0.2.1
Check: whether package can be installed
Result: ERROR
    Installation failed.
Flavor: r-oldrel-macos-x86_64