CRAN Package Check Results for Package ape

Last updated on 2020-12-04 00:48:16 CET.

Flavor Version Tinstall Tcheck Ttotal Status Flags
r-devel-linux-x86_64-debian-clang 5.4-1 69.47 189.94 259.41 OK
r-devel-linux-x86_64-debian-gcc 5.4-1 47.24 140.33 187.57 OK
r-devel-linux-x86_64-fedora-clang 5.4-1 322.25 NOTE
r-devel-linux-x86_64-fedora-gcc 5.4-1 304.77 OK
r-devel-windows-ix86+x86_64 5.4-1 148.00 295.00 443.00 OK
r-patched-linux-x86_64 5.4-1 55.95 177.70 233.65 OK
r-patched-solaris-x86 5.4-1 334.70 OK
r-release-linux-x86_64 5.4-1 56.01 177.71 233.72 OK
r-release-macos-x86_64 5.4-1 OK
r-release-windows-ix86+x86_64 5.4-1 113.00 231.00 344.00 OK
r-oldrel-macos-x86_64 5.4-1 OK
r-oldrel-windows-ix86+x86_64 5.4-1 118.00 276.00 394.00 OK

Additional issues

valgrind

Check Details

Version: 5.4-1
Check: Rd cross-references
Result: NOTE
    Undeclared packages ‘phangorn’, ‘ade4’, ‘pegas’, ‘geiger’, ‘apTreeshape’ in Rd xrefs
Flavor: r-devel-linux-x86_64-fedora-clang