Last updated on 2020-12-04 00:48:16 CET.
Flavor | Version | Tinstall | Tcheck | Ttotal | Status | Flags |
---|---|---|---|---|---|---|
r-devel-linux-x86_64-debian-clang | 1.4.8 | 76.62 | 125.50 | 202.12 | OK | |
r-devel-linux-x86_64-debian-gcc | 1.4.8 | 47.75 | 94.07 | 141.82 | OK | |
r-devel-linux-x86_64-fedora-clang | 1.4.8 | 263.21 | OK | |||
r-devel-linux-x86_64-fedora-gcc | 1.4.8 | 239.06 | OK | |||
r-devel-windows-ix86+x86_64 | 1.4.8 | 172.00 | 204.00 | 376.00 | OK | |
r-patched-linux-x86_64 | 1.4.8 | 57.36 | 117.19 | 174.55 | OK | |
r-patched-solaris-x86 | 1.4.8 | 250.80 | WARN | |||
r-release-linux-x86_64 | 1.4.8 | 58.18 | 115.55 | 173.73 | OK | |
r-release-macos-x86_64 | 1.4.8 | WARN | ||||
r-release-windows-ix86+x86_64 | 1.4.8 | 126.00 | 210.00 | 336.00 | OK | |
r-oldrel-macos-x86_64 | 1.4.8 | WARN | ||||
r-oldrel-windows-ix86+x86_64 | 1.4.8 | 122.00 | 185.00 | 307.00 | OK |
Version: 1.4.8
Check: package dependencies
Result: NOTE
Package suggested but not available for checking: ‘kebabs’
Flavors: r-patched-solaris-x86, r-release-macos-x86_64
Version: 1.4.8
Check: re-building of vignette outputs
Result: WARN
Error(s) in re-building vignettes:
...
--- re-building ‘apcluster.Rnw’ using knitr
Attaching package: 'apcluster'
The following object is masked from 'package:stats':
heatmap
Quitting from lines 387-408 (apcluster.Rnw)
Error: processing vignette 'apcluster.Rnw' failed with diagnostics:
object 'apres2c' not found
--- failed re-building ‘apcluster.Rnw’
SUMMARY: processing the following file failed:
‘apcluster.Rnw’
Error: Vignette re-building failed.
Execution halted
Flavors: r-patched-solaris-x86, r-release-macos-x86_64, r-oldrel-macos-x86_64
Version: 1.4.8
Check: package dependencies
Result: NOTE
Packages suggested but not available for checking: 'Biostrings', 'kebabs'
Flavor: r-oldrel-macos-x86_64