CRAN Package Check Results for Package aoristic

Last updated on 2020-12-04 00:48:16 CET.

Flavor Version Tinstall Tcheck Ttotal Status Flags
r-devel-linux-x86_64-debian-clang 1.0.0 6.64 60.53 67.17 OK
r-devel-linux-x86_64-debian-gcc 1.0.0 5.79 46.92 52.71 OK
r-devel-linux-x86_64-fedora-clang 1.0.0 84.00 NOTE
r-devel-linux-x86_64-fedora-gcc 1.0.0 75.40 NOTE
r-devel-windows-ix86+x86_64 1.0.0 16.00 79.00 95.00 OK
r-patched-linux-x86_64 1.0.0 7.01 56.28 63.29 OK
r-patched-solaris-x86 1.0.0 102.70 NOTE
r-release-linux-x86_64 1.0.0 7.24 56.40 63.64 OK
r-release-macos-x86_64 1.0.0 NOTE
r-release-windows-ix86+x86_64 1.0.0 11.00 62.00 73.00 OK
r-oldrel-macos-x86_64 1.0.0 NOTE
r-oldrel-windows-ix86+x86_64 1.0.0 11.00 75.00 86.00 OK

Check Details

Version: 1.0.0
Check: dependencies in R code
Result: NOTE
    Namespace in Imports field not imported from: ‘foreign’
     All declared Imports should be used.
Flavors: r-devel-linux-x86_64-fedora-clang, r-devel-linux-x86_64-fedora-gcc, r-patched-solaris-x86, r-release-macos-x86_64, r-oldrel-macos-x86_64