Last updated on 2020-12-04 00:48:16 CET.
Flavor | Version | Tinstall | Tcheck | Ttotal | Status | Flags |
---|---|---|---|---|---|---|
r-devel-linux-x86_64-debian-clang | 0.4-1.1 | 12.21 | 76.32 | 88.53 | NOTE | |
r-devel-linux-x86_64-debian-gcc | 0.4-1.1 | 9.41 | 58.27 | 67.68 | NOTE | |
r-devel-linux-x86_64-fedora-clang | 0.4-1.1 | 109.19 | NOTE | |||
r-devel-linux-x86_64-fedora-gcc | 0.4-1.1 | 99.66 | NOTE | |||
r-devel-windows-ix86+x86_64 | 0.4-1.1 | 21.00 | 95.00 | 116.00 | NOTE | |
r-patched-linux-x86_64 | 0.4-1.1 | 11.00 | 70.61 | 81.61 | NOTE | |
r-patched-solaris-x86 | 0.4-1.1 | 142.40 | NOTE | |||
r-release-linux-x86_64 | 0.4-1.1 | 9.53 | 70.36 | 79.89 | NOTE | |
r-release-macos-x86_64 | 0.4-1.1 | NOTE | ||||
r-release-windows-ix86+x86_64 | 0.4-1.1 | 15.00 | 95.00 | 110.00 | NOTE | |
r-oldrel-macos-x86_64 | 0.4-1.1 | NOTE | ||||
r-oldrel-windows-ix86+x86_64 | 0.4-1.1 | 16.00 | 87.00 | 103.00 | NOTE |
Version: 0.4-1.1
Check: dependencies in R code
Result: NOTE
Packages in Depends field not imported from:
'boot' 'lme4'
These packages need to be imported from (in the NAMESPACE file)
for when this namespace is loaded but not attached.
Flavors: r-devel-linux-x86_64-debian-clang, r-devel-linux-x86_64-debian-gcc, r-devel-linux-x86_64-fedora-clang, r-devel-linux-x86_64-fedora-gcc, r-devel-windows-ix86+x86_64, r-patched-linux-x86_64, r-patched-solaris-x86, r-release-linux-x86_64, r-release-macos-x86_64, r-release-windows-ix86+x86_64, r-oldrel-macos-x86_64, r-oldrel-windows-ix86+x86_64