Last updated on 2020-12-04 00:48:16 CET.
Flavor | Version | Tinstall | Tcheck | Ttotal | Status | Flags |
---|---|---|---|---|---|---|
r-devel-linux-x86_64-debian-clang | 0.2.0 | 10.72 | 75.24 | 85.96 | OK | |
r-devel-linux-x86_64-debian-gcc | 0.2.0 | 8.33 | 58.98 | 67.31 | OK | |
r-devel-linux-x86_64-fedora-clang | 0.2.0 | 106.88 | NOTE | |||
r-devel-linux-x86_64-fedora-gcc | 0.2.0 | 98.82 | OK | |||
r-devel-windows-ix86+x86_64 | 0.2.0 | 20.00 | 101.00 | 121.00 | OK | |
r-patched-linux-x86_64 | 0.2.0 | 8.79 | 71.42 | 80.21 | OK | |
r-patched-solaris-x86 | 0.2.0 | 122.70 | OK | |||
r-release-linux-x86_64 | 0.2.0 | 9.61 | 72.57 | 82.18 | OK | |
r-release-macos-x86_64 | 0.2.0 | OK | ||||
r-release-windows-ix86+x86_64 | 0.2.0 | 17.00 | 80.00 | 97.00 | OK | |
r-oldrel-macos-x86_64 | 0.2.0 | OK | ||||
r-oldrel-windows-ix86+x86_64 | 0.2.0 | 18.00 | 94.00 | 112.00 | OK |
Version: 0.2.0
Check: package dependencies
Result: NOTE
Imports includes 22 non-default packages.
Importing from so many packages makes the package vulnerable to any of
them becoming unavailable. Move as many as possible to Suggests and
use conditionally.
Flavor: r-devel-linux-x86_64-fedora-clang