Last updated on 2020-12-04 00:48:16 CET.
Flavor | Version | Tinstall | Tcheck | Ttotal | Status | Flags |
---|---|---|---|---|---|---|
r-devel-linux-x86_64-debian-clang | 0.1.1 | 8.42 | 90.72 | 99.14 | OK | |
r-devel-linux-x86_64-debian-gcc | 0.1.1 | 7.72 | 68.45 | 76.17 | OK | |
r-devel-linux-x86_64-fedora-clang | 0.1.1 | 126.39 | OK | |||
r-devel-linux-x86_64-fedora-gcc | 0.1.1 | 115.53 | OK | |||
r-devel-windows-ix86+x86_64 | 0.1.1 | 18.00 | 127.00 | 145.00 | OK | |
r-patched-linux-x86_64 | 0.1.1 | 8.32 | 85.67 | 93.99 | OK | |
r-patched-solaris-x86 | 0.1.1 | 129.60 | WARN | |||
r-release-linux-x86_64 | 0.1.1 | 8.34 | 85.75 | 94.09 | OK | |
r-release-macos-x86_64 | 0.1.1 | WARN | ||||
r-release-windows-ix86+x86_64 | 0.1.1 | 16.00 | 101.00 | 117.00 | OK | |
r-oldrel-macos-x86_64 | 0.1.1 | WARN | ||||
r-oldrel-windows-ix86+x86_64 | 0.1.1 | 19.00 | 121.00 | 140.00 | OK |
Version: 0.1.1
Check: re-building of vignette outputs
Result: WARN
Error(s) in re-building vignettes:
...
--- re-building ‘Introduction.Rmd’ using rmarkdown_notangle
Warning in engine$weave(file, quiet = quiet, encoding = enc) :
Pandoc (>= 1.12.3) and/or pandoc-citeproc not available. Falling back to R Markdown v1.
Quitting from lines 49-64 (Introduction.Rmd)
Error: processing vignette 'Introduction.Rmd' failed with diagnostics:
EXPR must be a length 1 vector
--- failed re-building ‘Introduction.Rmd’
SUMMARY: processing the following file failed:
‘Introduction.Rmd’
Error: Vignette re-building failed.
Execution halted
Flavors: r-patched-solaris-x86, r-release-macos-x86_64, r-oldrel-macos-x86_64