CRAN Package Check Results for Package amapGeocode

Last updated on 2020-12-04 00:48:16 CET.

Flavor Version Tinstall Tcheck Ttotal Status Flags
r-devel-linux-x86_64-debian-clang 0.5.0 3.34 27.29 30.63 OK
r-devel-linux-x86_64-debian-gcc 0.5.0 3.18 22.37 25.55 OK
r-devel-linux-x86_64-fedora-clang 0.5.0 43.62 NOTE
r-devel-linux-x86_64-fedora-gcc 0.5.0 34.72 NOTE
r-devel-windows-ix86+x86_64 0.5.0 6.00 44.00 50.00 OK
r-patched-linux-x86_64 0.5.0 3.44 27.84 31.28 OK
r-patched-solaris-x86 0.5.0 54.60 NOTE
r-release-linux-x86_64 0.5.0 3.33 26.78 30.11 OK
r-release-macos-x86_64 0.5.0 NOTE
r-release-windows-ix86+x86_64 0.5.0 5.00 35.00 40.00 OK
r-oldrel-macos-x86_64 0.5.0 NOTE
r-oldrel-windows-ix86+x86_64 0.5.0 4.00 42.00 46.00 OK

Check Details

Version: 0.5.0
Check: dependencies in R code
Result: NOTE
    Namespaces in Imports field not imported from:
     ‘jsonlite’ ‘lifecycle’
     All declared Imports should be used.
Flavors: r-devel-linux-x86_64-fedora-clang, r-devel-linux-x86_64-fedora-gcc, r-patched-solaris-x86, r-release-macos-x86_64, r-oldrel-macos-x86_64