CRAN Package Check Results for Package altfuelr

Last updated on 2020-12-04 00:48:16 CET.

Flavor Version Tinstall Tcheck Ttotal Status Flags
r-devel-linux-x86_64-debian-clang 0.1.0 6.73 27.70 34.43 OK
r-devel-linux-x86_64-debian-gcc 0.1.0 6.03 24.63 30.66 OK
r-devel-linux-x86_64-fedora-clang 0.1.0 48.45 NOTE
r-devel-linux-x86_64-fedora-gcc 0.1.0 38.85 NOTE
r-devel-windows-ix86+x86_64 0.1.0 11.00 45.00 56.00 OK
r-patched-linux-x86_64 0.1.0 6.32 28.06 34.38 OK
r-patched-solaris-x86 0.1.0 60.10 NOTE
r-release-linux-x86_64 0.1.0 6.83 26.31 33.14 OK
r-release-macos-x86_64 0.1.0 NOTE
r-release-windows-ix86+x86_64 0.1.0 8.00 44.00 52.00 OK
r-oldrel-macos-x86_64 0.1.0 NOTE
r-oldrel-windows-ix86+x86_64 0.1.0 9.00 43.00 52.00 OK

Check Details

Version: 0.1.0
Check: data for non-ASCII characters
Result: NOTE
     Note: found 171 marked UTF-8 strings
Flavors: r-devel-linux-x86_64-fedora-clang, r-devel-linux-x86_64-fedora-gcc, r-patched-solaris-x86, r-release-macos-x86_64, r-oldrel-macos-x86_64