CRAN Package Check Results for Package airportr

Last updated on 2020-12-04 00:48:15 CET.

Flavor Version Tinstall Tcheck Ttotal Status Flags
r-devel-linux-x86_64-debian-clang 0.1.3 5.18 42.10 47.28 OK
r-devel-linux-x86_64-debian-gcc 0.1.3 4.12 34.13 38.25 OK
r-devel-linux-x86_64-fedora-clang 0.1.3 62.65 NOTE
r-devel-linux-x86_64-fedora-gcc 0.1.3 53.17 NOTE
r-devel-windows-ix86+x86_64 0.1.3 10.00 59.00 69.00 OK
r-patched-linux-x86_64 0.1.3 5.54 40.83 46.37 OK
r-patched-solaris-x86 0.1.3 80.90 NOTE
r-release-linux-x86_64 0.1.3 4.73 40.90 45.63 OK
r-release-macos-x86_64 0.1.3 NOTE
r-release-windows-ix86+x86_64 0.1.3 8.00 60.00 68.00 OK
r-oldrel-macos-x86_64 0.1.3 NOTE
r-oldrel-windows-ix86+x86_64 0.1.3 7.00 57.00 64.00 OK

Check Details

Version: 0.1.3
Check: data for non-ASCII characters
Result: NOTE
     Note: found 710 marked UTF-8 strings
Flavors: r-devel-linux-x86_64-fedora-clang, r-devel-linux-x86_64-fedora-gcc, r-patched-solaris-x86, r-release-macos-x86_64, r-oldrel-macos-x86_64