Last updated on 2020-12-04 00:48:15 CET.
Flavor | Version | Tinstall | Tcheck | Ttotal | Status | Flags |
---|---|---|---|---|---|---|
r-devel-linux-x86_64-debian-clang | 0.9.1 | 40.24 | 43.35 | 83.59 | OK | |
r-devel-linux-x86_64-debian-gcc | 0.9.1 | 29.52 | 34.50 | 64.02 | OK | |
r-devel-linux-x86_64-fedora-clang | 0.9.1 | 117.90 | NOTE | |||
r-devel-linux-x86_64-fedora-gcc | 0.9.1 | 102.27 | OK | |||
r-devel-windows-ix86+x86_64 | 0.9.1 | 85.00 | 94.00 | 179.00 | OK | |
r-patched-linux-x86_64 | 0.9.1 | 35.69 | 43.07 | 78.76 | OK | |
r-patched-solaris-x86 | 0.9.1 | 113.70 | OK | |||
r-release-linux-x86_64 | 0.9.1 | 32.58 | 43.64 | 76.22 | OK | |
r-release-macos-x86_64 | 0.9.1 | NOTE | ||||
r-release-windows-ix86+x86_64 | 0.9.1 | 63.00 | 71.00 | 134.00 | OK | |
r-oldrel-macos-x86_64 | 0.9.1 | NOTE | ||||
r-oldrel-windows-ix86+x86_64 | 0.9.1 | 66.00 | 87.00 | 153.00 | OK |
Version: 0.9.1
Check: installed package size
Result: NOTE
installed size is 8.2Mb
sub-directories of 1Mb or more:
libs 7.7Mb
Flavors: r-devel-linux-x86_64-fedora-clang, r-release-macos-x86_64, r-oldrel-macos-x86_64