CRAN Package Check Results for Package afex

Last updated on 2020-12-04 00:48:15 CET.

Flavor Version Tinstall Tcheck Ttotal Status Flags
r-devel-linux-x86_64-debian-clang 0.28-0 17.92 371.01 388.93 OK
r-devel-linux-x86_64-debian-gcc 0.28-0 12.54 266.41 278.95 OK
r-devel-linux-x86_64-fedora-clang 0.28-0 457.67 NOTE
r-devel-linux-x86_64-fedora-gcc 0.28-0 455.22 OK
r-devel-windows-ix86+x86_64 0.28-0 35.00 458.00 493.00 OK
r-patched-linux-x86_64 0.28-0 15.94 348.38 364.32 OK
r-patched-solaris-x86 0.28-0 612.80 OK
r-release-linux-x86_64 0.28-0 17.03 344.28 361.31 OK
r-release-macos-x86_64 0.28-0 OK
r-release-windows-ix86+x86_64 0.28-0 23.00 362.00 385.00 OK
r-oldrel-macos-x86_64 0.28-0 OK
r-oldrel-windows-ix86+x86_64 0.28-0 31.00 455.00 486.00 OK

Check Details

Version: 0.28-0
Check: Rd cross-references
Result: NOTE
    Undeclared package ‘ez’ in Rd xrefs
Flavor: r-devel-linux-x86_64-fedora-clang