Last updated on 2020-12-04 00:48:15 CET.
Flavor | Version | Tinstall | Tcheck | Ttotal | Status | Flags |
---|---|---|---|---|---|---|
r-devel-linux-x86_64-debian-clang | 0.1.1 | 28.91 | 41.82 | 70.73 | OK | |
r-devel-linux-x86_64-debian-gcc | 0.1.1 | 20.88 | 32.16 | 53.04 | OK | |
r-devel-linux-x86_64-fedora-clang | 0.1.1 | 100.59 | OK | |||
r-devel-linux-x86_64-fedora-gcc | 0.1.1 | 89.99 | OK | |||
r-devel-windows-ix86+x86_64 | 0.1.1 | 68.00 | 101.00 | 169.00 | OK | |
r-patched-linux-x86_64 | 0.1.1 | 26.07 | 40.81 | 66.88 | OK | |
r-patched-solaris-x86 | 0.1.1 | 122.20 | OK | |||
r-release-linux-x86_64 | 0.1.1 | 26.29 | 41.15 | 67.44 | OK | |
r-release-macos-x86_64 | 0.1.1 | OK | ||||
r-release-windows-ix86+x86_64 | 0.1.1 | 54.00 | 103.00 | 157.00 | OK | |
r-oldrel-macos-x86_64 | 0.1.1 | WARN | ||||
r-oldrel-windows-ix86+x86_64 | 0.1.1 | 50.00 | 95.00 | 145.00 | OK |
Version: 0.1.1
Check: re-building of vignette outputs
Result: WARN
Error(s) in re-building vignettes:
...
--- re-building ‘adpss_ex.Rmd’ using rmarkdown
Warning in engine$weave(file, quiet = quiet, encoding = enc) :
Pandoc (>= 1.12.3) and/or pandoc-citeproc not available. Falling back to R Markdown v1.
Error: processing vignette 'adpss_ex.Rmd' failed with diagnostics:
there is no package called 'stringi'
--- failed re-building ‘adpss_ex.Rmd’
SUMMARY: processing the following file failed:
‘adpss_ex.Rmd’
Error: Vignette re-building failed.
Execution halted
Flavor: r-oldrel-macos-x86_64