CRAN Package Check Results for Package adiv

Last updated on 2020-12-04 00:48:15 CET.

Flavor Version Tinstall Tcheck Ttotal Status Flags
r-devel-linux-x86_64-debian-clang 2.0.1 41.96 354.34 396.30 OK
r-devel-linux-x86_64-debian-gcc 2.0.1 38.12 265.57 303.69 OK
r-devel-linux-x86_64-fedora-clang 2.0.1 490.21 OK
r-devel-linux-x86_64-fedora-gcc 2.0.1 473.41 OK
r-devel-windows-ix86+x86_64 2.0.1 77.00 414.00 491.00 OK
r-patched-linux-x86_64 2.0.1 28.98 328.09 357.07 OK
r-patched-solaris-x86 2.0.1 647.20 OK
r-release-linux-x86_64 2.0.1 29.91 328.64 358.55 OK
r-release-macos-x86_64 2.0.1 OK
r-release-windows-ix86+x86_64 2.0.1 60.00 419.00 479.00 OK
r-oldrel-macos-x86_64 2.0.1 WARN
r-oldrel-windows-ix86+x86_64 2.0.1 71.00 398.00 469.00 OK

Check Details

Version: 2.0.1
Check: whether package can be installed
Result: WARN
    Found the following significant warnings:
     Warning: 'rgl.init' failed, running with 'rgl.useNULL = TRUE'.
Flavor: r-oldrel-macos-x86_64