Last updated on 2020-12-04 00:48:15 CET.
Flavor | Version | Tinstall | Tcheck | Ttotal | Status | Flags |
---|---|---|---|---|---|---|
r-devel-linux-x86_64-debian-clang | 0.3.25 | 17.11 | 125.60 | 142.71 | OK | |
r-devel-linux-x86_64-debian-gcc | 0.3.25 | 12.86 | 102.37 | 115.23 | OK | |
r-devel-linux-x86_64-fedora-clang | 0.3.25 | 176.83 | OK | |||
r-devel-linux-x86_64-fedora-gcc | 0.3.25 | 173.63 | OK | |||
r-devel-windows-ix86+x86_64 | 0.3.25 | 32.00 | 183.00 | 215.00 | OK | |
r-patched-linux-x86_64 | 0.3.25 | 14.41 | 127.46 | 141.87 | OK | |
r-patched-solaris-x86 | 0.3.25 | 280.90 | OK | |||
r-release-linux-x86_64 | 0.3.25 | 16.67 | 124.79 | 141.46 | OK | |
r-release-macos-x86_64 | 0.3.25 | OK | ||||
r-release-windows-ix86+x86_64 | 0.3.25 | 24.00 | 187.00 | 211.00 | OK | |
r-oldrel-macos-x86_64 | 0.3.25 | NOTE | ||||
r-oldrel-windows-ix86+x86_64 | 0.3.25 | 26.00 | 175.00 | 201.00 | OK |
Version: 0.3.25
Check: dependencies in R code
Result: NOTE
No protocol specified
No protocol specified
No protocol specified
No protocol specified
Flavor: r-oldrel-macos-x86_64