Last updated on 2020-12-04 00:48:15 CET.
Flavor | Version | Tinstall | Tcheck | Ttotal | Status | Flags |
---|---|---|---|---|---|---|
r-devel-linux-x86_64-debian-clang | 1.0.0 | 6.71 | 37.87 | 44.58 | OK | |
r-devel-linux-x86_64-debian-gcc | 1.0.0 | 4.96 | 31.78 | 36.74 | OK | |
r-devel-linux-x86_64-fedora-clang | 1.0.0 | 59.44 | NOTE | |||
r-devel-linux-x86_64-fedora-gcc | 1.0.0 | 49.86 | NOTE | |||
r-devel-windows-ix86+x86_64 | 1.0.0 | 10.00 | 53.00 | 63.00 | OK | |
r-patched-linux-x86_64 | 1.0.0 | 6.43 | 36.99 | 43.42 | OK | |
r-patched-solaris-x86 | 1.0.0 | 69.70 | NOTE | |||
r-release-linux-x86_64 | 1.0.0 | 5.57 | 35.94 | 41.51 | OK | |
r-release-macos-x86_64 | 1.0.0 | NOTE | ||||
r-release-windows-ix86+x86_64 | 1.0.0 | 8.00 | 43.00 | 51.00 | OK | |
r-oldrel-macos-x86_64 | 1.0.0 | NOTE | ||||
r-oldrel-windows-ix86+x86_64 | 1.0.0 | 11.00 | 49.00 | 60.00 | OK |
Version: 1.0.0
Check: dependencies in R code
Result: NOTE
Namespaces in Imports field not imported from:
‘rARPACK’ ‘sparseLDA’
All declared Imports should be used.
Flavors: r-devel-linux-x86_64-fedora-clang, r-devel-linux-x86_64-fedora-gcc, r-patched-solaris-x86, r-release-macos-x86_64, r-oldrel-macos-x86_64