Last updated on 2020-12-04 00:48:15 CET.
Flavor | Version | Tinstall | Tcheck | Ttotal | Status | Flags |
---|---|---|---|---|---|---|
r-devel-linux-x86_64-debian-clang | 1.3.3 | 71.16 | 74.63 | 145.79 | OK | |
r-devel-linux-x86_64-debian-gcc | 1.3.3 | 46.57 | 57.65 | 104.22 | OK | |
r-devel-linux-x86_64-fedora-clang | 1.3.3 | 199.09 | NOTE | |||
r-devel-linux-x86_64-fedora-gcc | 1.3.3 | 173.15 | NOTE | |||
r-devel-windows-ix86+x86_64 | 1.3.3 | 159.00 | 136.00 | 295.00 | OK | |
r-patched-linux-x86_64 | 1.3.3 | 57.46 | 71.11 | 128.57 | OK | |
r-patched-solaris-x86 | 1.3.3 | 194.80 | OK | |||
r-release-linux-x86_64 | 1.3.3 | 58.89 | 69.98 | 128.87 | OK | |
r-release-macos-x86_64 | 1.3.3 | OK | ||||
r-release-windows-ix86+x86_64 | 1.3.3 | 121.00 | 110.00 | 231.00 | OK | |
r-oldrel-macos-x86_64 | 1.3.3 | OK | ||||
r-oldrel-windows-ix86+x86_64 | 1.3.3 | 123.00 | 128.00 | 251.00 | OK |
Version: 1.3.3
Check: compiled code
Result: NOTE
File ‘acc/libs/acc.so’:
Found no calls to: ‘R_registerRoutines’, ‘R_useDynamicSymbols’
It is good practice to register native routines and to disable symbol
search.
See ‘Writing portable packages’ in the ‘Writing R Extensions’ manual.
Flavors: r-devel-linux-x86_64-fedora-clang, r-devel-linux-x86_64-fedora-gcc