Last updated on 2020-12-04 00:48:15 CET.
Flavor | Version | Tinstall | Tcheck | Ttotal | Status | Flags |
---|---|---|---|---|---|---|
r-devel-linux-x86_64-debian-clang | 1.8.1 | 79.21 | 86.84 | 166.05 | OK | |
r-devel-linux-x86_64-debian-gcc | 1.8.1 | 53.38 | 65.20 | 118.58 | OK | |
r-devel-linux-x86_64-fedora-clang | 1.8.1 | 231.27 | NOTE | |||
r-devel-linux-x86_64-fedora-gcc | 1.8.1 | 201.76 | OK | |||
r-devel-windows-ix86+x86_64 | 1.8.1 | 183.00 | 164.00 | 347.00 | NOTE | |
r-patched-linux-x86_64 | 1.8.1 | 65.53 | 80.20 | 145.73 | OK | |
r-patched-solaris-x86 | 1.8.1 | 229.00 | OK | |||
r-release-linux-x86_64 | 1.8.1 | 62.79 | 80.00 | 142.79 | OK | |
r-release-macos-x86_64 | 1.8.1 | NOTE | ||||
r-release-windows-ix86+x86_64 | 1.8.1 | 146.00 | 160.00 | 306.00 | NOTE | |
r-oldrel-macos-x86_64 | 1.8.1 | NOTE | ||||
r-oldrel-windows-ix86+x86_64 | 1.8.1 | 145.00 | 146.00 | 291.00 | OK |
Version: 1.8.1
Check: installed package size
Result: NOTE
installed size is 5.7Mb
sub-directories of 1Mb or more:
data 2.6Mb
libs 2.9Mb
Flavors: r-devel-linux-x86_64-fedora-clang, r-devel-windows-ix86+x86_64, r-release-macos-x86_64, r-release-windows-ix86+x86_64, r-oldrel-macos-x86_64