CRAN Package Check Results for Package Yamm

Last updated on 2020-12-04 00:48:38 CET.

Flavor Version Tinstall Tcheck Ttotal Status Flags
r-devel-linux-x86_64-debian-clang 1.3.1 12.45 105.73 118.18 OK
r-devel-linux-x86_64-debian-gcc 1.3.1 10.63 80.92 91.55 OK
r-devel-linux-x86_64-fedora-clang 1.3.1 146.71 OK
r-devel-linux-x86_64-fedora-gcc 1.3.1 132.81 OK
r-devel-windows-ix86+x86_64 1.3.1 31.00 175.00 206.00 OK
r-patched-linux-x86_64 1.3.1 12.22 100.67 112.89 OK
r-patched-solaris-x86 1.3.1 198.90 OK
r-release-linux-x86_64 1.3.1 12.71 98.29 111.00 OK
r-release-macos-x86_64 1.3.1 OK
r-release-windows-ix86+x86_64 1.3.1 21.00 182.00 203.00 OK
r-oldrel-macos-x86_64 1.3.1 WARN
r-oldrel-windows-ix86+x86_64 1.3.1 21.00 172.00 193.00 OK

Check Details

Version: 1.3.1
Check: whether package can be installed
Result: WARN
    Found the following significant warnings:
     Warning: 'rgl.init' failed, running with 'rgl.useNULL = TRUE'.
Flavor: r-oldrel-macos-x86_64