Last updated on 2020-12-04 00:48:37 CET.
Flavor | Version | Tinstall | Tcheck | Ttotal | Status | Flags |
---|---|---|---|---|---|---|
r-devel-linux-x86_64-debian-clang | 1.3.2 | 18.93 | 113.32 | 132.25 | OK | |
r-devel-linux-x86_64-debian-gcc | 1.3.2 | 14.41 | 85.19 | 99.60 | OK | |
r-devel-linux-x86_64-fedora-clang | 1.3.2 | 164.95 | NOTE | |||
r-devel-linux-x86_64-fedora-gcc | 1.3.2 | 156.06 | NOTE | |||
r-devel-windows-ix86+x86_64 | 1.3.2 | 34.00 | 128.00 | 162.00 | OK | |
r-patched-linux-x86_64 | 1.3.2 | 18.56 | 103.72 | 122.28 | OK | |
r-patched-solaris-x86 | 1.3.2 | 199.20 | NOTE | |||
r-release-linux-x86_64 | 1.3.2 | 17.48 | 104.93 | 122.41 | OK | |
r-release-macos-x86_64 | 1.3.2 | NOTE | ||||
r-release-windows-ix86+x86_64 | 1.3.2 | 24.00 | 100.00 | 124.00 | OK | |
r-oldrel-macos-x86_64 | 1.3.2 | NOTE | ||||
r-oldrel-windows-ix86+x86_64 | 1.3.2 | 34.00 | 125.00 | 159.00 | OK |
Version: 1.3.2
Check: dependencies in R code
Result: NOTE
Namespace in Imports field not imported from: ‘ggdendro’
All declared Imports should be used.
Flavors: r-devel-linux-x86_64-fedora-clang, r-devel-linux-x86_64-fedora-gcc, r-patched-solaris-x86, r-release-macos-x86_64, r-oldrel-macos-x86_64