Last updated on 2020-12-04 00:48:37 CET.
Flavor | Version | Tinstall | Tcheck | Ttotal | Status | Flags |
---|---|---|---|---|---|---|
r-devel-linux-x86_64-debian-clang | 0.1.0 | 4.04 | 37.38 | 41.42 | OK | |
r-devel-linux-x86_64-debian-gcc | 0.1.0 | 3.35 | 29.03 | 32.38 | OK | |
r-devel-linux-x86_64-fedora-clang | 0.1.0 | 54.39 | NOTE | |||
r-devel-linux-x86_64-fedora-gcc | 0.1.0 | 45.60 | NOTE | |||
r-devel-windows-ix86+x86_64 | 0.1.0 | 9.00 | 55.00 | 64.00 | OK | |
r-patched-linux-x86_64 | 0.1.0 | 4.05 | 36.34 | 40.39 | OK | |
r-patched-solaris-x86 | 0.1.0 | 69.90 | NOTE | |||
r-release-linux-x86_64 | 0.1.0 | 4.12 | 34.85 | 38.97 | OK | |
r-release-macos-x86_64 | 0.1.0 | NOTE | ||||
r-release-windows-ix86+x86_64 | 0.1.0 | 7.00 | 42.00 | 49.00 | OK | |
r-oldrel-macos-x86_64 | 0.1.0 | NOTE | ||||
r-oldrel-windows-ix86+x86_64 | 0.1.0 | 6.00 | 51.00 | 57.00 | OK |
Version: 0.1.0
Check: dependencies in R code
Result: NOTE
Namespace in Imports field not imported from: ‘tibble’
All declared Imports should be used.
Flavors: r-devel-linux-x86_64-fedora-clang, r-devel-linux-x86_64-fedora-gcc, r-patched-solaris-x86, r-release-macos-x86_64, r-oldrel-macos-x86_64