CRAN Package Check Results for Package XICOR

Last updated on 2020-12-04 00:48:37 CET.

Flavor Version Tinstall Tcheck Ttotal Status Flags
r-devel-linux-x86_64-debian-clang 0.3.3 2.56 26.12 28.68 OK
r-devel-linux-x86_64-debian-gcc 0.3.3 1.99 19.11 21.10 OK
r-devel-linux-x86_64-fedora-clang 0.3.3 39.10 NOTE
r-devel-linux-x86_64-fedora-gcc 0.3.3 30.18 NOTE
r-devel-windows-ix86+x86_64 0.3.3 4.00 40.00 44.00 OK
r-patched-linux-x86_64 0.3.3 2.59 25.04 27.63 OK
r-patched-solaris-x86 0.3.3 45.60 NOTE
r-release-linux-x86_64 0.3.3 2.17 24.90 27.07 OK
r-release-macos-x86_64 0.3.3 NOTE
r-release-windows-ix86+x86_64 0.3.3 4.00 29.00 33.00 OK
r-oldrel-macos-x86_64 0.3.3 NOTE
r-oldrel-windows-ix86+x86_64 0.3.3 3.00 38.00 41.00 OK

Check Details

Version: 0.3.3
Check: dependencies in R code
Result: NOTE
    Namespace in Imports field not imported from: ‘psychTools’
     All declared Imports should be used.
Flavors: r-devel-linux-x86_64-fedora-clang, r-devel-linux-x86_64-fedora-gcc, r-patched-solaris-x86, r-release-macos-x86_64, r-oldrel-macos-x86_64