CRAN Package Check Results for Package WoodSimulatR

Last updated on 2020-12-04 00:48:37 CET.

Flavor Version Tinstall Tcheck Ttotal Status Flags
r-devel-linux-x86_64-debian-clang 0.5.0 5.33 58.53 63.86 OK
r-devel-linux-x86_64-debian-gcc 0.5.0 4.28 44.78 49.06 OK
r-devel-linux-x86_64-fedora-clang 0.5.0 79.93 NOTE
r-devel-linux-x86_64-fedora-gcc 0.5.0 71.32 NOTE
r-devel-windows-ix86+x86_64 0.5.0 10.00 77.00 87.00 OK
r-patched-linux-x86_64 0.5.0 5.31 55.75 61.06 OK
r-patched-solaris-x86 0.5.0 91.60 NOTE
r-release-linux-x86_64 0.5.0 4.98 55.37 60.35 OK
r-release-macos-x86_64 0.5.0 NOTE
r-release-windows-ix86+x86_64 0.5.0 8.00 59.00 67.00 OK
r-oldrel-macos-x86_64 0.5.0 NOTE
r-oldrel-windows-ix86+x86_64 0.5.0 7.00 77.00 84.00 OK

Check Details

Version: 0.5.0
Check: dependencies in R code
Result: NOTE
    Namespace in Imports field not imported from: ‘scales’
     All declared Imports should be used.
Flavors: r-devel-linux-x86_64-fedora-clang, r-devel-linux-x86_64-fedora-gcc, r-patched-solaris-x86, r-release-macos-x86_64, r-oldrel-macos-x86_64