CRAN Package Check Results for Package WindCurves

Last updated on 2020-12-04 00:48:37 CET.

Flavor Version Tinstall Tcheck Ttotal Status Flags
r-devel-linux-x86_64-debian-clang 0.1.3 3.96 30.16 34.12 NOTE
r-devel-linux-x86_64-debian-gcc 0.1.3 3.80 24.56 28.36 NOTE
r-devel-linux-x86_64-fedora-clang 0.1.3 47.26 NOTE
r-devel-linux-x86_64-fedora-gcc 0.1.3 37.73 NOTE
r-devel-windows-ix86+x86_64 0.1.3 8.00 46.00 54.00 NOTE
r-patched-linux-x86_64 0.1.3 3.29 28.95 32.24 NOTE
r-patched-solaris-x86 0.1.3 55.40 NOTE
r-release-linux-x86_64 0.1.3 3.64 28.07 31.71 NOTE
r-release-macos-x86_64 0.1.3 NOTE
r-release-windows-ix86+x86_64 0.1.3 9.00 45.00 54.00 NOTE
r-oldrel-macos-x86_64 0.1.3 NOTE
r-oldrel-windows-ix86+x86_64 0.1.3 6.00 43.00 49.00 OK

Check Details

Version: 0.1.3
Check: package vignettes
Result: NOTE
    Package vignette with placeholder title 'Vignette Title':
     'WindCurves_Info.Rmd'
Flavors: r-devel-linux-x86_64-debian-clang, r-devel-linux-x86_64-debian-gcc, r-devel-windows-ix86+x86_64, r-patched-linux-x86_64, r-release-linux-x86_64, r-release-windows-ix86+x86_64

Version: 0.1.3
Check: dependencies in R code
Result: NOTE
    Namespaces in Imports field not imported from:
     ‘drc’ ‘imputeTestbench’
     All declared Imports should be used.
Flavors: r-devel-linux-x86_64-fedora-clang, r-devel-linux-x86_64-fedora-gcc, r-patched-solaris-x86, r-release-macos-x86_64, r-oldrel-macos-x86_64