CRAN Package Check Results for Package WeightIt

Last updated on 2020-12-04 00:48:37 CET.

Flavor Version Tinstall Tcheck Ttotal Status Flags
r-devel-linux-x86_64-debian-clang 0.10.2 14.68 143.00 157.68 NOTE
r-devel-linux-x86_64-debian-gcc 0.10.2 12.44 108.24 120.68 NOTE
r-devel-linux-x86_64-fedora-clang 0.10.2 204.52 NOTE
r-devel-linux-x86_64-fedora-gcc 0.10.2 141.51 NOTE
r-devel-windows-ix86+x86_64 0.10.2 25.00 168.00 193.00 OK
r-patched-linux-x86_64 0.10.2 15.06 135.44 150.50 NOTE
r-patched-solaris-x86 0.10.2 226.80 NOTE
r-release-linux-x86_64 0.10.2 14.53 136.74 151.27 NOTE
r-release-macos-x86_64 0.10.2 OK
r-release-windows-ix86+x86_64 0.10.2 18.00 127.00 145.00 OK
r-oldrel-macos-x86_64 0.10.2 OK
r-oldrel-windows-ix86+x86_64 0.10.2 24.00 162.00 186.00 OK

Check Details

Version: 0.10.2
Check: package dependencies
Result: NOTE
    Package suggested but not available for checking: 'misaem'
Flavors: r-devel-linux-x86_64-debian-clang, r-devel-linux-x86_64-debian-gcc, r-devel-linux-x86_64-fedora-clang, r-devel-linux-x86_64-fedora-gcc, r-patched-linux-x86_64, r-patched-solaris-x86, r-release-linux-x86_64

Version: 0.10.2
Check: Rd cross-references
Result: NOTE
    Unknown package 'misaem' in Rd xrefs
Flavors: r-devel-linux-x86_64-debian-clang, r-devel-linux-x86_64-debian-gcc, r-devel-linux-x86_64-fedora-clang, r-devel-linux-x86_64-fedora-gcc, r-patched-linux-x86_64, r-patched-solaris-x86, r-release-linux-x86_64