CRAN Package Check Results for Package WDI

Last updated on 2020-12-04 00:48:37 CET.

Flavor Version Tinstall Tcheck Ttotal Status Flags
r-devel-linux-x86_64-debian-clang 2.7.1 2.29 24.37 26.66 OK
r-devel-linux-x86_64-debian-gcc 2.7.1 2.14 19.69 21.83 OK
r-devel-linux-x86_64-fedora-clang 2.7.1 41.35 NOTE
r-devel-linux-x86_64-fedora-gcc 2.7.1 31.34 NOTE
r-devel-windows-ix86+x86_64 2.7.1 5.00 39.00 44.00 OK
r-patched-linux-x86_64 2.7.1 2.57 24.77 27.34 OK
r-patched-solaris-x86 2.7.1 50.10 NOTE
r-release-linux-x86_64 2.7.1 2.52 23.82 26.34 OK
r-release-macos-x86_64 2.7.1 NOTE
r-release-windows-ix86+x86_64 2.7.1 5.00 30.00 35.00 OK
r-oldrel-macos-x86_64 2.7.1 NOTE
r-oldrel-windows-ix86+x86_64 2.7.1 4.00 38.00 42.00 OK

Check Details

Version: 2.7.1
Check: data for non-ASCII characters
Result: NOTE
     Note: found 1537 marked UTF-8 strings
Flavors: r-devel-linux-x86_64-fedora-clang, r-devel-linux-x86_64-fedora-gcc, r-patched-solaris-x86, r-release-macos-x86_64, r-oldrel-macos-x86_64