Last updated on 2020-12-04 00:48:37 CET.
Flavor | Version | Tinstall | Tcheck | Ttotal | Status | Flags |
---|---|---|---|---|---|---|
r-devel-linux-x86_64-debian-clang | 1.2.2 | 14.86 | 181.39 | 196.25 | OK | |
r-devel-linux-x86_64-debian-gcc | 1.2.2 | 12.38 | 135.21 | 147.59 | OK | |
r-devel-linux-x86_64-fedora-clang | 1.2.2 | 231.62 | NOTE | |||
r-devel-linux-x86_64-fedora-gcc | 1.2.2 | 227.62 | NOTE | |||
r-devel-windows-ix86+x86_64 | 1.2.2 | 28.00 | 204.00 | 232.00 | OK | |
r-patched-linux-x86_64 | 1.2.2 | 13.61 | 175.01 | 188.62 | OK | |
r-patched-solaris-x86 | 1.2.2 | 299.50 | NOTE | |||
r-release-linux-x86_64 | 1.2.2 | 13.42 | 171.58 | 185.00 | OK | |
r-release-macos-x86_64 | 1.2.2 | NOTE | ||||
r-release-windows-ix86+x86_64 | 1.2.2 | 20.00 | 159.00 | 179.00 | OK | |
r-oldrel-macos-x86_64 | 1.2.2 | NOTE | ||||
r-oldrel-windows-ix86+x86_64 | 1.2.2 | 20.00 | 210.00 | 230.00 | OK |
Version: 1.2.2
Check: dependencies in R code
Result: NOTE
Namespaces in Imports field not imported from:
‘ggplot2’ ‘reshape2’
All declared Imports should be used.
Flavors: r-devel-linux-x86_64-fedora-clang, r-devel-linux-x86_64-fedora-gcc, r-patched-solaris-x86, r-release-macos-x86_64, r-oldrel-macos-x86_64