Last updated on 2020-12-04 00:48:37 CET.
Flavor | Version | Tinstall | Tcheck | Ttotal | Status | Flags |
---|---|---|---|---|---|---|
r-devel-linux-x86_64-debian-clang | 1.0.0 | 11.23 | 92.04 | 103.27 | OK | |
r-devel-linux-x86_64-debian-gcc | 1.0.0 | 9.67 | 72.50 | 82.17 | OK | |
r-devel-linux-x86_64-fedora-clang | 1.0.0 | 128.65 | NOTE | |||
r-devel-linux-x86_64-fedora-gcc | 1.0.0 | 120.81 | NOTE | |||
r-devel-windows-ix86+x86_64 | 1.0.0 | 24.00 | 116.00 | 140.00 | OK | |
r-patched-linux-x86_64 | 1.0.0 | 10.45 | 86.24 | 96.69 | OK | |
r-patched-solaris-x86 | 1.0.0 | 173.20 | NOTE | |||
r-release-linux-x86_64 | 1.0.0 | 10.36 | 86.12 | 96.48 | OK | |
r-release-macos-x86_64 | 1.0.0 | NOTE | ||||
r-release-windows-ix86+x86_64 | 1.0.0 | 20.00 | 87.00 | 107.00 | OK | |
r-oldrel-macos-x86_64 | 1.0.0 | NOTE | ||||
r-oldrel-windows-ix86+x86_64 | 1.0.0 | 28.00 | 105.00 | 133.00 | OK |
Version: 1.0.0
Check: dependencies in R code
Result: NOTE
Namespace in Imports field not imported from: ‘nlme’
All declared Imports should be used.
Flavors: r-devel-linux-x86_64-fedora-clang, r-devel-linux-x86_64-fedora-gcc, r-patched-solaris-x86, r-release-macos-x86_64, r-oldrel-macos-x86_64