Last updated on 2020-12-04 00:48:37 CET.
Flavor | Version | Tinstall | Tcheck | Ttotal | Status | Flags |
---|---|---|---|---|---|---|
r-devel-linux-x86_64-debian-clang | 1.0 | 2.09 | 21.21 | 23.30 | NOTE | |
r-devel-linux-x86_64-debian-gcc | 1.0 | 1.90 | 18.06 | 19.96 | NOTE | |
r-devel-linux-x86_64-fedora-clang | 1.0 | 35.95 | NOTE | |||
r-devel-linux-x86_64-fedora-gcc | 1.0 | 26.21 | NOTE | |||
r-devel-windows-ix86+x86_64 | 1.0 | 4.00 | 31.00 | 35.00 | NOTE | |
r-patched-linux-x86_64 | 1.0 | 2.23 | 20.99 | 23.22 | NOTE | |
r-patched-solaris-x86 | 1.0 | 39.40 | NOTE | |||
r-release-linux-x86_64 | 1.0 | 2.02 | 21.21 | 23.23 | NOTE | |
r-release-macos-x86_64 | 1.0 | NOTE | ||||
r-release-windows-ix86+x86_64 | 1.0 | 3.00 | 31.00 | 34.00 | NOTE | |
r-oldrel-macos-x86_64 | 1.0 | NOTE | ||||
r-oldrel-windows-ix86+x86_64 | 1.0 | 4.00 | 35.00 | 39.00 | NOTE |
Version: 1.0
Check: R code for possible problems
Result: NOTE
black_scholes: no visible global function definition for 'pnorm'
Undefined global functions or variables:
pnorm
Consider adding
importFrom("stats", "pnorm")
to your NAMESPACE file.
Flavors: r-devel-linux-x86_64-debian-clang, r-devel-linux-x86_64-debian-gcc, r-devel-linux-x86_64-fedora-clang, r-devel-linux-x86_64-fedora-gcc, r-devel-windows-ix86+x86_64, r-patched-linux-x86_64, r-patched-solaris-x86, r-release-linux-x86_64, r-release-macos-x86_64, r-release-windows-ix86+x86_64, r-oldrel-macos-x86_64, r-oldrel-windows-ix86+x86_64